{"id":1058,"date":"2023-03-06T22:25:45","date_gmt":"2023-03-06T22:25:45","guid":{"rendered":"https:\/\/www.metron-ks.com\/product\/set-i-prizave-hama-universal-ii-4-cope-44220\/"},"modified":"2024-12-31T13:32:42","modified_gmt":"2024-12-31T13:32:42","slug":"set-i-prizave-hama-universal-ii-4-cope-44220","status":"publish","type":"product","link":"https:\/\/www.metron-ks.com\/?product=set-i-prizave-hama-universal-ii-4-cope-44220","title":{"rendered":"Set i prizave Hama &#8220;Universal II&#8221;, 4 cop\u00eb, 44220"},"content":{"rendered":"<p>N\u00ebse udh\u00ebtoni n\u00ebp\u00ebr shtete t\u00eb\u00a0ndryshme t\u00eb\u00a0bot\u00ebs at\u00ebher\u00eb\u00a0mund t\u00eb\u00a0hasni n\u00eb\u00a0forma t\u00eb\u00a0prizave t\u00eb\u00a0ndryshme ,me prizat universale t\u00eb\u00a0kompanis HAMA eliminoni \u00e7do penges\u00eb\u00a0p\u00ebr t\u00eb\u00a0karikuar telefonin tuaj,laptop apo paisje t\u00eb\u00a0tjera q\u00eb\u00a0i merrni me vete<\/p>\n<p>Ky set p\u00ebrfshin 4 priza\u00a0p\u00ebr \u00e7do forme t\u00eb\u00a0kokave elektrike dhe jan\u00eb\u00a0shum\u00eb t\u00eb p\u00ebrshtat\u00ebshme p\u00ebr udh\u00ebtim<\/p>\n<p>Numri i prizave: 4 priza<\/p>\n<p>Llojet e prizave elektrike: Africa, Commonwealth, Hong Kong, Type A (America), Type G, BS 1363 (Great Britain)<\/p>\n","protected":false},"excerpt":{"rendered":"<p>Set i prizave Hama &#8220;Universal II&#8221;, 4 cop\u00eb<\/p>\n","protected":false},"featured_media":1574,"comment_status":"closed","ping_status":"closed","template":"","meta":[],"product_brand":[],"product_cat":[118,136,151],"product_tag":[],"class_list":{"0":"post-1058","1":"product","2":"type-product","3":"status-publish","4":"has-post-thumbnail","6":"product_cat-aksesore","7":"product_cat-pajisje-shtepiake","8":"product_cat-prizakabllo-vazhduese","10":"first","11":"instock","12":"shipping-taxable","13":"purchasable","14":"product-type-simple"},"_links":{"self":[{"href":"https:\/\/www.metron-ks.com\/index.php?rest_route=\/wp\/v2\/product\/1058","targetHints":{"allow":["GET"]}}],"collection":[{"href":"https:\/\/www.metron-ks.com\/index.php?rest_route=\/wp\/v2\/product"}],"about":[{"href":"https:\/\/www.metron-ks.com\/index.php?rest_route=\/wp\/v2\/types\/product"}],"replies":[{"embeddable":true,"href":"https:\/\/www.metron-ks.com\/index.php?rest_route=%2Fwp%2Fv2%2Fcomments&post=1058"}],"wp:featuredmedia":[{"embeddable":true,"href":"https:\/\/www.metron-ks.com\/index.php?rest_route=\/wp\/v2\/media\/1574"}],"wp:attachment":[{"href":"https:\/\/www.metron-ks.com\/index.php?rest_route=%2Fwp%2Fv2%2Fmedia&parent=1058"}],"wp:term":[{"taxonomy":"product_brand","embeddable":true,"href":"https:\/\/www.metron-ks.com\/index.php?rest_route=%2Fwp%2Fv2%2Fproduct_brand&post=1058"},{"taxonomy":"product_cat","embeddable":true,"href":"https:\/\/www.metron-ks.com\/index.php?rest_route=%2Fwp%2Fv2%2Fproduct_cat&post=1058"},{"taxonomy":"product_tag","embeddable":true,"href":"https:\/\/www.metron-ks.com\/index.php?rest_route=%2Fwp%2Fv2%2Fproduct_tag&post=1058"}],"curies":[{"name":"wp","href":"https:\/\/api.w.org\/{rel}","templated":true}]}}