{"id":1103,"date":"2023-03-06T22:26:12","date_gmt":"2023-03-06T22:26:12","guid":{"rendered":"https:\/\/www.metron-ks.com\/product\/tablet-meanit-per-femije-k17-panda-kids-e-bardhe-zeze\/"},"modified":"2024-12-31T08:14:51","modified_gmt":"2024-12-31T08:14:51","slug":"tablet-meanit-per-femije-k17-panda-kids-e-bardhe-zeze","status":"publish","type":"product","link":"https:\/\/www.metron-ks.com\/?product=tablet-meanit-per-femije-k17-panda-kids-e-bardhe-zeze","title":{"rendered":"Tablet meanIT p\u00ebr f\u00ebmij\u00eb K17 Panda Kids, e bardh\u00eb\/zez\u00eb"},"content":{"rendered":"<p>Ekran 7&#8243; IPS (1024x600px) 16:9 format.<br \/>\nCPU me kat\u00ebr b\u00ebrthama.<br \/>\n2 GB RAM + 16 GB memorie t\u00eb brendshme, e zgjerueshme me kart\u00eb micro SD deri n\u00eb 32 GB.<br \/>\nWi-Fi, rrjet BT, sensor G.<br \/>\nKamera 2MP + e p\u00ebrparme 0.3MP.<br \/>\nAndroid 12 Go.<br \/>\nSoftuer miq\u00ebsor p\u00ebr f\u00ebmij\u00ebt (Softueri iWawa).<br \/>\nBateria: 3000 mAh<\/p>\n","protected":false},"excerpt":{"rendered":"<p>Tablet meanIT p\u00ebr f\u00ebmij\u00eb K17 Panda Kids,e bardh\u00eb\/zez\u00eb<\/p>\n","protected":false},"featured_media":1430,"comment_status":"closed","ping_status":"closed","template":"","meta":[],"product_brand":[],"product_cat":[113,90],"product_tag":[],"class_list":{"0":"post-1103","1":"product","2":"type-product","3":"status-publish","4":"has-post-thumbnail","6":"product_cat-celulartabletnavigim","7":"product_cat-tablet","9":"first","10":"instock","11":"shipping-taxable","12":"purchasable","13":"product-type-simple"},"_links":{"self":[{"href":"https:\/\/www.metron-ks.com\/index.php?rest_route=\/wp\/v2\/product\/1103","targetHints":{"allow":["GET"]}}],"collection":[{"href":"https:\/\/www.metron-ks.com\/index.php?rest_route=\/wp\/v2\/product"}],"about":[{"href":"https:\/\/www.metron-ks.com\/index.php?rest_route=\/wp\/v2\/types\/product"}],"replies":[{"embeddable":true,"href":"https:\/\/www.metron-ks.com\/index.php?rest_route=%2Fwp%2Fv2%2Fcomments&post=1103"}],"wp:featuredmedia":[{"embeddable":true,"href":"https:\/\/www.metron-ks.com\/index.php?rest_route=\/wp\/v2\/media\/1430"}],"wp:attachment":[{"href":"https:\/\/www.metron-ks.com\/index.php?rest_route=%2Fwp%2Fv2%2Fmedia&parent=1103"}],"wp:term":[{"taxonomy":"product_brand","embeddable":true,"href":"https:\/\/www.metron-ks.com\/index.php?rest_route=%2Fwp%2Fv2%2Fproduct_brand&post=1103"},{"taxonomy":"product_cat","embeddable":true,"href":"https:\/\/www.metron-ks.com\/index.php?rest_route=%2Fwp%2Fv2%2Fproduct_cat&post=1103"},{"taxonomy":"product_tag","embeddable":true,"href":"https:\/\/www.metron-ks.com\/index.php?rest_route=%2Fwp%2Fv2%2Fproduct_tag&post=1103"}],"curies":[{"name":"wp","href":"https:\/\/api.w.org\/{rel}","templated":true}]}}