{"id":203,"date":"2023-03-06T22:18:24","date_gmt":"2023-03-06T22:18:24","guid":{"rendered":"https:\/\/www.metron-ks.com\/product\/kabllo-hama-usb-c-usb-c-1m-e-bardhe-183330\/"},"modified":"2025-03-03T12:28:37","modified_gmt":"2025-03-03T12:28:37","slug":"kabllo-hama-usb-c-usb-c-1m-e-bardhe-183330","status":"publish","type":"product","link":"https:\/\/www.metron-ks.com\/?product=kabllo-hama-usb-c-usb-c-1m-e-bardhe-183330","title":{"rendered":"\u200bKabllo Hama, USB-C &#8211; USB-C, 1m, e bardh\u00eb, 183330"},"content":{"rendered":"<p>P\u00ebr karikimin dhe sinkronizimin e telefonave t\u00eb men\u00e7ur, tablet\u00ebve dhe t\u00eb gjitha paisjeve me lidhje USB-C.<\/p>\n<p>Konektor\u00eb t\u00eb fort si dhe leht\u00ebsime t\u00eb tendosjeve t\u00eb formuara, mekanikisht, jasht\u00ebzakonisht elastike.<\/p>\n<p>Lidhje USB-C<\/p>\n<p>USB 2.0<\/p>\n<p>Max. Shkalla e transferimit t\u00eb t\u00eb dh\u00ebnave: 480 Mbit \/ s<\/p>\n<p>Max. Tensioni: 20 V<\/p>\n<p>Max. Transmetimi i energjis\u00eb: 3 A<\/p>\n<p>Gjat\u00ebsia e kabllos: 1m<\/p>\n","protected":false},"excerpt":{"rendered":"<p>\u200bKabllo Hama, USB-C &#8211; USB-C, 1.0 m, e bardh\u00eb<\/p>\n","protected":false},"featured_media":4152,"comment_status":"closed","ping_status":"closed","template":"","meta":[],"product_brand":[],"product_cat":[113,18],"product_tag":[],"class_list":{"0":"post-203","1":"product","2":"type-product","3":"status-publish","4":"has-post-thumbnail","6":"product_cat-celulartabletnavigim","7":"product_cat-kabllo-2","9":"first","10":"instock","11":"shipping-taxable","12":"purchasable","13":"product-type-simple"},"_links":{"self":[{"href":"https:\/\/www.metron-ks.com\/index.php?rest_route=\/wp\/v2\/product\/203","targetHints":{"allow":["GET"]}}],"collection":[{"href":"https:\/\/www.metron-ks.com\/index.php?rest_route=\/wp\/v2\/product"}],"about":[{"href":"https:\/\/www.metron-ks.com\/index.php?rest_route=\/wp\/v2\/types\/product"}],"replies":[{"embeddable":true,"href":"https:\/\/www.metron-ks.com\/index.php?rest_route=%2Fwp%2Fv2%2Fcomments&post=203"}],"wp:featuredmedia":[{"embeddable":true,"href":"https:\/\/www.metron-ks.com\/index.php?rest_route=\/wp\/v2\/media\/4152"}],"wp:attachment":[{"href":"https:\/\/www.metron-ks.com\/index.php?rest_route=%2Fwp%2Fv2%2Fmedia&parent=203"}],"wp:term":[{"taxonomy":"product_brand","embeddable":true,"href":"https:\/\/www.metron-ks.com\/index.php?rest_route=%2Fwp%2Fv2%2Fproduct_brand&post=203"},{"taxonomy":"product_cat","embeddable":true,"href":"https:\/\/www.metron-ks.com\/index.php?rest_route=%2Fwp%2Fv2%2Fproduct_cat&post=203"},{"taxonomy":"product_tag","embeddable":true,"href":"https:\/\/www.metron-ks.com\/index.php?rest_route=%2Fwp%2Fv2%2Fproduct_tag&post=203"}],"curies":[{"name":"wp","href":"https:\/\/api.w.org\/{rel}","templated":true}]}}