{"id":208,"date":"2023-03-06T22:18:26","date_gmt":"2023-03-06T22:18:26","guid":{"rendered":"https:\/\/www.metron-ks.com\/product\/adapter-hama-usb-2-0-otg-micro-bashkues-zeze-78426\/"},"modified":"2025-03-03T12:40:20","modified_gmt":"2025-03-03T12:40:20","slug":"adapter-hama-usb-2-0-otg-micro-bashkues-zeze-78426","status":"publish","type":"product","link":"https:\/\/www.metron-ks.com\/?product=adapter-hama-usb-2-0-otg-micro-bashkues-zeze-78426","title":{"rendered":"Adapter Hama USB 2.0 OTG, micro bashkues, zez\u00eb, 78426"},"content":{"rendered":"<p>HAma sjell\u00eb p\u00ebr ju kabllon elastike\u00a0p\u00ebr lidhjen e nj\u00eb smartphone \/ tablet kompjuterik me nj\u00eb lidh\u00ebse\u00a0mikro USB t\u00eb pajtuesh\u00ebm me pajisje USB (p.sh.\u00a0USB, mouse, tastier\u00eb)<\/p>\n<p dir=\"ltr\" data-placeholder=\"Translation\">I p\u00ebrshtatsh\u00ebm dhe i testuar\u00a0p\u00ebr USB 2.0, n\u00eb p\u00ebrputhje\u00a0me USB 1.1.<\/p>\n<p>Transmetim i t\u00eb dh\u00ebnave me shpejt\u00ebsi t\u00eb lart\u00eb deri n\u00eb 480 Mbit \/s.<\/p>\n<p>Lidh\u00ebset\u00a0e veshur me ar, me rezistenc\u00eb t\u00eb ul\u00ebt kontakti p\u00ebr transmetimin e sigurt t\u00eb sinjalit.<\/p>\n<p>Mbrojtje e dyfisht\u00eb p\u00ebr nj\u00eb ulje t\u00eb mir\u00eb t\u00eb nd\u00ebrhyrjes elektromagnetike.<\/p>\n<p>P\u00ebr\u00e7ues i brendsh\u00ebm i b\u00ebr\u00eb nga bakri p\u00ebr vetit\u00eb m\u00eb t\u00eb mira t\u00eb transmetimit.<\/p>\n<p>Lidh\u00ebsit:\u00a0USB-A , USB micro-B<\/p>\n<p>Standarti i USB: USB 2.0<\/p>\n<p>Shkalla e transferimit t\u00eb t\u00eb dh\u00ebnave:\u00a0480 Mbit \/ s<\/p>\n<p dir=\"ltr\" data-placeholder=\"Translation\">Ngjyra:Zez\u00eb<\/p>\n<p dir=\"ltr\" data-placeholder=\"Translation\">Gjat\u00ebsija:15 cm<\/p>\n<p dir=\"ltr\" data-placeholder=\"Translation\">OTG: Po<\/p>\n","protected":false},"excerpt":{"rendered":"<p>Adapter Hama USB 2.0 OTG micro bashkues, zez\u00eb<\/p>\n","protected":false},"featured_media":4162,"comment_status":"closed","ping_status":"closed","template":"","meta":[],"product_brand":[],"product_cat":[118,141,156],"product_tag":[],"class_list":{"0":"post-208","1":"product","2":"type-product","3":"status-publish","4":"has-post-thumbnail","6":"product_cat-aksesore","7":"product_cat-pclaptop","8":"product_cat-pershtateskabllo-konvertues","10":"first","11":"instock","12":"shipping-taxable","13":"purchasable","14":"product-type-simple"},"_links":{"self":[{"href":"https:\/\/www.metron-ks.com\/index.php?rest_route=\/wp\/v2\/product\/208","targetHints":{"allow":["GET"]}}],"collection":[{"href":"https:\/\/www.metron-ks.com\/index.php?rest_route=\/wp\/v2\/product"}],"about":[{"href":"https:\/\/www.metron-ks.com\/index.php?rest_route=\/wp\/v2\/types\/product"}],"replies":[{"embeddable":true,"href":"https:\/\/www.metron-ks.com\/index.php?rest_route=%2Fwp%2Fv2%2Fcomments&post=208"}],"wp:featuredmedia":[{"embeddable":true,"href":"https:\/\/www.metron-ks.com\/index.php?rest_route=\/wp\/v2\/media\/4162"}],"wp:attachment":[{"href":"https:\/\/www.metron-ks.com\/index.php?rest_route=%2Fwp%2Fv2%2Fmedia&parent=208"}],"wp:term":[{"taxonomy":"product_brand","embeddable":true,"href":"https:\/\/www.metron-ks.com\/index.php?rest_route=%2Fwp%2Fv2%2Fproduct_brand&post=208"},{"taxonomy":"product_cat","embeddable":true,"href":"https:\/\/www.metron-ks.com\/index.php?rest_route=%2Fwp%2Fv2%2Fproduct_cat&post=208"},{"taxonomy":"product_tag","embeddable":true,"href":"https:\/\/www.metron-ks.com\/index.php?rest_route=%2Fwp%2Fv2%2Fproduct_tag&post=208"}],"curies":[{"name":"wp","href":"https:\/\/api.w.org\/{rel}","templated":true}]}}