{"id":237,"date":"2023-03-06T22:18:44","date_gmt":"2023-03-06T22:18:44","guid":{"rendered":"https:\/\/www.metron-ks.com\/product\/altoparlante-white-shark-gsp-602-speakers-2-0-rhythmus\/"},"modified":"2025-03-03T14:44:52","modified_gmt":"2025-03-03T14:44:52","slug":"altoparlante-white-shark-gsp-602-speakers-2-0-rhythmus","status":"publish","type":"product","link":"https:\/\/www.metron-ks.com\/?product=altoparlante-white-shark-gsp-602-speakers-2-0-rhythmus","title":{"rendered":"Altoparlant\u00eb White Shark GSP-602, SPEAKERS 2.0 RHYTHMUS"},"content":{"rendered":"<p>3W\u00a0sigurojn\u00eb tinguj cil\u00ebsor p\u00ebr loj\u00ebra, muzik\u00eb dhe video.<\/p>\n<p>Altoparlant\u00ebt me\u00a0nj\u00eb mbyllje prej druri japin z\u00eb t\u00eb shk\u00eblqyesh\u00ebm n\u00eb \u00e7do situat\u00eb.<\/p>\n<p>E pajtueshme me kompjuter\u00eb, TV, DVD player dhe m\u00eb shum\u00eb duke p\u00ebrfshir\u00eb burime t\u00eb tjera audio me interface 3.5 mm.<\/p>\n<p>Rregulloni z\u00ebrin p\u00ebr t&#8217;i p\u00ebrshtatur p\u00ebrvoj\u00ebs tuaj t\u00eb d\u00ebgjimit.<\/p>\n<p>Fuqia e daljes: 6W (3W * 2 RMS)<\/p>\n<p>Lloji:\u00a0Altoparlant\u00eb 2.0<\/p>\n<p>Shtrirja e frekuenc\u00ebs: 90Hz &#8211; 20kHz<\/p>\n<p>Diametri: 98x78x140mm x 2<\/p>\n<p>Interface: audio 3,5 mm<\/p>\n<p>Materiali: Dru<\/p>\n<p>Ngjyra: E zez\u00eb<\/p>\n","protected":false},"excerpt":{"rendered":"<p>Altoparlant\u00eb White Shark SPEAKERS 2.0 RHYTHMUS<\/p>\n","protected":false},"featured_media":3932,"comment_status":"closed","ping_status":"closed","template":"","meta":[],"product_brand":[],"product_cat":[182,116],"product_tag":[],"class_list":{"0":"post-237","1":"product","2":"type-product","3":"status-publish","4":"has-post-thumbnail","6":"product_cat-altoparlante","7":"product_cat-gaming","9":"first","10":"instock","11":"shipping-taxable","12":"purchasable","13":"product-type-simple"},"_links":{"self":[{"href":"https:\/\/www.metron-ks.com\/index.php?rest_route=\/wp\/v2\/product\/237","targetHints":{"allow":["GET"]}}],"collection":[{"href":"https:\/\/www.metron-ks.com\/index.php?rest_route=\/wp\/v2\/product"}],"about":[{"href":"https:\/\/www.metron-ks.com\/index.php?rest_route=\/wp\/v2\/types\/product"}],"replies":[{"embeddable":true,"href":"https:\/\/www.metron-ks.com\/index.php?rest_route=%2Fwp%2Fv2%2Fcomments&post=237"}],"wp:featuredmedia":[{"embeddable":true,"href":"https:\/\/www.metron-ks.com\/index.php?rest_route=\/wp\/v2\/media\/3932"}],"wp:attachment":[{"href":"https:\/\/www.metron-ks.com\/index.php?rest_route=%2Fwp%2Fv2%2Fmedia&parent=237"}],"wp:term":[{"taxonomy":"product_brand","embeddable":true,"href":"https:\/\/www.metron-ks.com\/index.php?rest_route=%2Fwp%2Fv2%2Fproduct_brand&post=237"},{"taxonomy":"product_cat","embeddable":true,"href":"https:\/\/www.metron-ks.com\/index.php?rest_route=%2Fwp%2Fv2%2Fproduct_cat&post=237"},{"taxonomy":"product_tag","embeddable":true,"href":"https:\/\/www.metron-ks.com\/index.php?rest_route=%2Fwp%2Fv2%2Fproduct_tag&post=237"}],"curies":[{"name":"wp","href":"https:\/\/api.w.org\/{rel}","templated":true}]}}