{"id":336,"date":"2023-03-06T22:19:35","date_gmt":"2023-03-06T22:19:35","guid":{"rendered":"https:\/\/www.metron-ks.com\/product\/dvd-r-philips-47gb-16x-sp-25-1\/"},"modified":"2025-02-10T12:23:42","modified_gmt":"2025-02-10T12:23:42","slug":"dvd-r-philips-47gb-16x-sp-25-1","status":"publish","type":"product","link":"https:\/\/www.metron-ks.com\/?product=dvd-r-philips-47gb-16x-sp-25-1","title":{"rendered":"DVD-R Philips, 4,7GB, 16x SP 25\/1"},"content":{"rendered":"<p>Philips \u00ebsht\u00eb brendi m\u00eb i njohur p\u00ebr prodhimin e regjistruesve m\u00eb cil\u00ebsor DVD-R,t\u00eb cil\u00ebt p\u00ebrdoren p\u00ebr t\u00eb regjistruar muzik\u00eb, filma, foto, etj.<\/p>\n<p>PHILIPS DVD-R karakterizohet nga sakt\u00ebsia perfekte, q\u00ebndrueshm\u00ebria dhe kualiteti.<\/p>\n<p>K\u00ebto DVD-R kan\u00eb nj\u00eb shtres\u00eb mbrojt\u00ebse e cila i mbron nga g\u00ebrvishtjet e mundshme.<\/p>\n<p>Paketa p\u00ebrmban 25 cop\u00eb.<\/p>\n","protected":false},"excerpt":{"rendered":"<p>DVD-R 4,7GB 16x SP 25\/1 Philips<\/p>\n","protected":false},"featured_media":3611,"comment_status":"closed","ping_status":"closed","template":"","meta":[],"product_brand":[],"product_cat":[118,154],"product_tag":[],"class_list":{"0":"post-336","1":"product","2":"type-product","3":"status-publish","4":"has-post-thumbnail","6":"product_cat-aksesore","7":"product_cat-cddvd","9":"first","10":"instock","11":"shipping-taxable","12":"purchasable","13":"product-type-simple"},"_links":{"self":[{"href":"https:\/\/www.metron-ks.com\/index.php?rest_route=\/wp\/v2\/product\/336","targetHints":{"allow":["GET"]}}],"collection":[{"href":"https:\/\/www.metron-ks.com\/index.php?rest_route=\/wp\/v2\/product"}],"about":[{"href":"https:\/\/www.metron-ks.com\/index.php?rest_route=\/wp\/v2\/types\/product"}],"replies":[{"embeddable":true,"href":"https:\/\/www.metron-ks.com\/index.php?rest_route=%2Fwp%2Fv2%2Fcomments&post=336"}],"wp:featuredmedia":[{"embeddable":true,"href":"https:\/\/www.metron-ks.com\/index.php?rest_route=\/wp\/v2\/media\/3611"}],"wp:attachment":[{"href":"https:\/\/www.metron-ks.com\/index.php?rest_route=%2Fwp%2Fv2%2Fmedia&parent=336"}],"wp:term":[{"taxonomy":"product_brand","embeddable":true,"href":"https:\/\/www.metron-ks.com\/index.php?rest_route=%2Fwp%2Fv2%2Fproduct_brand&post=336"},{"taxonomy":"product_cat","embeddable":true,"href":"https:\/\/www.metron-ks.com\/index.php?rest_route=%2Fwp%2Fv2%2Fproduct_cat&post=336"},{"taxonomy":"product_tag","embeddable":true,"href":"https:\/\/www.metron-ks.com\/index.php?rest_route=%2Fwp%2Fv2%2Fproduct_tag&post=336"}],"curies":[{"name":"wp","href":"https:\/\/api.w.org\/{rel}","templated":true}]}}