{"id":341,"date":"2023-03-06T22:19:37","date_gmt":"2023-03-06T22:19:37","guid":{"rendered":"https:\/\/www.metron-ks.com\/product\/ftohes-gaming-white-shark-gcp-25-ice-warior-4-fans\/"},"modified":"2025-02-10T12:18:37","modified_gmt":"2025-02-10T12:18:37","slug":"ftohes-gaming-white-shark-gcp-25-ice-warior-4-fans","status":"publish","type":"product","link":"https:\/\/www.metron-ks.com\/?product=ftohes-gaming-white-shark-gcp-25-ice-warior-4-fans","title":{"rendered":"Ftoh\u00ebs Gaming White Shark GCP-25, ICE WARIOR \/ 4 Fans"},"content":{"rendered":"<p>Ftoh\u00ebsi me sip\u00ebrfaqe p\u00ebr vendosjen e tablet-it apo Laptopit-it tuaj me dimension 17.3 &#8221; me 4 ftoh\u00ebs me diamet\u00ebr 2 x125 mm dhe 2 x 70 me shpejt\u00ebsi t\u00eb rrotullimit t\u00eb ventilatorit deri 1500 rrotullime p\u00ebr minut\u00eb mund\u00ebson ftohjen e pajisjes suaj kompjuterike. Ftoh\u00ebsi funksionon me USB port.\u00a0Dimensionet e produktit jan\u00eb 390 x 280\u00a0x 28 mm.<\/p>\n<p style=\"box-sizing: border-box; outline: 0px;\">Tensioni i pun\u00ebs: DC 5V (USB)<\/p>\n<p style=\"box-sizing: border-box; outline: 0px;\">Niveli i zhurmes: 21 dBA<\/p>\n<p style=\"box-sizing: border-box; outline: 0px;\">Rrotullimet: 1500 RPM<\/p>\n<p style=\"box-sizing: border-box; outline: 0px;\">Dimensionet e ventilatorit (mm): 2 x 125 x 125 x 15, 2x 70 x 70 x 15<\/p>\n<p style=\"box-sizing: border-box; outline: 0px;\">Madh\u00ebsia e laptopit: 17,3<\/p>\n<p style=\"box-sizing: border-box; outline: 0px;\">USB porte: 2<\/p>\n<p style=\"box-sizing: border-box; outline: 0px;\">Pesha: 0,867<\/p>\n<p style=\"box-sizing: border-box; outline: 0px;\">Materiali: ABS + PC plastike me rrjet\u00eb metalike<\/p>\n","protected":false},"excerpt":{"rendered":"<p>Ftoh\u00ebs Gaming White Shark GCP-25, ICE WARIOR \/ 4 Fans<\/p>\n","protected":false},"featured_media":3598,"comment_status":"closed","ping_status":"closed","template":"","meta":[],"product_brand":[],"product_cat":[134,116],"product_tag":[],"class_list":{"0":"post-341","1":"product","2":"type-product","3":"status-publish","4":"has-post-thumbnail","6":"product_cat-ftohes-per-laptop","7":"product_cat-gaming","9":"first","10":"instock","11":"shipping-taxable","12":"purchasable","13":"product-type-simple"},"_links":{"self":[{"href":"https:\/\/www.metron-ks.com\/index.php?rest_route=\/wp\/v2\/product\/341","targetHints":{"allow":["GET"]}}],"collection":[{"href":"https:\/\/www.metron-ks.com\/index.php?rest_route=\/wp\/v2\/product"}],"about":[{"href":"https:\/\/www.metron-ks.com\/index.php?rest_route=\/wp\/v2\/types\/product"}],"replies":[{"embeddable":true,"href":"https:\/\/www.metron-ks.com\/index.php?rest_route=%2Fwp%2Fv2%2Fcomments&post=341"}],"wp:featuredmedia":[{"embeddable":true,"href":"https:\/\/www.metron-ks.com\/index.php?rest_route=\/wp\/v2\/media\/3598"}],"wp:attachment":[{"href":"https:\/\/www.metron-ks.com\/index.php?rest_route=%2Fwp%2Fv2%2Fmedia&parent=341"}],"wp:term":[{"taxonomy":"product_brand","embeddable":true,"href":"https:\/\/www.metron-ks.com\/index.php?rest_route=%2Fwp%2Fv2%2Fproduct_brand&post=341"},{"taxonomy":"product_cat","embeddable":true,"href":"https:\/\/www.metron-ks.com\/index.php?rest_route=%2Fwp%2Fv2%2Fproduct_cat&post=341"},{"taxonomy":"product_tag","embeddable":true,"href":"https:\/\/www.metron-ks.com\/index.php?rest_route=%2Fwp%2Fv2%2Fproduct_tag&post=341"}],"curies":[{"name":"wp","href":"https:\/\/api.w.org\/{rel}","templated":true}]}}