{"id":452,"date":"2023-03-06T22:20:36","date_gmt":"2023-03-06T22:20:36","guid":{"rendered":"https:\/\/www.metron-ks.com\/product\/kabllo-manhattan-372503-hdmi-dvi-18m-e-zeze\/"},"modified":"2025-01-22T15:06:13","modified_gmt":"2025-01-22T15:06:13","slug":"kabllo-manhattan-372503-hdmi-dvi-18m-e-zeze","status":"publish","type":"product","link":"https:\/\/www.metron-ks.com\/?product=kabllo-manhattan-372503-hdmi-dvi-18m-e-zeze","title":{"rendered":"Kabllo Manhattan 372503, Hdmi &#8211; DVI, 1,8m, e zez\u00eb"},"content":{"rendered":"<p>Lidhje t\u00eb veshura me ar mashkull HDMI 19-pin n\u00eb DVI-D 24 + 1 mashkull<br \/>\nLidhni midis burimit dhe ekranit t\u00eb videos HDMI dhe DVI-D<br \/>\nMbrojtur plot\u00ebsisht p\u00ebr t\u00eb zvog\u00ebluar EMI dhe burime t\u00eb tjera t\u00eb nd\u00ebrhyrjeve<br \/>\nMb\u00ebshtet formatet video ekzistuese HD (720p, 1080i dhe 1080p \/ 60) t\u00eb p\u00ebrmir\u00ebsuara (480p) dhe standarde (NTSC ose PAL)<br \/>\nI pajtuesh\u00ebm me interface DVI-I dhe DVI-D<\/p>\n","protected":false},"excerpt":{"rendered":"<p>Kabllo Hdmi &#8211; DVI, Manhattan 372503,1,8m , e zez\u00eb<\/p>\n","protected":false},"featured_media":3438,"comment_status":"closed","ping_status":"closed","template":"","meta":[],"product_brand":[],"product_cat":[118,176,141],"product_tag":[],"class_list":{"0":"post-452","1":"product","2":"type-product","3":"status-publish","4":"has-post-thumbnail","6":"product_cat-aksesore","7":"product_cat-kabllo-pclaptop","8":"product_cat-pclaptop","10":"first","11":"instock","12":"shipping-taxable","13":"purchasable","14":"product-type-simple"},"_links":{"self":[{"href":"https:\/\/www.metron-ks.com\/index.php?rest_route=\/wp\/v2\/product\/452","targetHints":{"allow":["GET"]}}],"collection":[{"href":"https:\/\/www.metron-ks.com\/index.php?rest_route=\/wp\/v2\/product"}],"about":[{"href":"https:\/\/www.metron-ks.com\/index.php?rest_route=\/wp\/v2\/types\/product"}],"replies":[{"embeddable":true,"href":"https:\/\/www.metron-ks.com\/index.php?rest_route=%2Fwp%2Fv2%2Fcomments&post=452"}],"wp:featuredmedia":[{"embeddable":true,"href":"https:\/\/www.metron-ks.com\/index.php?rest_route=\/wp\/v2\/media\/3438"}],"wp:attachment":[{"href":"https:\/\/www.metron-ks.com\/index.php?rest_route=%2Fwp%2Fv2%2Fmedia&parent=452"}],"wp:term":[{"taxonomy":"product_brand","embeddable":true,"href":"https:\/\/www.metron-ks.com\/index.php?rest_route=%2Fwp%2Fv2%2Fproduct_brand&post=452"},{"taxonomy":"product_cat","embeddable":true,"href":"https:\/\/www.metron-ks.com\/index.php?rest_route=%2Fwp%2Fv2%2Fproduct_cat&post=452"},{"taxonomy":"product_tag","embeddable":true,"href":"https:\/\/www.metron-ks.com\/index.php?rest_route=%2Fwp%2Fv2%2Fproduct_tag&post=452"}],"curies":[{"name":"wp","href":"https:\/\/api.w.org\/{rel}","templated":true}]}}