{"id":462,"date":"2023-03-06T22:20:40","date_gmt":"2023-03-06T22:20:40","guid":{"rendered":"https:\/\/www.metron-ks.com\/product\/kabllo-sbox-toslink-toslink-m-m-15m\/"},"modified":"2025-01-22T12:51:43","modified_gmt":"2025-01-22T12:51:43","slug":"kabllo-sbox-toslink-toslink-m-m-15m","status":"publish","type":"product","link":"https:\/\/www.metron-ks.com\/?product=kabllo-sbox-toslink-toslink-m-m-15m","title":{"rendered":"Kabllo SBOX TOSLINK-TOSLINK M\/M, 1,5M"},"content":{"rendered":"<p>Pavar\u00ebsisht lidhjeve wireless q\u00eb shumica e pajisjeve posedojn\u00eb prap na paraqitet nevoja e lidhjes s\u00eb pajisjeve me kabllo konvencionale. SBOX sjell n\u00eb treg kabllon p\u00ebr lidhje periferike audio me porte t\u00eb tipit M \/ M nga t\u00eb dyja an\u00ebt. Kjo kabllo ka nj\u00eb gjat\u00ebsi prej1.5m<\/p>\n<p>Konektor i veshur me ar<br \/>\nDiametri i kabllit: cca 4 mm<br \/>\nMe kapak mbrojt\u00ebs<br \/>\nNgjyra: E zez\u00eb<br \/>\nGjat\u00ebsia e kabllit: 1,5 m<\/p>\n","protected":false},"excerpt":{"rendered":"<p>Kabllo SBOX TOSLINK-TOSLINK M\/M, 1,5M<\/p>\n","protected":false},"featured_media":3423,"comment_status":"closed","ping_status":"closed","template":"","meta":[],"product_brand":[],"product_cat":[118,175,158],"product_tag":[],"class_list":{"0":"post-462","1":"product","2":"type-product","3":"status-publish","4":"has-post-thumbnail","6":"product_cat-aksesore","7":"product_cat-kabllo-pajisje-zerimi","8":"product_cat-pajisje-zerimi","10":"first","11":"instock","12":"shipping-taxable","13":"purchasable","14":"product-type-simple"},"_links":{"self":[{"href":"https:\/\/www.metron-ks.com\/index.php?rest_route=\/wp\/v2\/product\/462","targetHints":{"allow":["GET"]}}],"collection":[{"href":"https:\/\/www.metron-ks.com\/index.php?rest_route=\/wp\/v2\/product"}],"about":[{"href":"https:\/\/www.metron-ks.com\/index.php?rest_route=\/wp\/v2\/types\/product"}],"replies":[{"embeddable":true,"href":"https:\/\/www.metron-ks.com\/index.php?rest_route=%2Fwp%2Fv2%2Fcomments&post=462"}],"wp:featuredmedia":[{"embeddable":true,"href":"https:\/\/www.metron-ks.com\/index.php?rest_route=\/wp\/v2\/media\/3423"}],"wp:attachment":[{"href":"https:\/\/www.metron-ks.com\/index.php?rest_route=%2Fwp%2Fv2%2Fmedia&parent=462"}],"wp:term":[{"taxonomy":"product_brand","embeddable":true,"href":"https:\/\/www.metron-ks.com\/index.php?rest_route=%2Fwp%2Fv2%2Fproduct_brand&post=462"},{"taxonomy":"product_cat","embeddable":true,"href":"https:\/\/www.metron-ks.com\/index.php?rest_route=%2Fwp%2Fv2%2Fproduct_cat&post=462"},{"taxonomy":"product_tag","embeddable":true,"href":"https:\/\/www.metron-ks.com\/index.php?rest_route=%2Fwp%2Fv2%2Fproduct_tag&post=462"}],"curies":[{"name":"wp","href":"https:\/\/api.w.org\/{rel}","templated":true}]}}