{"id":4622,"date":"2023-04-20T12:34:48","date_gmt":"2023-04-20T12:34:48","guid":{"rendered":"https:\/\/www.metron-ks.com\/?post_type=product&#038;p=4622"},"modified":"2024-12-27T13:01:20","modified_gmt":"2024-12-27T13:01:20","slug":"mbeshtjelles-per-samsung-galaxy-a34-5g-e-zeze","status":"publish","type":"product","link":"https:\/\/www.metron-ks.com\/?product=mbeshtjelles-per-samsung-galaxy-a34-5g-e-zeze","title":{"rendered":"Mb\u00ebshtjell\u00ebs p\u00ebr Samsung Galaxy A34 5G, e zez\u00eb"},"content":{"rendered":"<p>Mb\u00ebshtjell\u00ebs Card Slot i Galaxy A34 5G \u00ebsht\u00eb nd\u00ebrtuar me material TPU* p\u00ebr t\u00eb ndihmuar n\u00eb mbrojtjen e telefonit tuaj nga g\u00ebrvishtjet dhe r\u00ebniet e p\u00ebrditshme, duke ju dh\u00ebn\u00eb gjithashtu fleksibilitetin p\u00ebr ta hequr at\u00eb me leht\u00ebsi.<\/p>\n<p>Fal\u00eb teknologjis\u00eb contactless, Card Slot Case ju lejon t\u00eb p\u00ebrdorni kart\u00ebn tuaj p\u00ebr pagesa ose q\u00ebllime t\u00eb tjera pa pasur nevoj\u00eb ta nxirrni at\u00eb.<\/p>\n<p>Mb\u00ebshtjell\u00ebs per Samsung Galaxy A34 5G<br \/>\nNgjyra: e zez\u00eb<br \/>\nP\u00ebrmasat (GjxThxL): 81.7 x 164.8 x 11.8 mm<br \/>\nPesha: 34 g<\/p>\n","protected":false},"excerpt":{"rendered":"<p>EF-OA346TBEGWW<\/p>\n","protected":false},"featured_media":4627,"comment_status":"open","ping_status":"closed","template":"","meta":[],"product_brand":[],"product_cat":[118,113,56],"product_tag":[],"class_list":{"0":"post-4622","1":"product","2":"type-product","3":"status-publish","4":"has-post-thumbnail","6":"product_cat-aksesore","7":"product_cat-celulartabletnavigim","8":"product_cat-mbeshtjelles","10":"first","11":"instock","12":"shipping-taxable","13":"purchasable","14":"product-type-simple"},"_links":{"self":[{"href":"https:\/\/www.metron-ks.com\/index.php?rest_route=\/wp\/v2\/product\/4622","targetHints":{"allow":["GET"]}}],"collection":[{"href":"https:\/\/www.metron-ks.com\/index.php?rest_route=\/wp\/v2\/product"}],"about":[{"href":"https:\/\/www.metron-ks.com\/index.php?rest_route=\/wp\/v2\/types\/product"}],"replies":[{"embeddable":true,"href":"https:\/\/www.metron-ks.com\/index.php?rest_route=%2Fwp%2Fv2%2Fcomments&post=4622"}],"wp:featuredmedia":[{"embeddable":true,"href":"https:\/\/www.metron-ks.com\/index.php?rest_route=\/wp\/v2\/media\/4627"}],"wp:attachment":[{"href":"https:\/\/www.metron-ks.com\/index.php?rest_route=%2Fwp%2Fv2%2Fmedia&parent=4622"}],"wp:term":[{"taxonomy":"product_brand","embeddable":true,"href":"https:\/\/www.metron-ks.com\/index.php?rest_route=%2Fwp%2Fv2%2Fproduct_brand&post=4622"},{"taxonomy":"product_cat","embeddable":true,"href":"https:\/\/www.metron-ks.com\/index.php?rest_route=%2Fwp%2Fv2%2Fproduct_cat&post=4622"},{"taxonomy":"product_tag","embeddable":true,"href":"https:\/\/www.metron-ks.com\/index.php?rest_route=%2Fwp%2Fv2%2Fproduct_tag&post=4622"}],"curies":[{"name":"wp","href":"https:\/\/api.w.org\/{rel}","templated":true}]}}