{"id":4721,"date":"2023-05-18T10:47:04","date_gmt":"2023-05-18T10:47:04","guid":{"rendered":"https:\/\/www.metron-ks.com\/?post_type=product&#038;p=4721"},"modified":"2024-12-25T14:59:09","modified_gmt":"2024-12-25T14:59:09","slug":"karrige-gaming-white-shark-nyx-e-zeze","status":"publish","type":"product","link":"https:\/\/www.metron-ks.com\/?product=karrige-gaming-white-shark-nyx-e-zeze","title":{"rendered":"KARRIGE GAMING WHITE SHARK NYX, E ZEZE"},"content":{"rendered":"<p>Mb\u00ebshtet\u00ebsit e krah\u00ebve: 1D<br \/>\nBllokimi i animit t\u00eb k\u00ebndit: Po<br \/>\nMadh\u00ebsia e sediljes (cm): 50&#215;48<br \/>\nGjer\u00ebsia e shpatullave (cm): 52<br \/>\nMateriali i mbules\u00ebs s\u00eb karriges: PU<br \/>\nP\u00ebrmasat (cm): 65x68x110-120<br \/>\nNgarkesa (kg): 120<br \/>\nLart\u00ebsia e sediljes (cm): 46 &#8211; 56<br \/>\nLart\u00ebsia e mb\u00ebshtet\u00ebses (cm): 75<br \/>\nNgjyra: E zez\u00eb<br \/>\nLloji i baz\u00ebs: 350 mm, plastik<br \/>\nK\u00ebrkohet instalimi: Po<\/p>\n","protected":false},"excerpt":{"rendered":"<p>Nyx<\/p>\n","protected":false},"featured_media":4722,"comment_status":"open","ping_status":"closed","template":"","meta":[],"product_brand":[],"product_cat":[118,116,133],"product_tag":[],"class_list":{"0":"post-4721","1":"product","2":"type-product","3":"status-publish","4":"has-post-thumbnail","6":"product_cat-aksesore","7":"product_cat-gaming","8":"product_cat-karrige-gaming","10":"first","11":"instock","12":"shipping-taxable","13":"purchasable","14":"product-type-simple"},"_links":{"self":[{"href":"https:\/\/www.metron-ks.com\/index.php?rest_route=\/wp\/v2\/product\/4721","targetHints":{"allow":["GET"]}}],"collection":[{"href":"https:\/\/www.metron-ks.com\/index.php?rest_route=\/wp\/v2\/product"}],"about":[{"href":"https:\/\/www.metron-ks.com\/index.php?rest_route=\/wp\/v2\/types\/product"}],"replies":[{"embeddable":true,"href":"https:\/\/www.metron-ks.com\/index.php?rest_route=%2Fwp%2Fv2%2Fcomments&post=4721"}],"wp:featuredmedia":[{"embeddable":true,"href":"https:\/\/www.metron-ks.com\/index.php?rest_route=\/wp\/v2\/media\/4722"}],"wp:attachment":[{"href":"https:\/\/www.metron-ks.com\/index.php?rest_route=%2Fwp%2Fv2%2Fmedia&parent=4721"}],"wp:term":[{"taxonomy":"product_brand","embeddable":true,"href":"https:\/\/www.metron-ks.com\/index.php?rest_route=%2Fwp%2Fv2%2Fproduct_brand&post=4721"},{"taxonomy":"product_cat","embeddable":true,"href":"https:\/\/www.metron-ks.com\/index.php?rest_route=%2Fwp%2Fv2%2Fproduct_cat&post=4721"},{"taxonomy":"product_tag","embeddable":true,"href":"https:\/\/www.metron-ks.com\/index.php?rest_route=%2Fwp%2Fv2%2Fproduct_tag&post=4721"}],"curies":[{"name":"wp","href":"https:\/\/api.w.org\/{rel}","templated":true}]}}