{"id":498,"date":"2023-03-06T22:20:55","date_gmt":"2023-03-06T22:20:55","guid":{"rendered":"https:\/\/www.metron-ks.com\/product\/kabllo-vazhduese-hama-4-priza-1-5m-e-bardhe\/"},"modified":"2025-01-22T08:51:19","modified_gmt":"2025-01-22T08:51:19","slug":"kabllo-vazhduese-hama-4-priza-1-5m-e-bardhe","status":"publish","type":"product","link":"https:\/\/www.metron-ks.com\/?product=kabllo-vazhduese-hama-4-priza-1-5m-e-bardhe","title":{"rendered":"Kabllo vazhduese Hama, 4 priza, 1.5m, e bardh\u00eb"},"content":{"rendered":"<p>Kabllo elektrike vazhduese p\u00ebr lidhjen deri n\u00eb gjasht\u00eb pajisje elektrike.<br \/>\n\u00c7el\u00ebsi i ndezjes\/fikjes .<br \/>\nPrizat me k\u00ebnd n\u00eb 45\u00b0.<br \/>\nMbrojtje e integruar nga mbingarkimi .<br \/>\nGjer\u00ebsia 9.5 cm.<br \/>\nLart\u00ebsia 6.5 cm.<br \/>\nThell\u00ebsia 35.5 cm.<br \/>\nPesha 0.49 kg.<\/p>\n","protected":false},"excerpt":{"rendered":"<p>Kabllo vazhduese Hama, 4 priza, 1.5m, e bardh\u00eb 223051<\/p>\n","protected":false},"featured_media":3364,"comment_status":"closed","ping_status":"closed","template":"","meta":[],"product_brand":[],"product_cat":[118,136,151],"product_tag":[],"class_list":{"0":"post-498","1":"product","2":"type-product","3":"status-publish","4":"has-post-thumbnail","6":"product_cat-aksesore","7":"product_cat-pajisje-shtepiake","8":"product_cat-prizakabllo-vazhduese","10":"first","11":"instock","12":"shipping-taxable","13":"purchasable","14":"product-type-simple"},"_links":{"self":[{"href":"https:\/\/www.metron-ks.com\/index.php?rest_route=\/wp\/v2\/product\/498","targetHints":{"allow":["GET"]}}],"collection":[{"href":"https:\/\/www.metron-ks.com\/index.php?rest_route=\/wp\/v2\/product"}],"about":[{"href":"https:\/\/www.metron-ks.com\/index.php?rest_route=\/wp\/v2\/types\/product"}],"replies":[{"embeddable":true,"href":"https:\/\/www.metron-ks.com\/index.php?rest_route=%2Fwp%2Fv2%2Fcomments&post=498"}],"wp:featuredmedia":[{"embeddable":true,"href":"https:\/\/www.metron-ks.com\/index.php?rest_route=\/wp\/v2\/media\/3364"}],"wp:attachment":[{"href":"https:\/\/www.metron-ks.com\/index.php?rest_route=%2Fwp%2Fv2%2Fmedia&parent=498"}],"wp:term":[{"taxonomy":"product_brand","embeddable":true,"href":"https:\/\/www.metron-ks.com\/index.php?rest_route=%2Fwp%2Fv2%2Fproduct_brand&post=498"},{"taxonomy":"product_cat","embeddable":true,"href":"https:\/\/www.metron-ks.com\/index.php?rest_route=%2Fwp%2Fv2%2Fproduct_cat&post=498"},{"taxonomy":"product_tag","embeddable":true,"href":"https:\/\/www.metron-ks.com\/index.php?rest_route=%2Fwp%2Fv2%2Fproduct_tag&post=498"}],"curies":[{"name":"wp","href":"https:\/\/api.w.org\/{rel}","templated":true}]}}