{"id":5072,"date":"2023-10-25T13:50:45","date_gmt":"2023-10-25T13:50:45","guid":{"rendered":"https:\/\/www.metron-ks.com\/?post_type=product&#038;p=5072"},"modified":"2024-12-25T08:20:14","modified_gmt":"2024-12-25T08:20:14","slug":"toster-elit-smg-21","status":"publish","type":"product","link":"https:\/\/www.metron-ks.com\/?product=toster-elit-smg-21","title":{"rendered":"TOSTER ELIT SMG-21"},"content":{"rendered":"<p>Fuqia hyr\u00ebse: 750 W<br \/>\nSip\u00ebrfaqe jo ngjit\u00ebse<br \/>\nInox<br \/>\nTregues i drit\u00ebs s\u00eb energjis\u00eb<br \/>\nRregullimi automatik i temperatur\u00ebs<br \/>\nInox<br \/>\nGrila: 21,5 x 12,5 cm<\/p>\n","protected":false},"excerpt":{"rendered":"<p>19624<\/p>\n","protected":false},"featured_media":5073,"comment_status":"open","ping_status":"closed","template":"","meta":[],"product_brand":[],"product_cat":[118,136,199],"product_tag":[],"class_list":{"0":"post-5072","1":"product","2":"type-product","3":"status-publish","4":"has-post-thumbnail","6":"product_cat-aksesore","7":"product_cat-pajisje-shtepiake","8":"product_cat-toster","10":"first","11":"instock","12":"shipping-taxable","13":"purchasable","14":"product-type-simple"},"_links":{"self":[{"href":"https:\/\/www.metron-ks.com\/index.php?rest_route=\/wp\/v2\/product\/5072","targetHints":{"allow":["GET"]}}],"collection":[{"href":"https:\/\/www.metron-ks.com\/index.php?rest_route=\/wp\/v2\/product"}],"about":[{"href":"https:\/\/www.metron-ks.com\/index.php?rest_route=\/wp\/v2\/types\/product"}],"replies":[{"embeddable":true,"href":"https:\/\/www.metron-ks.com\/index.php?rest_route=%2Fwp%2Fv2%2Fcomments&post=5072"}],"wp:featuredmedia":[{"embeddable":true,"href":"https:\/\/www.metron-ks.com\/index.php?rest_route=\/wp\/v2\/media\/5073"}],"wp:attachment":[{"href":"https:\/\/www.metron-ks.com\/index.php?rest_route=%2Fwp%2Fv2%2Fmedia&parent=5072"}],"wp:term":[{"taxonomy":"product_brand","embeddable":true,"href":"https:\/\/www.metron-ks.com\/index.php?rest_route=%2Fwp%2Fv2%2Fproduct_brand&post=5072"},{"taxonomy":"product_cat","embeddable":true,"href":"https:\/\/www.metron-ks.com\/index.php?rest_route=%2Fwp%2Fv2%2Fproduct_cat&post=5072"},{"taxonomy":"product_tag","embeddable":true,"href":"https:\/\/www.metron-ks.com\/index.php?rest_route=%2Fwp%2Fv2%2Fproduct_tag&post=5072"}],"curies":[{"name":"wp","href":"https:\/\/api.w.org\/{rel}","templated":true}]}}