{"id":5388,"date":"2023-12-21T14:29:20","date_gmt":"2023-12-21T14:29:20","guid":{"rendered":"https:\/\/www.metron-ks.com\/?post_type=product&#038;p=5388"},"modified":"2024-12-23T14:45:48","modified_gmt":"2024-12-23T14:45:48","slug":"tavolin-gaming-white-shark-medusa-rgbe-zeze","status":"publish","type":"product","link":"https:\/\/www.metron-ks.com\/?product=tavolin-gaming-white-shark-medusa-rgbe-zeze","title":{"rendered":"Tavolin Gaming White Shark MEDUSA RGB,e zez\u00eb"},"content":{"rendered":"<p>Krijuar me chipboard, \u00e7elik dhe xham t\u00eb kalitur, \u00ebsht\u00eb sa i fort\u00eb aq edhe i hijsh\u00ebm n\u00eb t\u00eb zez\u00eb. Mund\u00ebsuar nga USB 5V\/2A, ndri\u00e7imi i integruar &#8220;infinity&#8221; RGB LED. Ai gjithashtu mbankufjet tuaja dhe i mban pijet tuaja brenda mund\u00ebsive. Me nj\u00eb kapacitet ngarkese prej 75 kg dhe dimensione 1360x600x750 mm, pushtoni bot\u00ebn e lojrave me stil.<\/p>\n<p>Lloji i artikullit: Tavolin\u00eb Gaming<br \/>\nNgarkesa (kg): 75<br \/>\nK\u00ebrkohet instalim: Po<br \/>\nNgjyra e korniz\u00ebs: E zez\u00eb<br \/>\nMateriali: d\u00ebrras\u00eb chip\/plastike\/\u00e7elik\/xhami i kalitur<br \/>\nNumri i k\u00ebmb\u00ebve: 2<br \/>\nNgjyra: E zez\u00eb<br \/>\nP\u00ebrmasat (cm): 1360x600x750<br \/>\nFurnizimi me energji elektrike (ndri\u00e7imi LED): I pajtuesh\u00ebm me adaptor\u00ebt USB 5V\/2A<br \/>\nDimensionet (mm): 1360&#215;600<br \/>\nTrash\u00ebsia (mm): 18<br \/>\nLart\u00ebsia e tavolin\u00ebs (mm): 750<br \/>\nGjat\u00ebsia e kabllit (m): 1,16 &#8211; kabllo m\u00eb e gjat\u00eb LED \/ 0,24 &#8211; kabllo e shkurt\u00ebr LED \/ 2 &#8211; kabllo USB<br \/>\nT\u00eb tjera: Ndri\u00e7im LED i integruar &#8221;infinity&#8221; RGB me efekt Breathing, mbajt\u00ebse kufjesh, mbajt\u00ebse pijesh, komanda n\u00eb pjes\u00ebn e p\u00ebrparme t\u00eb tavolin\u00ebs&#8230;<br \/>\n\u200b<\/p>\n","protected":false},"excerpt":{"rendered":"<p>Medusa<\/p>\n","protected":false},"featured_media":5389,"comment_status":"open","ping_status":"closed","template":"","meta":[],"product_brand":[],"product_cat":[118,116,127],"product_tag":[],"class_list":{"0":"post-5388","1":"product","2":"type-product","3":"status-publish","4":"has-post-thumbnail","6":"product_cat-aksesore","7":"product_cat-gaming","8":"product_cat-tavoline-gaming","10":"first","11":"instock","12":"shipping-taxable","13":"purchasable","14":"product-type-simple"},"_links":{"self":[{"href":"https:\/\/www.metron-ks.com\/index.php?rest_route=\/wp\/v2\/product\/5388","targetHints":{"allow":["GET"]}}],"collection":[{"href":"https:\/\/www.metron-ks.com\/index.php?rest_route=\/wp\/v2\/product"}],"about":[{"href":"https:\/\/www.metron-ks.com\/index.php?rest_route=\/wp\/v2\/types\/product"}],"replies":[{"embeddable":true,"href":"https:\/\/www.metron-ks.com\/index.php?rest_route=%2Fwp%2Fv2%2Fcomments&post=5388"}],"wp:featuredmedia":[{"embeddable":true,"href":"https:\/\/www.metron-ks.com\/index.php?rest_route=\/wp\/v2\/media\/5389"}],"wp:attachment":[{"href":"https:\/\/www.metron-ks.com\/index.php?rest_route=%2Fwp%2Fv2%2Fmedia&parent=5388"}],"wp:term":[{"taxonomy":"product_brand","embeddable":true,"href":"https:\/\/www.metron-ks.com\/index.php?rest_route=%2Fwp%2Fv2%2Fproduct_brand&post=5388"},{"taxonomy":"product_cat","embeddable":true,"href":"https:\/\/www.metron-ks.com\/index.php?rest_route=%2Fwp%2Fv2%2Fproduct_cat&post=5388"},{"taxonomy":"product_tag","embeddable":true,"href":"https:\/\/www.metron-ks.com\/index.php?rest_route=%2Fwp%2Fv2%2Fproduct_tag&post=5388"}],"curies":[{"name":"wp","href":"https:\/\/api.w.org\/{rel}","templated":true}]}}