{"id":5528,"date":"2024-01-25T14:40:19","date_gmt":"2024-01-25T14:40:19","guid":{"rendered":"https:\/\/www.metron-ks.com\/?post_type=product&#038;p=5528"},"modified":"2024-12-23T14:05:28","modified_gmt":"2024-12-23T14:05:28","slug":"mbeshtjelles-shield-per-samsung-galaxy-s24-ultra","status":"publish","type":"product","link":"https:\/\/www.metron-ks.com\/?product=mbeshtjelles-shield-per-samsung-galaxy-s24-ultra","title":{"rendered":"Mb\u00ebshtjell\u00ebs SHIELD p\u00ebr Samsung Galaxy S24 Ultra"},"content":{"rendered":"<p>Mbeshtjellesi SHIELD \u00ebsht\u00eb nd\u00ebrtuar p\u00ebr t\u00eb mbrojtur kund\u00ebr goditjeve dhe g\u00ebrvishtjeve aksidentale p\u00ebr t&#8217;ju ndihmuar t\u00eb mbani telefonin tuaj t\u00eb sigurt kudo q\u00eb ju \u00e7on jeta.<\/p>\n","protected":false},"excerpt":{"rendered":"<p>GP-FPS928SACJW<\/p>\n","protected":false},"featured_media":5530,"comment_status":"open","ping_status":"closed","template":"","meta":[],"product_brand":[],"product_cat":[118,113,56],"product_tag":[],"class_list":{"0":"post-5528","1":"product","2":"type-product","3":"status-publish","4":"has-post-thumbnail","6":"product_cat-aksesore","7":"product_cat-celulartabletnavigim","8":"product_cat-mbeshtjelles","10":"first","11":"instock","12":"shipping-taxable","13":"purchasable","14":"product-type-simple"},"_links":{"self":[{"href":"https:\/\/www.metron-ks.com\/index.php?rest_route=\/wp\/v2\/product\/5528","targetHints":{"allow":["GET"]}}],"collection":[{"href":"https:\/\/www.metron-ks.com\/index.php?rest_route=\/wp\/v2\/product"}],"about":[{"href":"https:\/\/www.metron-ks.com\/index.php?rest_route=\/wp\/v2\/types\/product"}],"replies":[{"embeddable":true,"href":"https:\/\/www.metron-ks.com\/index.php?rest_route=%2Fwp%2Fv2%2Fcomments&post=5528"}],"wp:featuredmedia":[{"embeddable":true,"href":"https:\/\/www.metron-ks.com\/index.php?rest_route=\/wp\/v2\/media\/5530"}],"wp:attachment":[{"href":"https:\/\/www.metron-ks.com\/index.php?rest_route=%2Fwp%2Fv2%2Fmedia&parent=5528"}],"wp:term":[{"taxonomy":"product_brand","embeddable":true,"href":"https:\/\/www.metron-ks.com\/index.php?rest_route=%2Fwp%2Fv2%2Fproduct_brand&post=5528"},{"taxonomy":"product_cat","embeddable":true,"href":"https:\/\/www.metron-ks.com\/index.php?rest_route=%2Fwp%2Fv2%2Fproduct_cat&post=5528"},{"taxonomy":"product_tag","embeddable":true,"href":"https:\/\/www.metron-ks.com\/index.php?rest_route=%2Fwp%2Fv2%2Fproduct_tag&post=5528"}],"curies":[{"name":"wp","href":"https:\/\/api.w.org\/{rel}","templated":true}]}}