{"id":5572,"date":"2024-02-01T14:53:12","date_gmt":"2024-02-01T14:53:12","guid":{"rendered":"https:\/\/www.metron-ks.com\/?post_type=product&#038;p=5572"},"modified":"2024-12-23T14:03:36","modified_gmt":"2024-12-23T14:03:36","slug":"mbeshtjelles-per-samsung-galaxy-a15-transparente","status":"publish","type":"product","link":"https:\/\/www.metron-ks.com\/?product=mbeshtjelles-per-samsung-galaxy-a15-transparente","title":{"rendered":"MB\u00cbSHTJELL\u00cbS P\u00cbR SAMSUNG GALAXY A15, Transparente"},"content":{"rendered":"<p>Clear Case ju lejon t\u00eb shfaqni dizajnin origjinal t\u00eb telefonit tuaj, e leht\u00eb p\u00ebr t&#8217;u mbajtur, dhe mbroni telefonin tuaj. Mb\u00ebshtjell\u00ebsi \u00ebsht\u00eb b\u00ebr\u00eb nga Aliphatic (TPU)*, duke siguruar nj\u00eb kapje dhe mbrojtje t\u00eb shk\u00eblqyer,<\/p>\n<p>Ngjyra: Transparente<br \/>\nP\u00ebrputhshm\u00ebria :Galaxy A15<br \/>\nDimensionet (WxHxD) :80,6 x 163,3 x 11,2 mm<br \/>\nPesha: 36 g<\/p>\n","protected":false},"excerpt":{"rendered":"<p>GP-FPA156VAATW<\/p>\n","protected":false},"featured_media":5573,"comment_status":"open","ping_status":"closed","template":"","meta":[],"product_brand":[],"product_cat":[118,113,56],"product_tag":[],"class_list":{"0":"post-5572","1":"product","2":"type-product","3":"status-publish","4":"has-post-thumbnail","6":"product_cat-aksesore","7":"product_cat-celulartabletnavigim","8":"product_cat-mbeshtjelles","10":"first","11":"instock","12":"shipping-taxable","13":"purchasable","14":"product-type-simple"},"_links":{"self":[{"href":"https:\/\/www.metron-ks.com\/index.php?rest_route=\/wp\/v2\/product\/5572","targetHints":{"allow":["GET"]}}],"collection":[{"href":"https:\/\/www.metron-ks.com\/index.php?rest_route=\/wp\/v2\/product"}],"about":[{"href":"https:\/\/www.metron-ks.com\/index.php?rest_route=\/wp\/v2\/types\/product"}],"replies":[{"embeddable":true,"href":"https:\/\/www.metron-ks.com\/index.php?rest_route=%2Fwp%2Fv2%2Fcomments&post=5572"}],"wp:featuredmedia":[{"embeddable":true,"href":"https:\/\/www.metron-ks.com\/index.php?rest_route=\/wp\/v2\/media\/5573"}],"wp:attachment":[{"href":"https:\/\/www.metron-ks.com\/index.php?rest_route=%2Fwp%2Fv2%2Fmedia&parent=5572"}],"wp:term":[{"taxonomy":"product_brand","embeddable":true,"href":"https:\/\/www.metron-ks.com\/index.php?rest_route=%2Fwp%2Fv2%2Fproduct_brand&post=5572"},{"taxonomy":"product_cat","embeddable":true,"href":"https:\/\/www.metron-ks.com\/index.php?rest_route=%2Fwp%2Fv2%2Fproduct_cat&post=5572"},{"taxonomy":"product_tag","embeddable":true,"href":"https:\/\/www.metron-ks.com\/index.php?rest_route=%2Fwp%2Fv2%2Fproduct_tag&post=5572"}],"curies":[{"name":"wp","href":"https:\/\/api.w.org\/{rel}","templated":true}]}}