{"id":5593,"date":"2024-02-05T08:14:16","date_gmt":"2024-02-05T08:14:16","guid":{"rendered":"https:\/\/www.metron-ks.com\/?post_type=product&#038;p=5593"},"modified":"2025-07-14T07:46:55","modified_gmt":"2025-07-14T07:46:55","slug":"top-kunder-zjarrit-fire-destroyer-6kg-236mm","status":"publish","type":"product","link":"https:\/\/www.metron-ks.com\/?product=top-kunder-zjarrit-fire-destroyer-6kg-236mm","title":{"rendered":"TOP KUND\u00cbR ZJARRIT FIRE DESTROYER, 6KG, 236MM"},"content":{"rendered":"<p>Topi FIRE DESTROYER \u00ebsht\u00eb nj\u00eb mbrojtje aktive e shk\u00eblqyer nga zjarri, i destinuar p\u00ebr instalim n\u00eb:<\/p>\n<p>\u2013 amviserit\u00eb (dhom\u00eb boileri, papafingo, dhom\u00eb me pomp\u00eb nxeht\u00ebsie, garazh, sip\u00ebr kabinetit<br \/>\nelektrik, etj<br \/>\n\u2013 impiante industriale (saldim, bluarje, impiante me produkte kimike, sip\u00ebr makinerive n\u00eb impiante<br \/>\nprodhimi, n\u00eb tunele me instalime elektrike, magazina, stacione transformator\u00ebsh);<br \/>\n\u2013 lokalet e biznesit (kabinete t\u00eb dh\u00ebnash, kompjutera, aneks kuzhine etj<br \/>\n\u2013 bujq\u00ebsi (hambare, hambare me makineri t\u00eb bujq\u00ebsis\u00eb, stalla etj<\/p>\n<p><strong>Instalimi:<\/strong><br \/>\nInstaloni topin FIRE DESTROYER pran\u00eb nj\u00eb burimi t\u00eb mundsh\u00ebm zjarri ose mbi objekte t\u00eb larta. Mund t\u00eb<br \/>\nvaret nga tavani, i bashkangjitur n\u00eb mur, ose thjesht vendoset n\u00eb nj\u00eb sip\u00ebrfaqe t\u00eb shesht\u00eb.<\/p>\n<p>Specifikimet teknike t\u00eb topit FIRE DESTROYER:<br \/>\n\u2013 Agjent fik\u00ebs: pluhur, i pad\u00ebmsh\u00ebm p\u00ebr sh\u00ebndetin e njeriut dhe mjedisin (NH4H2PO4).<br \/>\n\u2013 Efektiv p\u00ebr klasat e zjarrit: A, B, C, E, F<br \/>\n\u2013 Pas kontaktit me zjarrin, mekanizmi do t\u00eb aktivizohet brenda 3-5 sekondave, duke e shp\u00ebrndar\u00eb at\u00eb<br \/>\nagjent fik\u00ebs n\u00eb form\u00eb pluhuri n\u00eb t\u00eb gjith\u00eb dhom\u00ebn.<\/p>\n<p>LLOJI 1: pesha: 6 kg; diametri: 236 mm<\/p>\n<p>V\u00ebllimi i agjentit fik\u00ebs n\u00eb top \u00ebsht\u00eb i mjaftuesh\u00ebm p\u00ebr 1 m3 deri n\u00eb 12 m3<br \/>\nTopi i fikjes s\u00eb zjarrit mbrohet gjithashtu me nj\u00eb film mbulues kund\u00ebr lag\u00ebshtir\u00ebs, k\u00ebshtu q\u00eb mundet t\u00eb<br \/>\nekspozohet ndaj efekteve m\u00eb t\u00eb lehta t\u00eb lag\u00ebshtir\u00ebs.<br \/>\nTopi i fikjes s\u00eb zjarrit ka nj\u00eb jet\u00ebgjat\u00ebsi prej pes\u00eb vjet\u00ebsh dhe nuk k\u00ebrkon mir\u00ebmbajtje shtes\u00eb<br \/>\nZhurma pas aktivizimit arrin deri n\u00eb 120 dB<\/p>\n","protected":false},"excerpt":{"rendered":"<p>6kg, 236mm<\/p>\n","protected":false},"featured_media":5589,"comment_status":"closed","ping_status":"closed","template":"","meta":[],"product_brand":[],"product_cat":[118,204],"product_tag":[],"class_list":{"0":"post-5593","1":"product","2":"type-product","3":"status-publish","4":"has-post-thumbnail","6":"product_cat-aksesore","7":"product_cat-firedestroyer","9":"first","10":"instock","11":"shipping-taxable","12":"purchasable","13":"product-type-simple"},"_links":{"self":[{"href":"https:\/\/www.metron-ks.com\/index.php?rest_route=\/wp\/v2\/product\/5593","targetHints":{"allow":["GET"]}}],"collection":[{"href":"https:\/\/www.metron-ks.com\/index.php?rest_route=\/wp\/v2\/product"}],"about":[{"href":"https:\/\/www.metron-ks.com\/index.php?rest_route=\/wp\/v2\/types\/product"}],"replies":[{"embeddable":true,"href":"https:\/\/www.metron-ks.com\/index.php?rest_route=%2Fwp%2Fv2%2Fcomments&post=5593"}],"wp:featuredmedia":[{"embeddable":true,"href":"https:\/\/www.metron-ks.com\/index.php?rest_route=\/wp\/v2\/media\/5589"}],"wp:attachment":[{"href":"https:\/\/www.metron-ks.com\/index.php?rest_route=%2Fwp%2Fv2%2Fmedia&parent=5593"}],"wp:term":[{"taxonomy":"product_brand","embeddable":true,"href":"https:\/\/www.metron-ks.com\/index.php?rest_route=%2Fwp%2Fv2%2Fproduct_brand&post=5593"},{"taxonomy":"product_cat","embeddable":true,"href":"https:\/\/www.metron-ks.com\/index.php?rest_route=%2Fwp%2Fv2%2Fproduct_cat&post=5593"},{"taxonomy":"product_tag","embeddable":true,"href":"https:\/\/www.metron-ks.com\/index.php?rest_route=%2Fwp%2Fv2%2Fproduct_tag&post=5593"}],"curies":[{"name":"wp","href":"https:\/\/api.w.org\/{rel}","templated":true}]}}