{"id":5623,"date":"2024-02-06T12:48:35","date_gmt":"2024-02-06T12:48:35","guid":{"rendered":"https:\/\/www.metron-ks.com\/?post_type=product&#038;p=5623"},"modified":"2024-12-23T13:50:46","modified_gmt":"2024-12-23T13:50:46","slug":"hama-spotlight-smart-80-ii-set-per-smartphone","status":"publish","type":"product","link":"https:\/\/www.metron-ks.com\/?product=hama-spotlight-smart-80-ii-set-per-smartphone","title":{"rendered":"Hama &#8220;SpotLight Smart 80 II&#8221;, set p\u00ebr smartphone"},"content":{"rendered":"<p>Efekt i syve<br \/>\nDrita LED krijon nj\u00eb shk\u00eblqim n\u00eb sy duke p\u00ebrdorur reflektimet<\/p>\n<p>Temperatura e ngjyrave me 3 nivele<br \/>\nNga e bardha e ngroht\u00eb n\u00eb e ndritshme si drita e dit\u00ebs: Kontrolloni temperatur\u00ebn e ngjyr\u00ebs n\u00eb 3 nivele duke p\u00ebrdorur telekomand\u00ebn kabllore, p\u00ebr ndri\u00e7im optimal dhe t\u00eb barabart\u00eb, p\u00ebr shembull t\u00eb videove dhe portreteve<\/p>\n<p>10 nivele t\u00eb intensitetit t\u00eb drit\u00ebs<br \/>\nNga shk\u00eblqimi deri te zbehja e k\u00ebndshme: intensiteti i drit\u00ebs i rregulluesh\u00ebm n\u00eb 10 nivele<\/p>\n<p>Pozicioni i ndryshuesh\u00ebm fal\u00eb kok\u00ebs s\u00eb topit<br \/>\nK\u00ebnde t\u00eb jasht\u00ebzakonshme t\u00eb shkrepjes: Drita e unaz\u00ebs mund t\u00eb rrotullohet dhe anohet fal\u00eb kok\u00ebs s\u00eb topit t\u00eb tripodit\u200b<\/p>\n","protected":false},"excerpt":{"rendered":"<p>4657<\/p>\n","protected":false},"featured_media":5624,"comment_status":"open","ping_status":"closed","template":"","meta":[],"product_brand":[],"product_cat":[118,113,162],"product_tag":[],"class_list":{"0":"post-5623","1":"product","2":"type-product","3":"status-publish","4":"has-post-thumbnail","6":"product_cat-aksesore","7":"product_cat-celulartabletnavigim","8":"product_cat-mbajtese-celulartabletnavigim","10":"first","11":"instock","12":"shipping-taxable","13":"purchasable","14":"product-type-simple"},"_links":{"self":[{"href":"https:\/\/www.metron-ks.com\/index.php?rest_route=\/wp\/v2\/product\/5623","targetHints":{"allow":["GET"]}}],"collection":[{"href":"https:\/\/www.metron-ks.com\/index.php?rest_route=\/wp\/v2\/product"}],"about":[{"href":"https:\/\/www.metron-ks.com\/index.php?rest_route=\/wp\/v2\/types\/product"}],"replies":[{"embeddable":true,"href":"https:\/\/www.metron-ks.com\/index.php?rest_route=%2Fwp%2Fv2%2Fcomments&post=5623"}],"wp:featuredmedia":[{"embeddable":true,"href":"https:\/\/www.metron-ks.com\/index.php?rest_route=\/wp\/v2\/media\/5624"}],"wp:attachment":[{"href":"https:\/\/www.metron-ks.com\/index.php?rest_route=%2Fwp%2Fv2%2Fmedia&parent=5623"}],"wp:term":[{"taxonomy":"product_brand","embeddable":true,"href":"https:\/\/www.metron-ks.com\/index.php?rest_route=%2Fwp%2Fv2%2Fproduct_brand&post=5623"},{"taxonomy":"product_cat","embeddable":true,"href":"https:\/\/www.metron-ks.com\/index.php?rest_route=%2Fwp%2Fv2%2Fproduct_cat&post=5623"},{"taxonomy":"product_tag","embeddable":true,"href":"https:\/\/www.metron-ks.com\/index.php?rest_route=%2Fwp%2Fv2%2Fproduct_tag&post=5623"}],"curies":[{"name":"wp","href":"https:\/\/api.w.org\/{rel}","templated":true}]}}