{"id":5714,"date":"2024-02-09T14:33:21","date_gmt":"2024-02-09T14:33:21","guid":{"rendered":"https:\/\/www.metron-ks.com\/?post_type=product&#038;p=5714"},"modified":"2024-12-23T13:38:09","modified_gmt":"2024-12-23T13:38:09","slug":"hama-usb-c-docking-station-connect2office-pro-10-porte","status":"publish","type":"product","link":"https:\/\/www.metron-ks.com\/?product=hama-usb-c-docking-station-connect2office-pro-10-porte","title":{"rendered":"Hama USB-C-Docking-Station, &#8220;Connect2Office Pro&#8221;, 10 Porte"},"content":{"rendered":"<p>Lidh\u00ebs USB-C<br \/>\nDetajet: 1x DisplayPort \/ DP 1.4 \/ max. 4K@60 Hz \/ 1x LAN \/ Ethernet \/ Gigabit \/ max. 1 Gbit\/s\/1x USB-A \/ USB 3.2 Gen1 \/ max. 5 Gbit\/s\/1x USB-C \/PD \/ maksimumi. 5-20 V &#8211; 5 A &#8211; 100 W\/1x USB-C \/ USB 3.2 Gen1 \/ max. 5 Gbit\/s\/2x HDMI\u2122 \/ HDMI\u2122 me shpejt\u00ebsi t\u00eb lart\u00eb \/ max. 4K@60 Hz\/3x USB A \/ USB 2.0 \/ max. 480 Mbit\/s<br \/>\nKabllo lidh\u00ebse e integruar<br \/>\nUSB 3.2 Gen 1<br \/>\nTeknologjia e karikimit PD<br \/>\nMaks. ngarkesa e lidhur 100 W<br \/>\nRezolucioni maksimal 4k (4096&#215;2160)<br \/>\nShpejt\u00ebsia e rrjetit 10\/100\/1000 Mbps<br \/>\nNumri i lidhjeve 10 porte<br \/>\nGjer\u00ebsia 26.1cm<br \/>\nLart\u00ebsia 2.3cm<br \/>\nThell\u00ebsia9 cm<br \/>\nGjat\u00ebsia e kabllit 0.25m<\/p>\n","protected":false},"excerpt":{"rendered":"<p>200100<\/p>\n","protected":false},"featured_media":5715,"comment_status":"open","ping_status":"closed","template":"","meta":[],"product_brand":[],"product_cat":[118,141,119],"product_tag":[],"class_list":{"0":"post-5714","1":"product","2":"type-product","3":"status-publish","4":"has-post-thumbnail","6":"product_cat-aksesore","7":"product_cat-pclaptop","8":"product_cat-usbhub","10":"first","11":"instock","12":"shipping-taxable","13":"purchasable","14":"product-type-simple"},"_links":{"self":[{"href":"https:\/\/www.metron-ks.com\/index.php?rest_route=\/wp\/v2\/product\/5714","targetHints":{"allow":["GET"]}}],"collection":[{"href":"https:\/\/www.metron-ks.com\/index.php?rest_route=\/wp\/v2\/product"}],"about":[{"href":"https:\/\/www.metron-ks.com\/index.php?rest_route=\/wp\/v2\/types\/product"}],"replies":[{"embeddable":true,"href":"https:\/\/www.metron-ks.com\/index.php?rest_route=%2Fwp%2Fv2%2Fcomments&post=5714"}],"wp:featuredmedia":[{"embeddable":true,"href":"https:\/\/www.metron-ks.com\/index.php?rest_route=\/wp\/v2\/media\/5715"}],"wp:attachment":[{"href":"https:\/\/www.metron-ks.com\/index.php?rest_route=%2Fwp%2Fv2%2Fmedia&parent=5714"}],"wp:term":[{"taxonomy":"product_brand","embeddable":true,"href":"https:\/\/www.metron-ks.com\/index.php?rest_route=%2Fwp%2Fv2%2Fproduct_brand&post=5714"},{"taxonomy":"product_cat","embeddable":true,"href":"https:\/\/www.metron-ks.com\/index.php?rest_route=%2Fwp%2Fv2%2Fproduct_cat&post=5714"},{"taxonomy":"product_tag","embeddable":true,"href":"https:\/\/www.metron-ks.com\/index.php?rest_route=%2Fwp%2Fv2%2Fproduct_tag&post=5714"}],"curies":[{"name":"wp","href":"https:\/\/api.w.org\/{rel}","templated":true}]}}