{"id":5993,"date":"2024-03-19T09:07:48","date_gmt":"2024-03-19T09:07:48","guid":{"rendered":"https:\/\/www.metron-ks.com\/?post_type=product&#038;p=5993"},"modified":"2024-12-23T12:44:57","modified_gmt":"2024-12-23T12:44:57","slug":"usb-hub-sbox-h-207","status":"publish","type":"product","link":"https:\/\/www.metron-ks.com\/?product=usb-hub-sbox-h-207","title":{"rendered":"USB Hub Sbox H-207"},"content":{"rendered":"<p>P\u00ebrjetoni shp\u00ebrndar\u00ebsin USB SBOX &#8220;H-207&#8221; me 7 porte USB 2.0, duke ofruar transferim t\u00eb shpejt\u00eb t\u00eb t\u00eb dh\u00ebnave 480 Mbps.<\/p>\n<p>USB 5V\/500mA (maksimumi) dhe p\u00ebrmban mbrojtje nga rryma. I mb\u00ebshtjell\u00eb me alumin t\u00eb hijsh\u00ebm argjendi, me nj\u00eb kabllo 50 cm, kombinon stilin dhe funksionin.<\/p>\n<p>Interface: USB 2.0 (480 Mbps)<br \/>\nNumri i porteve USB: 7<br \/>\nFurnizimi me energji elektrike: USB 5 V \/ 500 mA (Max)<br \/>\nMbrojtja nga rryma: Po<br \/>\nNgjyra: Argjend<br \/>\nMateriali: Alumin<br \/>\nGjat\u00ebsia e kabllit (m): 50 cm<br \/>\nDimensionet (mm): 149x37x22<\/p>\n","protected":false},"excerpt":{"rendered":"<p>H-207<\/p>\n","protected":false},"featured_media":5994,"comment_status":"open","ping_status":"closed","template":"","meta":[],"product_brand":[],"product_cat":[118,141,119],"product_tag":[],"class_list":{"0":"post-5993","1":"product","2":"type-product","3":"status-publish","4":"has-post-thumbnail","6":"product_cat-aksesore","7":"product_cat-pclaptop","8":"product_cat-usbhub","10":"first","11":"instock","12":"shipping-taxable","13":"purchasable","14":"product-type-simple"},"_links":{"self":[{"href":"https:\/\/www.metron-ks.com\/index.php?rest_route=\/wp\/v2\/product\/5993","targetHints":{"allow":["GET"]}}],"collection":[{"href":"https:\/\/www.metron-ks.com\/index.php?rest_route=\/wp\/v2\/product"}],"about":[{"href":"https:\/\/www.metron-ks.com\/index.php?rest_route=\/wp\/v2\/types\/product"}],"replies":[{"embeddable":true,"href":"https:\/\/www.metron-ks.com\/index.php?rest_route=%2Fwp%2Fv2%2Fcomments&post=5993"}],"wp:featuredmedia":[{"embeddable":true,"href":"https:\/\/www.metron-ks.com\/index.php?rest_route=\/wp\/v2\/media\/5994"}],"wp:attachment":[{"href":"https:\/\/www.metron-ks.com\/index.php?rest_route=%2Fwp%2Fv2%2Fmedia&parent=5993"}],"wp:term":[{"taxonomy":"product_brand","embeddable":true,"href":"https:\/\/www.metron-ks.com\/index.php?rest_route=%2Fwp%2Fv2%2Fproduct_brand&post=5993"},{"taxonomy":"product_cat","embeddable":true,"href":"https:\/\/www.metron-ks.com\/index.php?rest_route=%2Fwp%2Fv2%2Fproduct_cat&post=5993"},{"taxonomy":"product_tag","embeddable":true,"href":"https:\/\/www.metron-ks.com\/index.php?rest_route=%2Fwp%2Fv2%2Fproduct_tag&post=5993"}],"curies":[{"name":"wp","href":"https:\/\/api.w.org\/{rel}","templated":true}]}}