{"id":6028,"date":"2024-04-05T08:35:40","date_gmt":"2024-04-05T08:35:40","guid":{"rendered":"https:\/\/www.metron-ks.com\/?post_type=product&#038;p=6028"},"modified":"2024-12-23T12:41:05","modified_gmt":"2024-12-23T12:41:05","slug":"mbeshtjelles-per-samsung-galaxy-a25-5g-transparente","status":"publish","type":"product","link":"https:\/\/www.metron-ks.com\/?product=mbeshtjelles-per-samsung-galaxy-a25-5g-transparente","title":{"rendered":"MB\u00cbSHTJELL\u00cbS P\u00cbR SAMSUNG GALAXY A25 5G, TRANSPARENTE"},"content":{"rendered":"<p>Mbeshtjelles i holl\u00eb me shtres\u00eb rezistente ndaj g\u00ebrvishtjeve dhe kund\u00ebr zverdhjes<\/p>\n<p>Dimensionet (WxHxD) 80.1 x 164.5 x 10.8 mm<\/p>\n<p>Pesha: 24g<\/p>\n","protected":false},"excerpt":{"rendered":"<p>EF-QA256CTEGWW<\/p>\n","protected":false},"featured_media":6029,"comment_status":"open","ping_status":"closed","template":"","meta":[],"product_brand":[],"product_cat":[118,113,56],"product_tag":[],"class_list":{"0":"post-6028","1":"product","2":"type-product","3":"status-publish","4":"has-post-thumbnail","6":"product_cat-aksesore","7":"product_cat-celulartabletnavigim","8":"product_cat-mbeshtjelles","10":"first","11":"instock","12":"shipping-taxable","13":"purchasable","14":"product-type-simple"},"_links":{"self":[{"href":"https:\/\/www.metron-ks.com\/index.php?rest_route=\/wp\/v2\/product\/6028","targetHints":{"allow":["GET"]}}],"collection":[{"href":"https:\/\/www.metron-ks.com\/index.php?rest_route=\/wp\/v2\/product"}],"about":[{"href":"https:\/\/www.metron-ks.com\/index.php?rest_route=\/wp\/v2\/types\/product"}],"replies":[{"embeddable":true,"href":"https:\/\/www.metron-ks.com\/index.php?rest_route=%2Fwp%2Fv2%2Fcomments&post=6028"}],"wp:featuredmedia":[{"embeddable":true,"href":"https:\/\/www.metron-ks.com\/index.php?rest_route=\/wp\/v2\/media\/6029"}],"wp:attachment":[{"href":"https:\/\/www.metron-ks.com\/index.php?rest_route=%2Fwp%2Fv2%2Fmedia&parent=6028"}],"wp:term":[{"taxonomy":"product_brand","embeddable":true,"href":"https:\/\/www.metron-ks.com\/index.php?rest_route=%2Fwp%2Fv2%2Fproduct_brand&post=6028"},{"taxonomy":"product_cat","embeddable":true,"href":"https:\/\/www.metron-ks.com\/index.php?rest_route=%2Fwp%2Fv2%2Fproduct_cat&post=6028"},{"taxonomy":"product_tag","embeddable":true,"href":"https:\/\/www.metron-ks.com\/index.php?rest_route=%2Fwp%2Fv2%2Fproduct_tag&post=6028"}],"curies":[{"name":"wp","href":"https:\/\/api.w.org\/{rel}","templated":true}]}}