{"id":635,"date":"2023-03-06T22:22:08","date_gmt":"2023-03-06T22:22:08","guid":{"rendered":"https:\/\/www.metron-ks.com\/product\/koke-karikuese-hama-power-delivery-pd-qualcomm-25w-e-zeze\/"},"modified":"2025-01-20T14:26:46","modified_gmt":"2025-01-20T14:26:46","slug":"koke-karikuese-hama-power-delivery-pd-qualcomm-25w-e-zeze","status":"publish","type":"product","link":"https:\/\/www.metron-ks.com\/?product=koke-karikuese-hama-power-delivery-pd-qualcomm-25w-e-zeze","title":{"rendered":"Kok\u00eb karikuese Hama Power Delivery PD Qualcomm, 25W, e zez\u00eb"},"content":{"rendered":"<p>E p\u00ebrkryer p\u00ebr telefonat inteligjent\u00eb me fuqi t\u00eb lart\u00eb karikimi: karikimi i pajisjeve me shpejt\u00ebsi t\u00eb lart\u00eb, 60% n\u00eb 30 minuta, ideale p\u00ebr pajisjet e gjenerat\u00ebs s\u00eb fundit, pasi k\u00ebto shpesh nuk kan\u00eb m\u00eb nj\u00eb karikues t\u00eb p\u00ebrfshir\u00eb me blerjen e tyre.<\/p>\n<p>P\u00ebrdorni inteligjenc\u00ebn e karikuesve me Power Delivery. Kjo ju mund\u00ebson t\u00eb karikoni n\u00eb m\u00ebnyr\u00eb efikase dhe n\u00eb nj\u00eb m\u00ebnyr\u00eb t\u00eb optimizuar,\u00a0kursen baterin\u00eb dhe i b\u00ebn smartphone dhe tabletin tuaj gati shpejt per p\u00ebrdorim.<\/p>\n<p>Mb\u00ebshtet teknologjin\u00eb e Power Delivery dhe Qualcomm\u00ae Quick Charge \u2122 2.0 \/ 3.0, kjo garanton karikim jasht\u00ebzakonisht t\u00eb shpejt\u00eb, m\u00eb shpejt sesa me teknologjit\u00eb konvencionale t\u00eb karikimit.<br \/>\nLidhje e p\u00ebrshtatshme dhe e shpejt\u00eb fal\u00eb portit USB-C q\u00eb mund t\u00eb p\u00ebrdoret n\u00eb t\u00eb dy an\u00ebt.<br \/>\nShpejt\u00ebsia maksimale e garantuar e karikimit me nj\u00eb ngarkes\u00eb t\u00eb optimizuar p\u00ebr pajisjen.<br \/>\nKarikimi i optimizuar mbron baterin\u00eb dhe k\u00ebshtu zgjat jet\u00ebn e sh\u00ebrbimit.<br \/>\nPajisjet e lidhura njihen automatikisht dhe karikohen n\u00eb m\u00ebnyr\u00eb optimale.<br \/>\nLidhja kryesore me rrjet\u00a0100\u2013240V e p\u00ebrshtatshme p\u00ebr p\u00ebrdorim n\u00eb t\u00eb gjith\u00eb bot\u00ebn<\/p>\n<p>Karikim inteligjent dhe i sigurt:mbrojtje nga\u00a0mbingarkesa,\u00a0dhe mbrojtje nga qarku i shkurt\u00ebr.<\/p>\n<p>Maks. Fuqia e daljes: 25 watt.<\/p>\n<p>Tensioni i daljes\/rryma e daljes 5V\/ 3A, 9V\/ 2.22A, 12V\/ 1.67A.<\/p>\n<p>Lart\u00ebsia: 2.9cm.<br \/>\nGjer\u00ebsia: 3.4cm.<br \/>\nThell\u00ebsia: 3.1 cm.<\/p>\n","protected":false},"excerpt":{"rendered":"<p>201651<\/p>\n","protected":false},"featured_media":3015,"comment_status":"closed","ping_status":"closed","template":"","meta":[],"product_brand":[],"product_cat":[113,115],"product_tag":[],"class_list":{"0":"post-635","1":"product","2":"type-product","3":"status-publish","4":"has-post-thumbnail","6":"product_cat-celulartabletnavigim","7":"product_cat-karikues-celulartabletnavigim","9":"first","10":"instock","11":"shipping-taxable","12":"purchasable","13":"product-type-simple"},"_links":{"self":[{"href":"https:\/\/www.metron-ks.com\/index.php?rest_route=\/wp\/v2\/product\/635","targetHints":{"allow":["GET"]}}],"collection":[{"href":"https:\/\/www.metron-ks.com\/index.php?rest_route=\/wp\/v2\/product"}],"about":[{"href":"https:\/\/www.metron-ks.com\/index.php?rest_route=\/wp\/v2\/types\/product"}],"replies":[{"embeddable":true,"href":"https:\/\/www.metron-ks.com\/index.php?rest_route=%2Fwp%2Fv2%2Fcomments&post=635"}],"wp:featuredmedia":[{"embeddable":true,"href":"https:\/\/www.metron-ks.com\/index.php?rest_route=\/wp\/v2\/media\/3015"}],"wp:attachment":[{"href":"https:\/\/www.metron-ks.com\/index.php?rest_route=%2Fwp%2Fv2%2Fmedia&parent=635"}],"wp:term":[{"taxonomy":"product_brand","embeddable":true,"href":"https:\/\/www.metron-ks.com\/index.php?rest_route=%2Fwp%2Fv2%2Fproduct_brand&post=635"},{"taxonomy":"product_cat","embeddable":true,"href":"https:\/\/www.metron-ks.com\/index.php?rest_route=%2Fwp%2Fv2%2Fproduct_cat&post=635"},{"taxonomy":"product_tag","embeddable":true,"href":"https:\/\/www.metron-ks.com\/index.php?rest_route=%2Fwp%2Fv2%2Fproduct_tag&post=635"}],"curies":[{"name":"wp","href":"https:\/\/api.w.org\/{rel}","templated":true}]}}