{"id":6415,"date":"2024-07-12T13:45:21","date_gmt":"2024-07-12T13:45:21","guid":{"rendered":"https:\/\/www.metron-ks.com\/?post_type=product&#038;p=6415"},"modified":"2024-12-19T11:58:11","modified_gmt":"2024-12-19T11:58:11","slug":"mbeshtjelles-silikon-samsung-galaxy-fold-6","status":"publish","type":"product","link":"https:\/\/www.metron-ks.com\/?product=mbeshtjelles-silikon-samsung-galaxy-fold-6","title":{"rendered":"Mb\u00ebshtjell\u00ebs Silikoni p\u00ebr Samsung Galaxy Fold 6"},"content":{"rendered":"<p><strong>Dorez\u00eb dhe mb\u00ebshtet\u00ebse t\u00eb gjitha n\u00eb nj\u00eb<\/strong><br \/>\nP\u00ebrdorni dorez\u00ebn p\u00ebr t\u00eb mbajtur telefonin n\u00eb m\u00ebnyr\u00eb m\u00eb t\u00eb sigurt. Vendosni mb\u00ebshtet\u00ebsen e shpejt\u00eb p\u00ebr nj\u00eb p\u00ebrdorim m\u00eb t\u00eb thjesht\u00eb pa duar q\u00eb ju lejon t\u00eb maksimizoni p\u00ebrdorimin e ekranit tuaj m\u00eb t\u00eb madh.<\/p>\n<p><strong>Portativ dhe komod<\/strong><br \/>\nEdhe m\u00eb i holl\u00eb me nj\u00eb limim silikoni, kapaku jo vet\u00ebm q\u00eb ndihet i sigurt dhe i kapur mir\u00eb, por gjithashtu i but\u00eb dhe komod kur preket.<\/p>\n","protected":false},"excerpt":{"rendered":"<p>EF-MF956TJEGWW<\/p>\n","protected":false},"featured_media":6416,"comment_status":"open","ping_status":"closed","template":"","meta":[],"product_brand":[],"product_cat":[118,113,56],"product_tag":[],"class_list":{"0":"post-6415","1":"product","2":"type-product","3":"status-publish","4":"has-post-thumbnail","6":"product_cat-aksesore","7":"product_cat-celulartabletnavigim","8":"product_cat-mbeshtjelles","10":"first","11":"instock","12":"shipping-taxable","13":"purchasable","14":"product-type-simple"},"_links":{"self":[{"href":"https:\/\/www.metron-ks.com\/index.php?rest_route=\/wp\/v2\/product\/6415","targetHints":{"allow":["GET"]}}],"collection":[{"href":"https:\/\/www.metron-ks.com\/index.php?rest_route=\/wp\/v2\/product"}],"about":[{"href":"https:\/\/www.metron-ks.com\/index.php?rest_route=\/wp\/v2\/types\/product"}],"replies":[{"embeddable":true,"href":"https:\/\/www.metron-ks.com\/index.php?rest_route=%2Fwp%2Fv2%2Fcomments&post=6415"}],"wp:featuredmedia":[{"embeddable":true,"href":"https:\/\/www.metron-ks.com\/index.php?rest_route=\/wp\/v2\/media\/6416"}],"wp:attachment":[{"href":"https:\/\/www.metron-ks.com\/index.php?rest_route=%2Fwp%2Fv2%2Fmedia&parent=6415"}],"wp:term":[{"taxonomy":"product_brand","embeddable":true,"href":"https:\/\/www.metron-ks.com\/index.php?rest_route=%2Fwp%2Fv2%2Fproduct_brand&post=6415"},{"taxonomy":"product_cat","embeddable":true,"href":"https:\/\/www.metron-ks.com\/index.php?rest_route=%2Fwp%2Fv2%2Fproduct_cat&post=6415"},{"taxonomy":"product_tag","embeddable":true,"href":"https:\/\/www.metron-ks.com\/index.php?rest_route=%2Fwp%2Fv2%2Fproduct_tag&post=6415"}],"curies":[{"name":"wp","href":"https:\/\/api.w.org\/{rel}","templated":true}]}}