{"id":6500,"date":"2024-07-19T10:25:44","date_gmt":"2024-07-19T10:25:44","guid":{"rendered":"https:\/\/www.metron-ks.com\/?post_type=product&#038;p=6500"},"modified":"2024-12-19T11:51:01","modified_gmt":"2024-12-19T11:51:01","slug":"ore-samsung-galaxy-watch-fe-40mm-e-zeze","status":"publish","type":"product","link":"https:\/\/www.metron-ks.com\/?product=ore-samsung-galaxy-watch-fe-40mm-e-zeze","title":{"rendered":"Or\u00eb Samsung Galaxy Watch FE, 40mm, e zez\u00eb"},"content":{"rendered":"<p>Dimensionet 40,4 x 39,3 x 9,8 mm (1,59 x 1,55 x 0,39 in\u00e7)<br \/>\nPesha 26,6 g (0,95 oz)<br \/>\n50m\/5ATM rezistent ndaj ujit (deri n\u00eb 10 min)<br \/>\nIP68 rezistent ndaj pluhurit\/ujit (deri n\u00eb 1.5 m p\u00ebr 30 min)<br \/>\nN\u00eb p\u00ebrputhje me MIL-STD-810H*<br \/>\nEKG i certifikuar<\/p>\n<p>Ekran<br \/>\nSuper AMOLED<br \/>\nMadh\u00ebsia 1.2 in\u00e7<br \/>\nRezolucioni 396 x 396 piksel (~ 330 ppi densitet)<br \/>\nMbrojtje xhami Kristal Safir<br \/>\nAlways on display<\/p>\n<p>Platforma<br \/>\nOS Android Wear OS 4, One UI Watch 5<br \/>\nChipset Exynos W920 (5 nm)<br \/>\nCPU me dy b\u00ebrthama 1.18 GHz Cortex-A55<br \/>\nGPU Mali-G68<\/p>\n<p>Memorie<br \/>\nRAM i brendsh\u00ebm 16 GB 1,5 GB<br \/>\nAltoparlant\u00eb: Po<br \/>\nWLAN Wi-Fi 802.11 a\/b\/g\/n, dual band<br \/>\nBluetooth 5.3, A2DP, LE<br \/>\nGPS , GALILEO, GLONASS, BDS<br \/>\nNFC: Po<\/p>\n<p>Sensor<br \/>\nAccelerometer, gyro, compass, barometer, heart rate, SpO2<\/p>\n<p>Bateri<br \/>\nLi-Ion 247 mAh<br \/>\nKarikimi me val\u00eb (Qi)<\/p>\n","protected":false},"excerpt":{"rendered":"<p>SM-R861NZKAEUC<\/p>\n","protected":false},"featured_media":6494,"comment_status":"open","ping_status":"closed","template":"","meta":[],"product_brand":[],"product_cat":[118,66,114],"product_tag":[],"class_list":{"0":"post-6500","1":"product","2":"type-product","3":"status-publish","4":"has-post-thumbnail","6":"product_cat-aksesore","7":"product_cat-oremates-aktiviteti","8":"product_cat-smart","10":"first","11":"instock","12":"shipping-taxable","13":"purchasable","14":"product-type-simple"},"_links":{"self":[{"href":"https:\/\/www.metron-ks.com\/index.php?rest_route=\/wp\/v2\/product\/6500","targetHints":{"allow":["GET"]}}],"collection":[{"href":"https:\/\/www.metron-ks.com\/index.php?rest_route=\/wp\/v2\/product"}],"about":[{"href":"https:\/\/www.metron-ks.com\/index.php?rest_route=\/wp\/v2\/types\/product"}],"replies":[{"embeddable":true,"href":"https:\/\/www.metron-ks.com\/index.php?rest_route=%2Fwp%2Fv2%2Fcomments&post=6500"}],"wp:featuredmedia":[{"embeddable":true,"href":"https:\/\/www.metron-ks.com\/index.php?rest_route=\/wp\/v2\/media\/6494"}],"wp:attachment":[{"href":"https:\/\/www.metron-ks.com\/index.php?rest_route=%2Fwp%2Fv2%2Fmedia&parent=6500"}],"wp:term":[{"taxonomy":"product_brand","embeddable":true,"href":"https:\/\/www.metron-ks.com\/index.php?rest_route=%2Fwp%2Fv2%2Fproduct_brand&post=6500"},{"taxonomy":"product_cat","embeddable":true,"href":"https:\/\/www.metron-ks.com\/index.php?rest_route=%2Fwp%2Fv2%2Fproduct_cat&post=6500"},{"taxonomy":"product_tag","embeddable":true,"href":"https:\/\/www.metron-ks.com\/index.php?rest_route=%2Fwp%2Fv2%2Fproduct_tag&post=6500"}],"curies":[{"name":"wp","href":"https:\/\/api.w.org\/{rel}","templated":true}]}}