{"id":6582,"date":"2024-08-30T14:40:47","date_gmt":"2024-08-30T14:40:47","guid":{"rendered":"https:\/\/www.metron-ks.com\/?post_type=product&#038;p=6582"},"modified":"2024-12-19T08:41:29","modified_gmt":"2024-12-19T08:41:29","slug":"rrip-per-samsung-galaxy-watch-ultra-trail","status":"publish","type":"product","link":"https:\/\/www.metron-ks.com\/?product=rrip-per-samsung-galaxy-watch-ultra-trail","title":{"rendered":"Rrip p\u00ebr Samsung Galaxy Watch Ultra, Trail"},"content":{"rendered":"<p>Galaxy Watch Ultra Trail Band \u00ebsht\u00eb i p\u00ebrb\u00ebr\u00eb nga nj\u00eb cop\u00eb e leht\u00eb dhe tok\u00ebz n\u00eb form\u00eb trek\u00ebnd\u00ebshi q\u00eb p\u00ebrshtatet n\u00eb m\u00ebnyr\u00eb t\u00eb rehatshme me ky\u00e7in tuaj, p\u00ebr t\u00eb b\u00ebr\u00eb t\u00eb mundur p\u00ebrdorimin p\u00ebr nj\u00eb koh\u00eb t\u00eb gjat\u00eb. I p\u00ebrshtatsh\u00ebm p\u00ebr vrapimin n\u00eb shtigje dhe disa lloje t\u00eb tjera ushtrimesh, dizajni me val\u00eb t\u00eb gjera ju lejon t\u00eb vazhdoni me leht\u00ebsi ushtrimet tuaja.<\/p>\n","protected":false},"excerpt":{"rendered":"<p>ET-SVL70MOEGEU<\/p>\n","protected":false},"featured_media":6583,"comment_status":"open","ping_status":"closed","template":"","meta":[],"product_brand":[],"product_cat":[118,66,152,114],"product_tag":[],"class_list":{"0":"post-6582","1":"product","2":"type-product","3":"status-publish","4":"has-post-thumbnail","6":"product_cat-aksesore","7":"product_cat-oremates-aktiviteti","8":"product_cat-rripa","9":"product_cat-smart","11":"first","12":"instock","13":"shipping-taxable","14":"purchasable","15":"product-type-simple"},"_links":{"self":[{"href":"https:\/\/www.metron-ks.com\/index.php?rest_route=\/wp\/v2\/product\/6582","targetHints":{"allow":["GET"]}}],"collection":[{"href":"https:\/\/www.metron-ks.com\/index.php?rest_route=\/wp\/v2\/product"}],"about":[{"href":"https:\/\/www.metron-ks.com\/index.php?rest_route=\/wp\/v2\/types\/product"}],"replies":[{"embeddable":true,"href":"https:\/\/www.metron-ks.com\/index.php?rest_route=%2Fwp%2Fv2%2Fcomments&post=6582"}],"wp:featuredmedia":[{"embeddable":true,"href":"https:\/\/www.metron-ks.com\/index.php?rest_route=\/wp\/v2\/media\/6583"}],"wp:attachment":[{"href":"https:\/\/www.metron-ks.com\/index.php?rest_route=%2Fwp%2Fv2%2Fmedia&parent=6582"}],"wp:term":[{"taxonomy":"product_brand","embeddable":true,"href":"https:\/\/www.metron-ks.com\/index.php?rest_route=%2Fwp%2Fv2%2Fproduct_brand&post=6582"},{"taxonomy":"product_cat","embeddable":true,"href":"https:\/\/www.metron-ks.com\/index.php?rest_route=%2Fwp%2Fv2%2Fproduct_cat&post=6582"},{"taxonomy":"product_tag","embeddable":true,"href":"https:\/\/www.metron-ks.com\/index.php?rest_route=%2Fwp%2Fv2%2Fproduct_tag&post=6582"}],"curies":[{"name":"wp","href":"https:\/\/api.w.org\/{rel}","templated":true}]}}