{"id":6644,"date":"2024-10-02T10:05:36","date_gmt":"2024-10-02T10:05:36","guid":{"rendered":"https:\/\/www.metron-ks.com\/?post_type=product&#038;p=6644"},"modified":"2024-12-18T13:25:36","modified_gmt":"2024-12-18T13:25:36","slug":"mbajtese-per-tv-sbox-plb-79464-levizes-43-90-inch","status":"publish","type":"product","link":"https:\/\/www.metron-ks.com\/?product=mbajtese-per-tv-sbox-plb-79464-levizes-43-90-inch","title":{"rendered":"Mbajt\u00ebse p\u00ebr TV Sbox PLB-79464, L\u00ebviz\u00ebs, 43&#8243;-90&#8243; inch"},"content":{"rendered":"<p>Lloji i mbajtesit: Me anim &#8211; Rrotullues me dor\u00eb<br \/>\nVESA minimale: 100&#215;200<br \/>\nVESA maksimale: 600&#215;400<br \/>\nNgarkesa maksimale (kg): 50<br \/>\nMadh\u00ebsia minimale e ekranit: 43&#8221; \/ 109 cm<br \/>\nMadh\u00ebsia maksimale e ekranit: 90&#8221; \/ 229 cm<br \/>\nDistanca minimale e murit (mm): 19.5<br \/>\nDistanca maksimale e murit (mm): 250<br \/>\nPjerr\u00ebsia vertikale: +3\u00b0\/ -15\u00b0<br \/>\nRrotullimi: +30\u00b0\/ -30\u00b0<br \/>\nRregullimi i nivelit: +3\u00b0\/ -3\u00b0<br \/>\nNiveli: Jo<br \/>\nP\u00ebr ekranet e lakuar: Po<br \/>\nPllak\u00eb VESA e ndashme: Po<br \/>\nMontimi: Mur<br \/>\nNgjyra: E zez\u00eb<br \/>\nMateriali: \u00e7elik\/plastik\u00eb<\/p>\n","protected":false},"excerpt":{"rendered":"<p>PLB-79464<\/p>\n","protected":false},"featured_media":6645,"comment_status":"open","ping_status":"closed","template":"","meta":[],"product_brand":[],"product_cat":[118,160,138],"product_tag":[],"class_list":{"0":"post-6644","1":"product","2":"type-product","3":"status-publish","4":"has-post-thumbnail","6":"product_cat-aksesore","7":"product_cat-mbajtese-tv","8":"product_cat-tv","10":"first","11":"instock","12":"shipping-taxable","13":"purchasable","14":"product-type-simple"},"_links":{"self":[{"href":"https:\/\/www.metron-ks.com\/index.php?rest_route=\/wp\/v2\/product\/6644","targetHints":{"allow":["GET"]}}],"collection":[{"href":"https:\/\/www.metron-ks.com\/index.php?rest_route=\/wp\/v2\/product"}],"about":[{"href":"https:\/\/www.metron-ks.com\/index.php?rest_route=\/wp\/v2\/types\/product"}],"replies":[{"embeddable":true,"href":"https:\/\/www.metron-ks.com\/index.php?rest_route=%2Fwp%2Fv2%2Fcomments&post=6644"}],"wp:featuredmedia":[{"embeddable":true,"href":"https:\/\/www.metron-ks.com\/index.php?rest_route=\/wp\/v2\/media\/6645"}],"wp:attachment":[{"href":"https:\/\/www.metron-ks.com\/index.php?rest_route=%2Fwp%2Fv2%2Fmedia&parent=6644"}],"wp:term":[{"taxonomy":"product_brand","embeddable":true,"href":"https:\/\/www.metron-ks.com\/index.php?rest_route=%2Fwp%2Fv2%2Fproduct_brand&post=6644"},{"taxonomy":"product_cat","embeddable":true,"href":"https:\/\/www.metron-ks.com\/index.php?rest_route=%2Fwp%2Fv2%2Fproduct_cat&post=6644"},{"taxonomy":"product_tag","embeddable":true,"href":"https:\/\/www.metron-ks.com\/index.php?rest_route=%2Fwp%2Fv2%2Fproduct_tag&post=6644"}],"curies":[{"name":"wp","href":"https:\/\/api.w.org\/{rel}","templated":true}]}}