{"id":6730,"date":"2024-10-24T06:56:28","date_gmt":"2024-10-24T06:56:28","guid":{"rendered":"https:\/\/www.metron-ks.com\/?post_type=product&#038;p=6730"},"modified":"2024-12-18T13:05:30","modified_gmt":"2024-12-18T13:05:30","slug":"ngrohese-ne-mur-elit-ptc-22","status":"publish","type":"product","link":"https:\/\/www.metron-ks.com\/?product=ngrohese-ne-mur-elit-ptc-22","title":{"rendered":"Ngroh\u00ebse n\u00eb mur Elit PTC-22"},"content":{"rendered":"<p>I pap\u00ebrshkuesh\u00ebm nga uji: IP22<br \/>\nFuqia maksimale: 2000 W<br \/>\n2 cil\u00ebsime\u00a0te ngrohjes: 1000\/2000W<br \/>\nMbrojtje nga mbinxehja<br \/>\nTelekomand\u00eb<br \/>\nKoh\u00ebmat\u00ebsi, deri n\u00eb 7.5 or\u00eb koh\u00eb<br \/>\nMe ekran automatik luhat\u00ebs<br \/>\nWxDxH: 52 x 12 x 20 cm<\/p>\n","protected":false},"excerpt":{"rendered":"<p>PTC-22<\/p>\n","protected":false},"featured_media":6731,"comment_status":"open","ping_status":"closed","template":"","meta":[],"product_brand":[],"product_cat":[118,202],"product_tag":[],"class_list":{"0":"post-6730","1":"product","2":"type-product","3":"status-publish","4":"has-post-thumbnail","6":"product_cat-aksesore","7":"product_cat-ngrohese","9":"first","10":"instock","11":"shipping-taxable","12":"purchasable","13":"product-type-simple"},"_links":{"self":[{"href":"https:\/\/www.metron-ks.com\/index.php?rest_route=\/wp\/v2\/product\/6730","targetHints":{"allow":["GET"]}}],"collection":[{"href":"https:\/\/www.metron-ks.com\/index.php?rest_route=\/wp\/v2\/product"}],"about":[{"href":"https:\/\/www.metron-ks.com\/index.php?rest_route=\/wp\/v2\/types\/product"}],"replies":[{"embeddable":true,"href":"https:\/\/www.metron-ks.com\/index.php?rest_route=%2Fwp%2Fv2%2Fcomments&post=6730"}],"wp:featuredmedia":[{"embeddable":true,"href":"https:\/\/www.metron-ks.com\/index.php?rest_route=\/wp\/v2\/media\/6731"}],"wp:attachment":[{"href":"https:\/\/www.metron-ks.com\/index.php?rest_route=%2Fwp%2Fv2%2Fmedia&parent=6730"}],"wp:term":[{"taxonomy":"product_brand","embeddable":true,"href":"https:\/\/www.metron-ks.com\/index.php?rest_route=%2Fwp%2Fv2%2Fproduct_brand&post=6730"},{"taxonomy":"product_cat","embeddable":true,"href":"https:\/\/www.metron-ks.com\/index.php?rest_route=%2Fwp%2Fv2%2Fproduct_cat&post=6730"},{"taxonomy":"product_tag","embeddable":true,"href":"https:\/\/www.metron-ks.com\/index.php?rest_route=%2Fwp%2Fv2%2Fproduct_tag&post=6730"}],"curies":[{"name":"wp","href":"https:\/\/api.w.org\/{rel}","templated":true}]}}