{"id":700,"date":"2023-03-06T22:22:38","date_gmt":"2023-03-06T22:22:38","guid":{"rendered":"https:\/\/www.metron-ks.com\/product\/kufje-hama-basic4tv-te-zeza-135619\/"},"modified":"2025-01-15T11:15:57","modified_gmt":"2025-01-15T11:15:57","slug":"kufje-hama-basic4tv-te-zeza-135619","status":"publish","type":"product","link":"https:\/\/www.metron-ks.com\/?product=kufje-hama-basic4tv-te-zeza-135619","title":{"rendered":"Kufje Stereo Hama &#8220;SHELL TV&#8221;  184144"},"content":{"rendered":"<p>Kufjet me kabllo t\u00eb\u00a0nj\u00eban\u00ebshme p\u00ebr p\u00ebrvoj\u00ebn e fundit muzikore me m\u00eb shum\u00eb liri t\u00eb l\u00ebvizjes.<\/p>\n<p>Kufjet rrethore t\u00eb mbyllura bllokojn\u00eb zhurm\u00ebn shqet\u00ebsuese dhe mbajn\u00eb muzik\u00ebn brenda.<\/p>\n<p>Kufjet jan\u00eb t\u00eb pajisura me nj\u00eb kok\u00eb l\u00ebviz\u00ebse\u00a0e\u00a0cila\u00a0p\u00ebrshtatet me form\u00ebn e kok\u00ebs tuaj.<\/p>\n<p>P\u00ebrfshin\u00eb nj\u00eb adapter\u00a0me ngjyr\u00eb\u00a0ari p\u00ebr lidhjen e kufjeve n\u00eb nj\u00eb sistem stereo, mikset,\u00a0me nj\u00eb dalje 6.35 mm. Kabllo\u00a0ekstra i gjat\u00eb (6m), i krijuar posa\u00e7\u00ebrisht p\u00ebr t&#8217;u lidhur me TV ose sisteme HiFi.<\/p>\n<p>Materiali:Plastik<br \/>\nGjat\u00ebsija e kabllos: 6m<br \/>\nDiametri i d\u00ebgjueses: 40mm<br \/>\nNgjyra:Zez\u00eb<br \/>\nModeli:Stereo<br \/>\nButon p\u00ebr kontrollim te z\u00ebrit: Po<br \/>\nFrekuenca e kufjeve: 20 Hz &#8211; 20 kHz<br \/>\nNdjeshm\u00ebria: 113 dB \/ mW<br \/>\nAdapteri: 3.5 mm Jack Plug, 6.35 mm Jack Plug<br \/>\nRrezistenca e plot\u00eb(kufje): 32\u03a9<br \/>\nPesha: 216g<\/p>\n","protected":false},"excerpt":{"rendered":"<p>184144<\/p>\n","protected":false},"featured_media":4656,"comment_status":"closed","ping_status":"closed","template":"","meta":[],"product_brand":[],"product_cat":[118,44],"product_tag":[],"class_list":{"0":"post-700","1":"product","2":"type-product","3":"status-publish","4":"has-post-thumbnail","6":"product_cat-aksesore","7":"product_cat-kufje","9":"first","10":"instock","11":"shipping-taxable","12":"purchasable","13":"product-type-simple"},"_links":{"self":[{"href":"https:\/\/www.metron-ks.com\/index.php?rest_route=\/wp\/v2\/product\/700","targetHints":{"allow":["GET"]}}],"collection":[{"href":"https:\/\/www.metron-ks.com\/index.php?rest_route=\/wp\/v2\/product"}],"about":[{"href":"https:\/\/www.metron-ks.com\/index.php?rest_route=\/wp\/v2\/types\/product"}],"replies":[{"embeddable":true,"href":"https:\/\/www.metron-ks.com\/index.php?rest_route=%2Fwp%2Fv2%2Fcomments&post=700"}],"wp:featuredmedia":[{"embeddable":true,"href":"https:\/\/www.metron-ks.com\/index.php?rest_route=\/wp\/v2\/media\/4656"}],"wp:attachment":[{"href":"https:\/\/www.metron-ks.com\/index.php?rest_route=%2Fwp%2Fv2%2Fmedia&parent=700"}],"wp:term":[{"taxonomy":"product_brand","embeddable":true,"href":"https:\/\/www.metron-ks.com\/index.php?rest_route=%2Fwp%2Fv2%2Fproduct_brand&post=700"},{"taxonomy":"product_cat","embeddable":true,"href":"https:\/\/www.metron-ks.com\/index.php?rest_route=%2Fwp%2Fv2%2Fproduct_cat&post=700"},{"taxonomy":"product_tag","embeddable":true,"href":"https:\/\/www.metron-ks.com\/index.php?rest_route=%2Fwp%2Fv2%2Fproduct_tag&post=700"}],"curies":[{"name":"wp","href":"https:\/\/api.w.org\/{rel}","templated":true}]}}