{"id":7054,"date":"2024-12-04T13:21:28","date_gmt":"2024-12-04T13:21:28","guid":{"rendered":"https:\/\/www.metron-ks.com\/?post_type=product&#038;p=7054"},"modified":"2025-03-20T18:12:31","modified_gmt":"2025-03-20T18:12:31","slug":"ore-e-mencur-meanit-m9-light-ip67","status":"publish","type":"product","link":"https:\/\/www.metron-ks.com\/?product=ore-e-mencur-meanit-m9-light-ip67","title":{"rendered":"Or\u00eb e men\u00e7ur meanIT M9 Light, IP67"},"content":{"rendered":"<p>IP 67 i pap\u00ebrshkuesh\u00ebm nga uji<br \/>\nInformacion rreth mesazheve dhe thirrjeve<br \/>\nMatja e hapave<br \/>\nMatja e rrahjeve t\u00eb zemr\u00ebs<br \/>\nMb\u00ebshtetje p\u00ebr shum\u00eb sporte<br \/>\nRripa t\u00eb nd\u00ebrruesh\u00ebm me sistem nd\u00ebrrimi t\u00eb shpejt\u00eb (gjer\u00ebsia 22 mm)<br \/>\nFytyra t\u00eb k\u00ebmbyeshme t\u00eb or\u00ebs<br \/>\nRam metalik dhe mbules\u00eb karboni (aliazh zinku)<br \/>\nJet\u00ebgjat\u00ebsia e bateris\u00eb n\u00eb p\u00ebrdorim: deri n\u00eb 5 dit\u00eb<br \/>\nJet\u00ebgjat\u00ebsia e bateris\u00eb n\u00eb gatishm\u00ebri: deri n\u00eb 15 dit\u00eb<\/p>\n","protected":false},"excerpt":{"rendered":"<p>M9 Light<\/p>\n","protected":false},"featured_media":7059,"comment_status":"open","ping_status":"closed","template":"","meta":[],"product_brand":[],"product_cat":[118,66,114],"product_tag":[],"class_list":{"0":"post-7054","1":"product","2":"type-product","3":"status-publish","4":"has-post-thumbnail","6":"product_cat-aksesore","7":"product_cat-oremates-aktiviteti","8":"product_cat-smart","10":"first","11":"instock","12":"shipping-taxable","13":"purchasable","14":"product-type-simple"},"_links":{"self":[{"href":"https:\/\/www.metron-ks.com\/index.php?rest_route=\/wp\/v2\/product\/7054","targetHints":{"allow":["GET"]}}],"collection":[{"href":"https:\/\/www.metron-ks.com\/index.php?rest_route=\/wp\/v2\/product"}],"about":[{"href":"https:\/\/www.metron-ks.com\/index.php?rest_route=\/wp\/v2\/types\/product"}],"replies":[{"embeddable":true,"href":"https:\/\/www.metron-ks.com\/index.php?rest_route=%2Fwp%2Fv2%2Fcomments&post=7054"}],"wp:featuredmedia":[{"embeddable":true,"href":"https:\/\/www.metron-ks.com\/index.php?rest_route=\/wp\/v2\/media\/7059"}],"wp:attachment":[{"href":"https:\/\/www.metron-ks.com\/index.php?rest_route=%2Fwp%2Fv2%2Fmedia&parent=7054"}],"wp:term":[{"taxonomy":"product_brand","embeddable":true,"href":"https:\/\/www.metron-ks.com\/index.php?rest_route=%2Fwp%2Fv2%2Fproduct_brand&post=7054"},{"taxonomy":"product_cat","embeddable":true,"href":"https:\/\/www.metron-ks.com\/index.php?rest_route=%2Fwp%2Fv2%2Fproduct_cat&post=7054"},{"taxonomy":"product_tag","embeddable":true,"href":"https:\/\/www.metron-ks.com\/index.php?rest_route=%2Fwp%2Fv2%2Fproduct_tag&post=7054"}],"curies":[{"name":"wp","href":"https:\/\/api.w.org\/{rel}","templated":true}]}}