{"id":7476,"date":"2025-03-11T09:11:53","date_gmt":"2025-03-11T09:11:53","guid":{"rendered":"https:\/\/www.metron-ks.com\/?post_type=product&#038;p=7476"},"modified":"2026-01-23T08:30:38","modified_gmt":"2026-01-23T08:30:38","slug":"tastiere-gaming-white-shark-mekanike-ashiko","status":"publish","type":"product","link":"https:\/\/www.metron-ks.com\/?product=tastiere-gaming-white-shark-mekanike-ashiko","title":{"rendered":"Tastier\u00eb Gaming White Shark, Mekanike, Ashiko"},"content":{"rendered":"<p>ASHIKO \u00ebsht\u00eb nj\u00eb tastier\u00eb kompakte dhe mekanike q\u00eb ju jep nj\u00eb eksperienc\u00eb t\u00eb shk\u00eblqyer. Ai gjithashtu ka teknologji anti-ghosting q\u00eb mb\u00ebshtet te gjitha tastet. Vjen n\u00eb ngjyr\u00eb t\u00eb zez\u00eb dhe nj\u00eb interface USB 2.0 q\u00eb lidhet leht\u00eb. Ka nj\u00eb kabllo 1.5 metra dhe nj\u00eb paraqitje US. Ai peshon vet\u00ebm 400 gram, duke e b\u00ebr\u00eb at\u00eb t\u00eb l\u00ebvizsh\u00ebm dhe t\u00eb p\u00ebrshtatsh\u00ebm. Tastiera ka nj\u00eb jet\u00ebgjat\u00ebsi prej 20 milion\u00eb klikimesh, duke siguruar q\u00ebndrueshm\u00ebri dhe besueshm\u00ebri. ASHIKO gjithashtu ka nj\u00eb ndri\u00e7im Rainbow q\u00eb krijon nj\u00eb efekt mahnit\u00ebs n\u00eb butona. Ju mund t\u00eb zgjidhni nga 12 efekte t\u00eb ndryshme q\u00eb i p\u00ebrshtaten disponimit dhe preferenc\u00ebs suaj.<\/p>\n<p>Numri i tasteve: 61<br \/>\nParaqitja kryesore: Kompakt<br \/>\nLloji i tastit: Mekanik &#8211; Kuqe<br \/>\nJet\u00ebgjat\u00ebsia: Presione mbi 20 M<br \/>\nAnti-Ghosting:Full Anti-Ghosting<br \/>\nNdri\u00e7imi: Efekti Rainbow \/ 12 efekte t\u00eb ndryshme<br \/>\nNgjyra: E zez\u00eb<br \/>\nMateriali: plastik\u00eb ABS<br \/>\nInterface: USB 2.0<br \/>\nGjat\u00ebsia e kabllit (m): 1,5<br \/>\nParaqitjet e disponueshme: US<br \/>\nDimensionet (mm): 290x100x39<br \/>\nPesha (g): 400<\/p>\n","protected":false},"excerpt":{"rendered":"<p>GK-2202 Ashiko<\/p>\n","protected":false},"featured_media":5277,"comment_status":"closed","ping_status":"closed","template":"","meta":[],"product_brand":[],"product_cat":[118,116,117],"product_tag":[],"class_list":{"0":"post-7476","1":"product","2":"type-product","3":"status-publish","4":"has-post-thumbnail","6":"product_cat-aksesore","7":"product_cat-gaming","8":"product_cat-tastiere-gaming","10":"first","11":"instock","12":"shipping-taxable","13":"purchasable","14":"product-type-simple"},"_links":{"self":[{"href":"https:\/\/www.metron-ks.com\/index.php?rest_route=\/wp\/v2\/product\/7476","targetHints":{"allow":["GET"]}}],"collection":[{"href":"https:\/\/www.metron-ks.com\/index.php?rest_route=\/wp\/v2\/product"}],"about":[{"href":"https:\/\/www.metron-ks.com\/index.php?rest_route=\/wp\/v2\/types\/product"}],"replies":[{"embeddable":true,"href":"https:\/\/www.metron-ks.com\/index.php?rest_route=%2Fwp%2Fv2%2Fcomments&post=7476"}],"wp:featuredmedia":[{"embeddable":true,"href":"https:\/\/www.metron-ks.com\/index.php?rest_route=\/wp\/v2\/media\/5277"}],"wp:attachment":[{"href":"https:\/\/www.metron-ks.com\/index.php?rest_route=%2Fwp%2Fv2%2Fmedia&parent=7476"}],"wp:term":[{"taxonomy":"product_brand","embeddable":true,"href":"https:\/\/www.metron-ks.com\/index.php?rest_route=%2Fwp%2Fv2%2Fproduct_brand&post=7476"},{"taxonomy":"product_cat","embeddable":true,"href":"https:\/\/www.metron-ks.com\/index.php?rest_route=%2Fwp%2Fv2%2Fproduct_cat&post=7476"},{"taxonomy":"product_tag","embeddable":true,"href":"https:\/\/www.metron-ks.com\/index.php?rest_route=%2Fwp%2Fv2%2Fproduct_tag&post=7476"}],"curies":[{"name":"wp","href":"https:\/\/api.w.org\/{rel}","templated":true}]}}