{"id":7494,"date":"2025-03-19T09:21:40","date_gmt":"2025-03-19T09:21:40","guid":{"rendered":"https:\/\/www.metron-ks.com\/?post_type=product&#038;p=7494"},"modified":"2025-03-19T09:30:35","modified_gmt":"2025-03-19T09:30:35","slug":"cante-krahu-sbox-per-laptop-15-6-jakarta-2","status":"publish","type":"product","link":"https:\/\/www.metron-ks.com\/?product=cante-krahu-sbox-per-laptop-15-6-jakarta-2","title":{"rendered":"\u00c7ant\u00eb krahu Sbox p\u00ebr Laptop 15.6&#8243; Jakarta"},"content":{"rendered":"<p>P\u00ebr madh\u00ebsin\u00eb e Laptopit: 15.6 &#8221;<br \/>\nNgjyra: Portokalle<br \/>\n1 x Ndarja kryesore me Zipper + 1 X Ndarje e Hapur p\u00ebr nj\u00eb ombrell\u00eb + 1 t\u00eb mbyllur n\u00eb pjes\u00ebn e p\u00ebrparme + ndarje t\u00eb brendshme p\u00ebr laptop + 1 x Ndarja e brendshme e mbyllur<br \/>\nMateriali: Polester 300D<br \/>\nMateriali rezistent ndaj ujit: Po<br \/>\nDimensionet (mm): 450x300x125<\/p>\n","protected":false},"excerpt":{"rendered":"<p>NSS-19368O<\/p>\n","protected":false},"featured_media":7495,"comment_status":"open","ping_status":"closed","template":"","meta":[],"product_brand":[],"product_cat":[118,25,141],"product_tag":[],"class_list":{"0":"post-7494","1":"product","2":"type-product","3":"status-publish","4":"has-post-thumbnail","6":"product_cat-aksesore","7":"product_cat-cante","8":"product_cat-pclaptop","10":"first","11":"instock","12":"shipping-taxable","13":"purchasable","14":"product-type-simple"},"_links":{"self":[{"href":"https:\/\/www.metron-ks.com\/index.php?rest_route=\/wp\/v2\/product\/7494","targetHints":{"allow":["GET"]}}],"collection":[{"href":"https:\/\/www.metron-ks.com\/index.php?rest_route=\/wp\/v2\/product"}],"about":[{"href":"https:\/\/www.metron-ks.com\/index.php?rest_route=\/wp\/v2\/types\/product"}],"replies":[{"embeddable":true,"href":"https:\/\/www.metron-ks.com\/index.php?rest_route=%2Fwp%2Fv2%2Fcomments&post=7494"}],"wp:featuredmedia":[{"embeddable":true,"href":"https:\/\/www.metron-ks.com\/index.php?rest_route=\/wp\/v2\/media\/7495"}],"wp:attachment":[{"href":"https:\/\/www.metron-ks.com\/index.php?rest_route=%2Fwp%2Fv2%2Fmedia&parent=7494"}],"wp:term":[{"taxonomy":"product_brand","embeddable":true,"href":"https:\/\/www.metron-ks.com\/index.php?rest_route=%2Fwp%2Fv2%2Fproduct_brand&post=7494"},{"taxonomy":"product_cat","embeddable":true,"href":"https:\/\/www.metron-ks.com\/index.php?rest_route=%2Fwp%2Fv2%2Fproduct_cat&post=7494"},{"taxonomy":"product_tag","embeddable":true,"href":"https:\/\/www.metron-ks.com\/index.php?rest_route=%2Fwp%2Fv2%2Fproduct_tag&post=7494"}],"curies":[{"name":"wp","href":"https:\/\/api.w.org\/{rel}","templated":true}]}}