{"id":7597,"date":"2025-03-27T13:54:51","date_gmt":"2025-03-27T13:54:51","guid":{"rendered":"https:\/\/www.metron-ks.com\/?post_type=product&#038;p=7597"},"modified":"2025-03-27T13:55:43","modified_gmt":"2025-03-27T13:55:43","slug":"mbeshtjelles-per-samsung-galaxy-a56-5g-e-zeze","status":"publish","type":"product","link":"https:\/\/www.metron-ks.com\/?product=mbeshtjelles-per-samsung-galaxy-a56-5g-e-zeze","title":{"rendered":"Mb\u00ebshtjell\u00ebs per Samsung Galaxy A56 5G, e zez\u00eb"},"content":{"rendered":"<p>Mb\u00ebshtjell\u00ebsi e mban telefonin tuaj t\u00eb sigurt me mbrojtje t\u00eb nivelit ushtarak<\/p>\n<p>Leht\u00eb p\u00ebr t&#8217;u mbajtur, e v\u00ebshtir\u00eb p\u00ebr t\u00eb r\u00ebn\u00eb<br \/>\nB\u00ebr\u00eb nga TPU fleksib\u00ebl, ndihet pik\u00ebrisht n\u00eb dor\u00ebn tuaj, i rehatsh\u00ebm dhe i sigurt, k\u00ebshtu q\u00eb nuk do t\u00eb rr\u00ebshqas\u00eb leht\u00eb.<\/p>\n<p>Dimensionet (WxHxD) 82.5 x 167.2 x 12 mm<br \/>\nPesha: 36 g<\/p>\n","protected":false},"excerpt":{"rendered":"<p>EF-RA566CBEGWW<\/p>\n","protected":false},"featured_media":7592,"comment_status":"open","ping_status":"closed","template":"","meta":[],"product_brand":[],"product_cat":[118,113,56],"product_tag":[],"class_list":{"0":"post-7597","1":"product","2":"type-product","3":"status-publish","4":"has-post-thumbnail","6":"product_cat-aksesore","7":"product_cat-celulartabletnavigim","8":"product_cat-mbeshtjelles","10":"first","11":"instock","12":"shipping-taxable","13":"purchasable","14":"product-type-simple"},"_links":{"self":[{"href":"https:\/\/www.metron-ks.com\/index.php?rest_route=\/wp\/v2\/product\/7597","targetHints":{"allow":["GET"]}}],"collection":[{"href":"https:\/\/www.metron-ks.com\/index.php?rest_route=\/wp\/v2\/product"}],"about":[{"href":"https:\/\/www.metron-ks.com\/index.php?rest_route=\/wp\/v2\/types\/product"}],"replies":[{"embeddable":true,"href":"https:\/\/www.metron-ks.com\/index.php?rest_route=%2Fwp%2Fv2%2Fcomments&post=7597"}],"wp:featuredmedia":[{"embeddable":true,"href":"https:\/\/www.metron-ks.com\/index.php?rest_route=\/wp\/v2\/media\/7592"}],"wp:attachment":[{"href":"https:\/\/www.metron-ks.com\/index.php?rest_route=%2Fwp%2Fv2%2Fmedia&parent=7597"}],"wp:term":[{"taxonomy":"product_brand","embeddable":true,"href":"https:\/\/www.metron-ks.com\/index.php?rest_route=%2Fwp%2Fv2%2Fproduct_brand&post=7597"},{"taxonomy":"product_cat","embeddable":true,"href":"https:\/\/www.metron-ks.com\/index.php?rest_route=%2Fwp%2Fv2%2Fproduct_cat&post=7597"},{"taxonomy":"product_tag","embeddable":true,"href":"https:\/\/www.metron-ks.com\/index.php?rest_route=%2Fwp%2Fv2%2Fproduct_tag&post=7597"}],"curies":[{"name":"wp","href":"https:\/\/api.w.org\/{rel}","templated":true}]}}