{"id":7653,"date":"2025-05-22T13:08:10","date_gmt":"2025-05-22T13:08:10","guid":{"rendered":"https:\/\/www.metron-ks.com\/?post_type=product&#038;p=7653"},"modified":"2025-05-22T13:08:11","modified_gmt":"2025-05-22T13:08:11","slug":"ftohes-gaming-white-shark-gcp-10-ice-shadow-usb-hub","status":"publish","type":"product","link":"https:\/\/www.metron-ks.com\/?product=ftohes-gaming-white-shark-gcp-10-ice-shadow-usb-hub","title":{"rendered":"Ftoh\u00ebs Gaming White Shark GCP-10 Ice Shadow, USB HUB"},"content":{"rendered":"<p>Mbajeni laptopin tuaj t\u00eb fresk\u00ebt me ftohesin\u00a0White Shark ICE SHADOW. Projektuar p\u00ebr laptop\u00eb deri n\u00eb 17,3&#8243;, ai p\u00ebrmban nj\u00eb ventilator 140 mm me 1400 RPM p\u00ebr rrjedhje optimale t\u00eb ajrit me zhurm\u00eb vet\u00ebm 10 dBA. Me 5 k\u00ebnde t\u00eb rregullueshme,USB Hub dhe nj\u00eb rrjet\u00eb t\u00eb fort\u00eb metalike, \u00ebsht\u00eb perfekt p\u00ebr loj\u00ebra ose seanca pune.<\/p>\n<p>Madh\u00ebsia e Laptopit: 17,3&#8221;<br \/>\nDimensionet e ventilatorit (mm): 140x140x15<br \/>\nShpejt\u00ebsia e ventilatorit: 1400 RPM \u00b1 10%<br \/>\nRrjedha e ajrit (CFM): 75<br \/>\nZhurma (dB): 10 dBA<br \/>\nRregullimi i k\u00ebndit: Po (5 k\u00ebnde)<br \/>\nUSB Hub: Po<br \/>\nInterface: USB 2.0<br \/>\nTensioni i pun\u00ebs (V): 5<br \/>\nNgjyra: E zez\u00eb<br \/>\nMateriali: ABS Plastik\u00eb me rrjet\u00eb metalike t\u00eb sip\u00ebrme<br \/>\nDimensionet (mm): 480x295x55<br \/>\nPesha (g): 1200<br \/>\nNumri i portave USB: 2<\/p>\n","protected":false},"excerpt":{"rendered":"<p>GCP-10<\/p>\n","protected":false},"featured_media":7654,"comment_status":"open","ping_status":"closed","template":"","meta":[],"product_brand":[],"product_cat":[118,134,116],"product_tag":[],"class_list":{"0":"post-7653","1":"product","2":"type-product","3":"status-publish","4":"has-post-thumbnail","6":"product_cat-aksesore","7":"product_cat-ftohes-per-laptop","8":"product_cat-gaming","10":"first","11":"instock","12":"shipping-taxable","13":"purchasable","14":"product-type-simple"},"_links":{"self":[{"href":"https:\/\/www.metron-ks.com\/index.php?rest_route=\/wp\/v2\/product\/7653","targetHints":{"allow":["GET"]}}],"collection":[{"href":"https:\/\/www.metron-ks.com\/index.php?rest_route=\/wp\/v2\/product"}],"about":[{"href":"https:\/\/www.metron-ks.com\/index.php?rest_route=\/wp\/v2\/types\/product"}],"replies":[{"embeddable":true,"href":"https:\/\/www.metron-ks.com\/index.php?rest_route=%2Fwp%2Fv2%2Fcomments&post=7653"}],"wp:featuredmedia":[{"embeddable":true,"href":"https:\/\/www.metron-ks.com\/index.php?rest_route=\/wp\/v2\/media\/7654"}],"wp:attachment":[{"href":"https:\/\/www.metron-ks.com\/index.php?rest_route=%2Fwp%2Fv2%2Fmedia&parent=7653"}],"wp:term":[{"taxonomy":"product_brand","embeddable":true,"href":"https:\/\/www.metron-ks.com\/index.php?rest_route=%2Fwp%2Fv2%2Fproduct_brand&post=7653"},{"taxonomy":"product_cat","embeddable":true,"href":"https:\/\/www.metron-ks.com\/index.php?rest_route=%2Fwp%2Fv2%2Fproduct_cat&post=7653"},{"taxonomy":"product_tag","embeddable":true,"href":"https:\/\/www.metron-ks.com\/index.php?rest_route=%2Fwp%2Fv2%2Fproduct_tag&post=7653"}],"curies":[{"name":"wp","href":"https:\/\/api.w.org\/{rel}","templated":true}]}}