{"id":775,"date":"2023-03-06T22:23:18","date_gmt":"2023-03-06T22:23:18","guid":{"rendered":"https:\/\/www.metron-ks.com\/product\/maus-gaming-white-shark-gm-5008-hector-6400dpi-rgb\/"},"modified":"2024-12-10T15:09:20","modified_gmt":"2024-12-10T15:09:20","slug":"maus-gaming-white-shark-gm-5008-hector-6400dpi-rgb","status":"publish","type":"product","link":"https:\/\/www.metron-ks.com\/?product=maus-gaming-white-shark-gm-5008-hector-6400dpi-rgb","title":{"rendered":"Maus Gaming White Shark, Hector, GM-5008, 6400DPI, RGB"},"content":{"rendered":"<p>Pajisur me 5 butona p\u00ebr veprim t\u00eb shpejt\u00eb gjat\u00eb lojrave + buton shtes\u00eb DPI i vendosur posht\u00eb miut.<\/p>\n<p>Pajisur me sensor optik SUNPLUS 6651 deri n\u00eb 6400 DPI.<\/p>\n<p>Butoni DPI mund\u00ebson nd\u00ebrrimin nd\u00ebrmjet 800\/1600\/2400\/3200\/4800\/6400 DPI, duke ju dh\u00ebn\u00eb nivelin e duhur t\u00eb sakt\u00ebsis\u00eb p\u00ebr cil\u00ebn loj\u00eb po luani.<\/p>\n<p>Kontroll i plot\u00eb i ndri\u00e7imit RGB (16,8 ngjyra M) me softuerin.<\/p>\n<p>P\u00ebr t\u00eb konfiguruar ndri\u00e7imin RGB dhe butonat individual\u00eb, shkarkoni softuerin duke vizituar: www.whiteshark.biz\/sq\/download<\/p>\n<p>Veshja me gom\u00eb p\u00ebrmir\u00ebson kapjen, duke parandaluar rr\u00ebshqitjen dhe rr\u00ebshqitjen e gisht\u00ebrinjve tuaj.<\/p>\n<p>Lloji i miut: 5D, 5 butona<br \/>\nInterface: USB 2.0<br \/>\nLloji i sensorit: Optik<br \/>\nRezolucioni: 800\/1600\/2400\/3200\/4800\/6400 DPI<br \/>\nTrack speed: 66 IPS<br \/>\nNxitimi: 22.5G<br \/>\nJet\u00ebgjat\u00ebsia kryesore: Mbi 10 M<br \/>\nSoftuer: Po<br \/>\nNdri\u00e7imi: Ngjyra RGB 16,8 M<br \/>\nGjat\u00ebsia e kabllit: 1,8 m<br \/>\nP\u00ebrmasat: 123 x 71 x 44 mm<br \/>\nPesha: 100g<br \/>\nP\u00ebrputhshm\u00ebria: Windows 7\/8\/10 \/ MacOS<br \/>\nNgjyra: E zez\u00eb<br \/>\nMateriali: Plastik\u00eb<\/p>\n","protected":false},"excerpt":{"rendered":"<p>GM-5008, Hector, 6400DPI<\/p>\n","protected":false},"featured_media":2483,"comment_status":"closed","ping_status":"closed","template":"","meta":[],"product_brand":[],"product_cat":[116,124],"product_tag":[],"class_list":{"0":"post-775","1":"product","2":"type-product","3":"status-publish","4":"has-post-thumbnail","6":"product_cat-gaming","7":"product_cat-mouse-gaming","9":"first","10":"instock","11":"shipping-taxable","12":"purchasable","13":"product-type-simple"},"_links":{"self":[{"href":"https:\/\/www.metron-ks.com\/index.php?rest_route=\/wp\/v2\/product\/775","targetHints":{"allow":["GET"]}}],"collection":[{"href":"https:\/\/www.metron-ks.com\/index.php?rest_route=\/wp\/v2\/product"}],"about":[{"href":"https:\/\/www.metron-ks.com\/index.php?rest_route=\/wp\/v2\/types\/product"}],"replies":[{"embeddable":true,"href":"https:\/\/www.metron-ks.com\/index.php?rest_route=%2Fwp%2Fv2%2Fcomments&post=775"}],"wp:featuredmedia":[{"embeddable":true,"href":"https:\/\/www.metron-ks.com\/index.php?rest_route=\/wp\/v2\/media\/2483"}],"wp:attachment":[{"href":"https:\/\/www.metron-ks.com\/index.php?rest_route=%2Fwp%2Fv2%2Fmedia&parent=775"}],"wp:term":[{"taxonomy":"product_brand","embeddable":true,"href":"https:\/\/www.metron-ks.com\/index.php?rest_route=%2Fwp%2Fv2%2Fproduct_brand&post=775"},{"taxonomy":"product_cat","embeddable":true,"href":"https:\/\/www.metron-ks.com\/index.php?rest_route=%2Fwp%2Fv2%2Fproduct_cat&post=775"},{"taxonomy":"product_tag","embeddable":true,"href":"https:\/\/www.metron-ks.com\/index.php?rest_route=%2Fwp%2Fv2%2Fproduct_tag&post=775"}],"curies":[{"name":"wp","href":"https:\/\/api.w.org\/{rel}","templated":true}]}}