{"id":7936,"date":"2025-05-23T14:42:23","date_gmt":"2025-05-23T14:42:23","guid":{"rendered":"https:\/\/www.metron-ks.com\/?post_type=product&#038;p=7936"},"modified":"2025-05-23T14:42:23","modified_gmt":"2025-05-23T14:42:23","slug":"cante-krahu-sbox-amsterdam-nss-00280-gri-zeze","status":"publish","type":"product","link":"https:\/\/www.metron-ks.com\/?product=cante-krahu-sbox-amsterdam-nss-00280-gri-zeze","title":{"rendered":"\u00c7ant\u00eb krahu Sbox Amsterdam NSS-00280, Gri\/Zez\u00eb"},"content":{"rendered":"<p>\u00c7anta\u00a0SBOX Amsterdam kombinon dizajnin modern me funksionalitetin inteligjent. E projektuar p\u00ebr laptop\u00eb deri n\u00eb 18&#8243;, ajo p\u00ebrmban nj\u00eb ndarje kryesore t\u00eb bollshme, xhepa t\u00eb shumt\u00eb p\u00ebrpara, mbajt\u00ebse rrjete an\u00ebsore dhe nj\u00eb dalje USB t\u00eb integruar p\u00ebr karikim t\u00eb leht\u00eb gjat\u00eb l\u00ebvizjes. E prodhuar nga materiale rezistente ndaj ujit, \u00ebsht\u00eb \u00e7anta shpine ideale p\u00ebr p\u00ebrdorim t\u00eb p\u00ebrditsh\u00ebm n\u00eb pun\u00eb, udh\u00ebtim ose shkoll\u00eb.<\/p>\n<p>P\u00ebr madh\u00ebsin\u00eb e laptopit: 18.0&#8221;<br \/>\nNgjyra: Gri\/E zez\u00eb<br \/>\nNumri i ndarjeve: 1 x ndarje kryesore me zinxhir + 3 x ndarje shtes\u00eb n\u00eb pjes\u00ebn e p\u00ebrparme + 2 xhepa rrjet\u00eb an\u00ebsore p\u00ebr shishe\/ombrell\u00eb + ndarje e brendshme p\u00ebr laptop + dalje USB p\u00ebr karikues n\u00eb pjes\u00ebn e jashtme t\u00eb \u00e7ant\u00ebs s\u00eb shpin\u00ebs<br \/>\nMateriali: Najlon HQ<br \/>\nMateriali rezistent ndaj ujit: Po<br \/>\nDimensionet (mm): 330x460x130<br \/>\nMateriali i jasht\u00ebm: Poliester 210D<br \/>\nTjet\u00ebr: Pastroni me nj\u00eb leck\u00eb t\u00eb lagur<\/p>\n","protected":false},"excerpt":{"rendered":"<p>NSS-00280<\/p>\n","protected":false},"featured_media":7937,"comment_status":"open","ping_status":"closed","template":"","meta":[],"product_brand":[],"product_cat":[118,25,141],"product_tag":[],"class_list":{"0":"post-7936","1":"product","2":"type-product","3":"status-publish","4":"has-post-thumbnail","6":"product_cat-aksesore","7":"product_cat-cante","8":"product_cat-pclaptop","10":"first","11":"instock","12":"shipping-taxable","13":"purchasable","14":"product-type-simple"},"_links":{"self":[{"href":"https:\/\/www.metron-ks.com\/index.php?rest_route=\/wp\/v2\/product\/7936","targetHints":{"allow":["GET"]}}],"collection":[{"href":"https:\/\/www.metron-ks.com\/index.php?rest_route=\/wp\/v2\/product"}],"about":[{"href":"https:\/\/www.metron-ks.com\/index.php?rest_route=\/wp\/v2\/types\/product"}],"replies":[{"embeddable":true,"href":"https:\/\/www.metron-ks.com\/index.php?rest_route=%2Fwp%2Fv2%2Fcomments&post=7936"}],"wp:featuredmedia":[{"embeddable":true,"href":"https:\/\/www.metron-ks.com\/index.php?rest_route=\/wp\/v2\/media\/7937"}],"wp:attachment":[{"href":"https:\/\/www.metron-ks.com\/index.php?rest_route=%2Fwp%2Fv2%2Fmedia&parent=7936"}],"wp:term":[{"taxonomy":"product_brand","embeddable":true,"href":"https:\/\/www.metron-ks.com\/index.php?rest_route=%2Fwp%2Fv2%2Fproduct_brand&post=7936"},{"taxonomy":"product_cat","embeddable":true,"href":"https:\/\/www.metron-ks.com\/index.php?rest_route=%2Fwp%2Fv2%2Fproduct_cat&post=7936"},{"taxonomy":"product_tag","embeddable":true,"href":"https:\/\/www.metron-ks.com\/index.php?rest_route=%2Fwp%2Fv2%2Fproduct_tag&post=7936"}],"curies":[{"name":"wp","href":"https:\/\/api.w.org\/{rel}","templated":true}]}}