{"id":8048,"date":"2025-07-21T07:53:10","date_gmt":"2025-07-21T07:53:10","guid":{"rendered":"https:\/\/www.metron-ks.com\/?post_type=product&#038;p=8048"},"modified":"2025-07-21T07:56:01","modified_gmt":"2025-07-21T07:56:01","slug":"samsung-galaxy-watch-8-44mm-grafit","status":"publish","type":"product","link":"https:\/\/www.metron-ks.com\/?product=samsung-galaxy-watch-8-44mm-grafit","title":{"rendered":"Samsung Galaxy Watch 8, 44mm, grafit"},"content":{"rendered":"<h4 data-start=\"121\" data-end=\"139\">\ud83d\udcf1 <strong data-start=\"129\" data-end=\"139\">Ekrani<\/strong><\/h4>\n<ul data-start=\"140\" data-end=\"243\">\n<li data-start=\"140\" data-end=\"187\">\n<p data-start=\"142\" data-end=\"187\"><strong data-start=\"142\" data-end=\"152\">Lloji:<\/strong> Super AMOLED, me ngjyra t\u00eb plota<\/p>\n<\/li>\n<li data-start=\"188\" data-end=\"243\">\n<p data-start=\"190\" data-end=\"243\"><strong data-start=\"190\" data-end=\"201\">Ve\u00e7ori:<\/strong> Ekran gjithmon\u00eb aktiv (Always On Display)<\/p>\n<\/li>\n<\/ul>\n<h4 data-start=\"245\" data-end=\"264\">\ud83d\udd0b <strong data-start=\"253\" data-end=\"264\">Bateria<\/strong><\/h4>\n<ul data-start=\"265\" data-end=\"353\">\n<li data-start=\"265\" data-end=\"292\">\n<p data-start=\"267\" data-end=\"292\"><strong data-start=\"267\" data-end=\"282\">Kapaciteti:<\/strong> 435 mAh<\/p>\n<\/li>\n<li data-start=\"293\" data-end=\"353\">\n<p data-start=\"295\" data-end=\"353\"><strong data-start=\"295\" data-end=\"317\">Karikim i shpejt\u00eb:<\/strong> Me val\u00eb, bazuar n\u00eb teknologjin\u00eb WPC<\/p>\n<\/li>\n<\/ul>\n<h4 data-start=\"355\" data-end=\"374\">\ud83d\udcbe <strong data-start=\"363\" data-end=\"374\">Memorja<\/strong><\/h4>\n<ul data-start=\"375\" data-end=\"436\">\n<li data-start=\"375\" data-end=\"392\">\n<p data-start=\"377\" data-end=\"392\"><strong data-start=\"377\" data-end=\"385\">RAM:<\/strong> 2 GB<\/p>\n<\/li>\n<li data-start=\"393\" data-end=\"436\">\n<p data-start=\"395\" data-end=\"436\"><strong data-start=\"395\" data-end=\"430\">Hap\u00ebsir\u00eb e brendshme (storage):<\/strong> 32 GB<\/p>\n<\/li>\n<\/ul>\n<h4 data-start=\"438\" data-end=\"466\">\ud83d\udccf <strong data-start=\"446\" data-end=\"466\">P\u00ebrmasat &amp; Pesha<\/strong><\/h4>\n<ul data-start=\"467\" data-end=\"532\">\n<li data-start=\"467\" data-end=\"508\">\n<p data-start=\"469\" data-end=\"508\"><strong data-start=\"469\" data-end=\"481\">P\u00ebrmasa:<\/strong> 43.7 mm x 46 mm x 8.6 mm<\/p>\n<\/li>\n<li data-start=\"509\" data-end=\"532\">\n<p data-start=\"511\" data-end=\"532\"><strong data-start=\"511\" data-end=\"521\">Pesha:<\/strong> 34.0 gram\u00eb<\/p>\n<\/li>\n<\/ul>\n<h4 data-start=\"534\" data-end=\"562\">\u2699\ufe0f <strong data-start=\"542\" data-end=\"562\">Sistemi Operativ<\/strong><\/h4>\n<ul data-start=\"563\" data-end=\"654\">\n<li data-start=\"563\" data-end=\"622\">\n<p data-start=\"565\" data-end=\"622\"><strong data-start=\"565\" data-end=\"577\">Sistemi:<\/strong> Wear OS i fuqizuar nga Samsung (Wear OS 6)<\/p>\n<\/li>\n<li data-start=\"623\" data-end=\"654\">\n<p data-start=\"625\" data-end=\"654\"><strong data-start=\"625\" data-end=\"639\">Nd\u00ebrfaqja:<\/strong> One UI 8 Watch<\/p>\n<\/li>\n<\/ul>\n<h4 data-start=\"656\" data-end=\"702\">\ud83e\ude7a <strong data-start=\"664\" data-end=\"702\">Sensor\u00eb dhe Monitorimi i Sh\u00ebndetit<\/strong><\/h4>\n<p>Samsung BioActive Sensor (Optical Bio-signal Sensor + Electrical Heart Signal<br \/>\n+ Bioelectrical Impedance Analysis), Temperature Sensor, Accelerometer,<br \/>\nBarometer, Gyro Sensor, Geomagnetic Sensor, Light Sensor<\/p>\n<h4 data-start=\"1013\" data-end=\"1040\">\ud83d\udee1\ufe0f <strong data-start=\"1022\" data-end=\"1040\">Q\u00ebndrueshm\u00ebria<\/strong><\/h4>\n<ul data-start=\"1041\" data-end=\"1135\">\n<li data-start=\"1041\" data-end=\"1095\">\n<p data-start=\"1043\" data-end=\"1095\"><strong data-start=\"1043\" data-end=\"1081\">Rezistenc\u00eb ndaj ujit dhe pluhurit:<\/strong> 5ATM + IP68<\/p>\n<\/li>\n<li data-start=\"1096\" data-end=\"1135\">\n<p data-start=\"1098\" data-end=\"1135\"><strong data-start=\"1098\" data-end=\"1122\">Standarde ushtarake:<\/strong> MIL-STD-810H<\/p>\n<\/li>\n<\/ul>\n<h4 data-start=\"1137\" data-end=\"1163\">\ud83d\udcf1 <strong data-start=\"1145\" data-end=\"1163\">P\u00ebrputhshm\u00ebria<\/strong><\/h4>\n<ul data-start=\"1164\" data-end=\"1249\">\n<li data-start=\"1164\" data-end=\"1216\">\n<p data-start=\"1166\" data-end=\"1216\">P\u00ebr pajisje Android me version 12.0 ose m\u00eb t\u00eb ri<\/p>\n<\/li>\n<li data-start=\"1217\" data-end=\"1249\">\n<p data-start=\"1219\" data-end=\"1249\">T\u00eb ken\u00eb m\u00eb shum\u00eb se 1.5 GB RAM<\/p>\n<\/li>\n<\/ul>\n","protected":false},"excerpt":{"rendered":"<p>SM-L330NDAAEUC<\/p>\n","protected":false},"featured_media":8034,"comment_status":"closed","ping_status":"closed","template":"","meta":[],"product_brand":[],"product_cat":[118,30,66,114],"product_tag":[],"class_list":{"0":"post-8048","1":"product","2":"type-product","3":"status-publish","4":"has-post-thumbnail","6":"product_cat-aksesore","7":"product_cat-docking","8":"product_cat-oremates-aktiviteti","9":"product_cat-smart","11":"first","12":"instock","13":"shipping-taxable","14":"purchasable","15":"product-type-simple"},"_links":{"self":[{"href":"https:\/\/www.metron-ks.com\/index.php?rest_route=\/wp\/v2\/product\/8048","targetHints":{"allow":["GET"]}}],"collection":[{"href":"https:\/\/www.metron-ks.com\/index.php?rest_route=\/wp\/v2\/product"}],"about":[{"href":"https:\/\/www.metron-ks.com\/index.php?rest_route=\/wp\/v2\/types\/product"}],"replies":[{"embeddable":true,"href":"https:\/\/www.metron-ks.com\/index.php?rest_route=%2Fwp%2Fv2%2Fcomments&post=8048"}],"wp:featuredmedia":[{"embeddable":true,"href":"https:\/\/www.metron-ks.com\/index.php?rest_route=\/wp\/v2\/media\/8034"}],"wp:attachment":[{"href":"https:\/\/www.metron-ks.com\/index.php?rest_route=%2Fwp%2Fv2%2Fmedia&parent=8048"}],"wp:term":[{"taxonomy":"product_brand","embeddable":true,"href":"https:\/\/www.metron-ks.com\/index.php?rest_route=%2Fwp%2Fv2%2Fproduct_brand&post=8048"},{"taxonomy":"product_cat","embeddable":true,"href":"https:\/\/www.metron-ks.com\/index.php?rest_route=%2Fwp%2Fv2%2Fproduct_cat&post=8048"},{"taxonomy":"product_tag","embeddable":true,"href":"https:\/\/www.metron-ks.com\/index.php?rest_route=%2Fwp%2Fv2%2Fproduct_tag&post=8048"}],"curies":[{"name":"wp","href":"https:\/\/api.w.org\/{rel}","templated":true}]}}