{"id":8168,"date":"2025-07-29T06:32:57","date_gmt":"2025-07-29T06:32:57","guid":{"rendered":"https:\/\/www.metron-ks.com\/?post_type=product&#038;p=8168"},"modified":"2025-07-29T06:34:48","modified_gmt":"2025-07-29T06:34:48","slug":"rrip-sportiv-m-l-per-galaxy-watch8-watch8-classic","status":"publish","type":"product","link":"https:\/\/www.metron-ks.com\/?product=rrip-sportiv-m-l-per-galaxy-watch8-watch8-classic","title":{"rendered":"Rrip Sportiv  (M\/L) p\u00ebr Galaxy Watch8 | Watch8 Classic"},"content":{"rendered":"<p>Disenjuar me gom\u00eb t\u00eb but\u00eb, Sport Band ofron nj\u00eb p\u00ebrshtatje komode dhe fleksib\u00ebl. Vjen me val\u00ebzime ajrimi n\u00eb an\u00ebn e brendshme t\u00eb rripit p\u00ebr t\u00eb p\u00ebrmir\u00ebsuar qarkullimin e ajrit dhe me tegel ngjyrimesh t\u00eb ngjashme.<\/p>\n<p>Kontrollojeni m\u00eb s\u00eb miri rutin\u00ebn e p\u00ebrditshme t\u00eb st\u00ebrvitjes me Sport Band. Pavar\u00ebsisht n\u00ebse jeni duke vrapuar, notuar, drejtuar bi\u00e7iklet\u00ebn, dizajni i saj ju ndihmon t\u00eb q\u00ebndroni komod\u00eb gjat\u00eb dit\u00ebs.<\/p>\n","protected":false},"excerpt":{"rendered":"<p>ET-SNL33LNEGEU<\/p>\n","protected":false},"featured_media":8170,"comment_status":"closed","ping_status":"closed","template":"","meta":[],"product_brand":[],"product_cat":[118,66,152,114],"product_tag":[],"class_list":{"0":"post-8168","1":"product","2":"type-product","3":"status-publish","4":"has-post-thumbnail","6":"product_cat-aksesore","7":"product_cat-oremates-aktiviteti","8":"product_cat-rripa","9":"product_cat-smart","11":"first","12":"instock","13":"shipping-taxable","14":"purchasable","15":"product-type-simple"},"_links":{"self":[{"href":"https:\/\/www.metron-ks.com\/index.php?rest_route=\/wp\/v2\/product\/8168","targetHints":{"allow":["GET"]}}],"collection":[{"href":"https:\/\/www.metron-ks.com\/index.php?rest_route=\/wp\/v2\/product"}],"about":[{"href":"https:\/\/www.metron-ks.com\/index.php?rest_route=\/wp\/v2\/types\/product"}],"replies":[{"embeddable":true,"href":"https:\/\/www.metron-ks.com\/index.php?rest_route=%2Fwp%2Fv2%2Fcomments&post=8168"}],"wp:featuredmedia":[{"embeddable":true,"href":"https:\/\/www.metron-ks.com\/index.php?rest_route=\/wp\/v2\/media\/8170"}],"wp:attachment":[{"href":"https:\/\/www.metron-ks.com\/index.php?rest_route=%2Fwp%2Fv2%2Fmedia&parent=8168"}],"wp:term":[{"taxonomy":"product_brand","embeddable":true,"href":"https:\/\/www.metron-ks.com\/index.php?rest_route=%2Fwp%2Fv2%2Fproduct_brand&post=8168"},{"taxonomy":"product_cat","embeddable":true,"href":"https:\/\/www.metron-ks.com\/index.php?rest_route=%2Fwp%2Fv2%2Fproduct_cat&post=8168"},{"taxonomy":"product_tag","embeddable":true,"href":"https:\/\/www.metron-ks.com\/index.php?rest_route=%2Fwp%2Fv2%2Fproduct_tag&post=8168"}],"curies":[{"name":"wp","href":"https:\/\/api.w.org\/{rel}","templated":true}]}}