{"id":835,"date":"2023-03-06T22:23:45","date_gmt":"2023-03-06T22:23:45","guid":{"rendered":"https:\/\/www.metron-ks.com\/product\/mbajtes-per-2-monitor-gaming-white-shark-gms-3202-rhamses-17-27-inch\/"},"modified":"2025-01-15T11:03:26","modified_gmt":"2025-01-15T11:03:26","slug":"mbajtes-per-2-monitor-gaming-white-shark-gms-3202-rhamses-17-27-inch","status":"publish","type":"product","link":"https:\/\/www.metron-ks.com\/?product=mbajtes-per-2-monitor-gaming-white-shark-gms-3202-rhamses-17-27-inch","title":{"rendered":"Mbajt\u00ebs p\u00ebr 2 monitor Gaming White Shark GMS-3202 Rhamses, 17-27 inch"},"content":{"rendered":"<p>Mbajt\u00ebsi Pro Gaming i White Shark\u00a0\u00ebsht\u00eb b\u00ebr\u00eb prej alumini t\u00eb nivelit t\u00eb lart\u00eb p\u00ebr t\u00eb sh\u00ebrbyer si nj\u00eb shoq\u00ebrues prej koh\u00ebsh n\u00eb p\u00ebrpjekjet tuaja t\u00eb loj\u00ebrave. Projektuar n\u00eb stilin e loj\u00ebrave, ky mbajt\u00ebs\u00a0monitori do t&#8217;ju ndihmoj\u00eb t\u00eb fitoni n\u00eb m\u00ebnyr\u00ebn m\u00eb t\u00eb rehatshme!<\/p>\n<p>B\u00ebr\u00eb prej \u00e7eliku, alumini dhe plastike.<\/p>\n<p>Organizoni kabllot tuaja me leht\u00ebsi.<\/p>\n<p>Pjerr\u00ebsia vertikale: + 15 \u00b0 n\u00eb -15 \u00b0<\/p>\n<p>Madh\u00ebsia e rekomanduar e ekranit: 17 &#8211; 27 in\u00e7 (43 cm &#8211; 69 cm)<\/p>\n<p>Rrotullimi i ekranit: + 180 \u00b0 n\u00eb -180 \u00b0<\/p>\n<p>Pjerr\u00ebsia horizontale: + 15 \u00b0 deri -15 \u00b0<\/p>\n<p>Ngarkesa: 7 kg \/ 15,4 lb (p\u00ebr monitor)<\/p>\n<p>Lart\u00ebsia: 485 mm<\/p>\n<p>P\u00ebrkrah\u00eb vendosje edhe p\u00ebr ekranet e lakuara<\/p>\n","protected":false},"excerpt":{"rendered":"<p>Mbajt\u00ebs Gaming White Shark p\u00ebr 2 monitor 17-27 inch,GMS-3202 Rhamses<\/p>\n","protected":false},"featured_media":2310,"comment_status":"closed","ping_status":"closed","template":"","meta":[],"product_brand":[],"product_cat":[116],"product_tag":[],"class_list":{"0":"post-835","1":"product","2":"type-product","3":"status-publish","4":"has-post-thumbnail","6":"product_cat-gaming","8":"first","9":"instock","10":"shipping-taxable","11":"purchasable","12":"product-type-simple"},"_links":{"self":[{"href":"https:\/\/www.metron-ks.com\/index.php?rest_route=\/wp\/v2\/product\/835","targetHints":{"allow":["GET"]}}],"collection":[{"href":"https:\/\/www.metron-ks.com\/index.php?rest_route=\/wp\/v2\/product"}],"about":[{"href":"https:\/\/www.metron-ks.com\/index.php?rest_route=\/wp\/v2\/types\/product"}],"replies":[{"embeddable":true,"href":"https:\/\/www.metron-ks.com\/index.php?rest_route=%2Fwp%2Fv2%2Fcomments&post=835"}],"wp:featuredmedia":[{"embeddable":true,"href":"https:\/\/www.metron-ks.com\/index.php?rest_route=\/wp\/v2\/media\/2310"}],"wp:attachment":[{"href":"https:\/\/www.metron-ks.com\/index.php?rest_route=%2Fwp%2Fv2%2Fmedia&parent=835"}],"wp:term":[{"taxonomy":"product_brand","embeddable":true,"href":"https:\/\/www.metron-ks.com\/index.php?rest_route=%2Fwp%2Fv2%2Fproduct_brand&post=835"},{"taxonomy":"product_cat","embeddable":true,"href":"https:\/\/www.metron-ks.com\/index.php?rest_route=%2Fwp%2Fv2%2Fproduct_cat&post=835"},{"taxonomy":"product_tag","embeddable":true,"href":"https:\/\/www.metron-ks.com\/index.php?rest_route=%2Fwp%2Fv2%2Fproduct_tag&post=835"}],"curies":[{"name":"wp","href":"https:\/\/api.w.org\/{rel}","templated":true}]}}