{"id":843,"date":"2023-03-06T22:23:48","date_gmt":"2023-03-06T22:23:48","guid":{"rendered":"https:\/\/www.metron-ks.com\/product\/mbajtes-per-tv-manhattan-461986-37-70-50-kg\/"},"modified":"2025-01-15T08:42:43","modified_gmt":"2025-01-15T08:42:43","slug":"mbajtes-per-tv-manhattan-461986-37-70-50-kg","status":"publish","type":"product","link":"https:\/\/www.metron-ks.com\/?product=mbajtes-per-tv-manhattan-461986-37-70-50-kg","title":{"rendered":"Mbajt\u00ebs p\u00ebr TV Manhattan 461986, 37&#8243;-70&#8243;, 50 kg"},"content":{"rendered":"<p>Ky mbajt\u00ebs shtrihet vet\u00ebm 25 mm (0.98 in.) nga muri. E nd\u00ebrtuar nga \u00e7eliku me cil\u00ebsi t\u00eb lart\u00eb,\u00a0 ky\u00a0mbajtes ultra i holl\u00eb\u00a0p\u00ebrshtatet me TV LCD t\u00eb shesht\u00eb dhe t\u00eb lakuar, LED ose plazma deri n\u00eb 70 &#8220;dhe pesh\u00eb deri n\u00eb 50 kg (110 lbs.). Ofron pajtueshm\u00ebri t\u00eb VESA deri n\u00eb 600&#215;400.\u00a0Ideale p\u00ebr banim, zyr\u00eb, mikpritje, klas\u00eb, sall\u00eb konferencash, sinjalistik\u00eb dixhitale dhe aplikime t\u00eb tjera komerciale.<\/p>\n<p>Mbajt\u00ebs p\u00ebr TV me profil t\u00eb ul\u00ebt, Fixed, Ultra Slim.<\/p>\n<p>Mb\u00ebshtet nj\u00eb TV 37 &#8220;deri 70&#8221; deri n\u00eb 50 kg (110 l.)<br \/>\nNd\u00ebrtim \u00e7eliku i r\u00ebnd\u00eb me veshje pluhuri<br \/>\nInstalim fiks me profil t\u00eb ul\u00ebt, ideal p\u00ebr p\u00ebrdorime sht\u00ebpiake, zyre etj<br \/>\nZgjat TV 25 mm (0,98 in.) Nga muri<br \/>\nP\u00ebrfshin nivelizimin e integruar me fluska.<\/p>\n","protected":false},"excerpt":{"rendered":"<p>Mbajt\u00ebs p\u00ebr TV me profil t\u00eb ul\u00ebt,Fixed, Ultra Slim, Manhattan, 37&#8243;-70&#8243;, 50 kg,461986<\/p>\n","protected":false},"featured_media":2280,"comment_status":"closed","ping_status":"closed","template":"","meta":[],"product_brand":[],"product_cat":[118,160,138],"product_tag":[],"class_list":{"0":"post-843","1":"product","2":"type-product","3":"status-publish","4":"has-post-thumbnail","6":"product_cat-aksesore","7":"product_cat-mbajtese-tv","8":"product_cat-tv","10":"first","11":"instock","12":"shipping-taxable","13":"purchasable","14":"product-type-simple"},"_links":{"self":[{"href":"https:\/\/www.metron-ks.com\/index.php?rest_route=\/wp\/v2\/product\/843","targetHints":{"allow":["GET"]}}],"collection":[{"href":"https:\/\/www.metron-ks.com\/index.php?rest_route=\/wp\/v2\/product"}],"about":[{"href":"https:\/\/www.metron-ks.com\/index.php?rest_route=\/wp\/v2\/types\/product"}],"replies":[{"embeddable":true,"href":"https:\/\/www.metron-ks.com\/index.php?rest_route=%2Fwp%2Fv2%2Fcomments&post=843"}],"wp:featuredmedia":[{"embeddable":true,"href":"https:\/\/www.metron-ks.com\/index.php?rest_route=\/wp\/v2\/media\/2280"}],"wp:attachment":[{"href":"https:\/\/www.metron-ks.com\/index.php?rest_route=%2Fwp%2Fv2%2Fmedia&parent=843"}],"wp:term":[{"taxonomy":"product_brand","embeddable":true,"href":"https:\/\/www.metron-ks.com\/index.php?rest_route=%2Fwp%2Fv2%2Fproduct_brand&post=843"},{"taxonomy":"product_cat","embeddable":true,"href":"https:\/\/www.metron-ks.com\/index.php?rest_route=%2Fwp%2Fv2%2Fproduct_cat&post=843"},{"taxonomy":"product_tag","embeddable":true,"href":"https:\/\/www.metron-ks.com\/index.php?rest_route=%2Fwp%2Fv2%2Fproduct_tag&post=843"}],"curies":[{"name":"wp","href":"https:\/\/api.w.org\/{rel}","templated":true}]}}