{"id":8443,"date":"2025-10-15T13:14:39","date_gmt":"2025-10-15T13:14:39","guid":{"rendered":"https:\/\/www.metron-ks.com\/?post_type=product&#038;p=8443"},"modified":"2025-10-15T13:14:39","modified_gmt":"2025-10-15T13:14:39","slug":"ipeax-mbajtese-per-telefon-clip-1","status":"publish","type":"product","link":"https:\/\/www.metron-ks.com\/?product=ipeax-mbajtese-per-telefon-clip-1","title":{"rendered":"iPEAX Mbajt\u00ebse p\u00ebr telefon CLIP-1"},"content":{"rendered":"<p>Karakteristikat kryesore:<br \/>\nSistem mekanik p\u00ebr kapje dhe l\u00ebshim t\u00eb sigurt t\u00eb telefonit<br \/>\nDy kap\u00ebse t\u00eb pasme p\u00ebr heqje t\u00eb leht\u00eb<br \/>\nMontim ne xham apo ne dashboard<br \/>\nP\u00ebrshtatje universale p\u00ebr shumic\u00ebn e telefonave inteligjent\u00eb<br \/>\nNuk k\u00ebrkohet energji elektrike ose kabllo<\/p>\n<p>Specifikimet:<br \/>\nGjer\u00ebsia e kap\u00ebses: 54\u201374 mm<br \/>\nMateriali: Plastik\u00eb ABS<\/p>\n","protected":false},"excerpt":{"rendered":"<p>90010149<\/p>\n","protected":false},"featured_media":8445,"comment_status":"closed","ping_status":"closed","template":"","meta":[],"product_brand":[],"product_cat":[118,113,162],"product_tag":[],"class_list":{"0":"post-8443","1":"product","2":"type-product","3":"status-publish","4":"has-post-thumbnail","6":"product_cat-aksesore","7":"product_cat-celulartabletnavigim","8":"product_cat-mbajtese-celulartabletnavigim","10":"first","11":"instock","12":"shipping-taxable","13":"purchasable","14":"product-type-simple"},"_links":{"self":[{"href":"https:\/\/www.metron-ks.com\/index.php?rest_route=\/wp\/v2\/product\/8443","targetHints":{"allow":["GET"]}}],"collection":[{"href":"https:\/\/www.metron-ks.com\/index.php?rest_route=\/wp\/v2\/product"}],"about":[{"href":"https:\/\/www.metron-ks.com\/index.php?rest_route=\/wp\/v2\/types\/product"}],"replies":[{"embeddable":true,"href":"https:\/\/www.metron-ks.com\/index.php?rest_route=%2Fwp%2Fv2%2Fcomments&post=8443"}],"wp:featuredmedia":[{"embeddable":true,"href":"https:\/\/www.metron-ks.com\/index.php?rest_route=\/wp\/v2\/media\/8445"}],"wp:attachment":[{"href":"https:\/\/www.metron-ks.com\/index.php?rest_route=%2Fwp%2Fv2%2Fmedia&parent=8443"}],"wp:term":[{"taxonomy":"product_brand","embeddable":true,"href":"https:\/\/www.metron-ks.com\/index.php?rest_route=%2Fwp%2Fv2%2Fproduct_brand&post=8443"},{"taxonomy":"product_cat","embeddable":true,"href":"https:\/\/www.metron-ks.com\/index.php?rest_route=%2Fwp%2Fv2%2Fproduct_cat&post=8443"},{"taxonomy":"product_tag","embeddable":true,"href":"https:\/\/www.metron-ks.com\/index.php?rest_route=%2Fwp%2Fv2%2Fproduct_tag&post=8443"}],"curies":[{"name":"wp","href":"https:\/\/api.w.org\/{rel}","templated":true}]}}