{"id":866,"date":"2023-03-06T22:24:01","date_gmt":"2023-03-06T22:24:01","guid":{"rendered":"https:\/\/www.metron-ks.com\/product\/mbajtese-per-tv-hama-118108-10-32-75\/"},"modified":"2025-01-13T14:46:53","modified_gmt":"2025-01-13T14:46:53","slug":"mbajtese-per-tv-hama-118108-10-32-75","status":"publish","type":"product","link":"https:\/\/www.metron-ks.com\/?product=mbajtese-per-tv-hama-118108-10-32-75","title":{"rendered":"Mbajt\u00ebse p\u00ebr TV HAMA 118108, -10\u00b0, 32&#8221;-75&#8221;"},"content":{"rendered":"<p>Madh\u00ebsia e ekranit:<br \/>\n80 cm (32&#8243;), 84 cm (33&#8243;), 86 cm (34&#8243;), 89 cm (35&#8243;), 91 cm (36&#8243;), 94 cm (37&#8243;), 97 cm (38&#8243;), 99 39 &#8220;, 102 cm (40&#8243;), 104 cm (41&#8243;), 107 cm (42&#8243;), 109 cm (43&#8243;), 112 cm (44&#8243;), 114 cm (45&#8243;), 117 cm 46&#8243;, 119 cm (47&#8243;), 122 cm (48&#8243;), 123 cm (49&#8243;), 127 cm (50&#8243;), 129 cm (51&#8243;), 132 cm (52&#8243;), 137 cm (54&#8243;) , 140 cm (55&#8243;), 147 cm (58&#8243;), 152 cm (60&#8243;), 163 cm (64&#8243;), 165 cm (65&#8243;), 178 cm (70&#8243;), 191 cm (75&#8221;).<\/p>\n<p>Gjer\u00ebsia e dimensionit t\u00eb jasht\u00ebm: 62cm;<br \/>\nLart\u00ebsia e dimensionit t\u00eb jasht\u00ebm: 42cm;<br \/>\nGjer\u00ebsia e pllak\u00ebs s\u00eb montimit:\u00a09,6cm;<br \/>\nGjat\u00ebsia e pllak\u00ebs fiksuese: 62cm;<br \/>\nPjerr\u00ebsi deri n\u00eb\u00a0<span style=\"color: #595959; font-family: 'Coco Sharp Regular', Arial, sans-serif; font-size: 15px;\">-10\u00b0;<\/span><br \/>\nVESA (nga-n\u00eb):\u00a0<span style=\"color: #595959; font-family: 'Coco Sharp Regular', Arial, sans-serif; font-size: 15px;\">100&#215;100 &#8211; 600&#215;400;<\/span><br \/>\nNgarkesa maksimale: 40kg.<\/p>\n","protected":false},"excerpt":{"rendered":"<p>Mbajt\u00ebse p\u00ebr TV HAMA 118108, -10\u00b0, 32&#8221;-75&#8221;<\/p>\n","protected":false},"featured_media":2193,"comment_status":"closed","ping_status":"closed","template":"","meta":[],"product_brand":[],"product_cat":[118,160,138],"product_tag":[],"class_list":{"0":"post-866","1":"product","2":"type-product","3":"status-publish","4":"has-post-thumbnail","6":"product_cat-aksesore","7":"product_cat-mbajtese-tv","8":"product_cat-tv","10":"first","11":"instock","12":"shipping-taxable","13":"purchasable","14":"product-type-simple"},"_links":{"self":[{"href":"https:\/\/www.metron-ks.com\/index.php?rest_route=\/wp\/v2\/product\/866","targetHints":{"allow":["GET"]}}],"collection":[{"href":"https:\/\/www.metron-ks.com\/index.php?rest_route=\/wp\/v2\/product"}],"about":[{"href":"https:\/\/www.metron-ks.com\/index.php?rest_route=\/wp\/v2\/types\/product"}],"replies":[{"embeddable":true,"href":"https:\/\/www.metron-ks.com\/index.php?rest_route=%2Fwp%2Fv2%2Fcomments&post=866"}],"wp:featuredmedia":[{"embeddable":true,"href":"https:\/\/www.metron-ks.com\/index.php?rest_route=\/wp\/v2\/media\/2193"}],"wp:attachment":[{"href":"https:\/\/www.metron-ks.com\/index.php?rest_route=%2Fwp%2Fv2%2Fmedia&parent=866"}],"wp:term":[{"taxonomy":"product_brand","embeddable":true,"href":"https:\/\/www.metron-ks.com\/index.php?rest_route=%2Fwp%2Fv2%2Fproduct_brand&post=866"},{"taxonomy":"product_cat","embeddable":true,"href":"https:\/\/www.metron-ks.com\/index.php?rest_route=%2Fwp%2Fv2%2Fproduct_cat&post=866"},{"taxonomy":"product_tag","embeddable":true,"href":"https:\/\/www.metron-ks.com\/index.php?rest_route=%2Fwp%2Fv2%2Fproduct_tag&post=866"}],"curies":[{"name":"wp","href":"https:\/\/api.w.org\/{rel}","templated":true}]}}