{"id":9001,"date":"2026-03-19T09:31:34","date_gmt":"2026-03-19T09:31:34","guid":{"rendered":"https:\/\/www.metron-ks.com\/?post_type=product&#038;p=9001"},"modified":"2026-03-19T09:31:34","modified_gmt":"2026-03-19T09:31:34","slug":"karrige-gaming-baracuda-abalone-kuqe-zeze","status":"publish","type":"product","link":"https:\/\/www.metron-ks.com\/?product=karrige-gaming-baracuda-abalone-kuqe-zeze","title":{"rendered":"Karrige Gaming Baracuda ABALONE, Kuqe\/Zez\u00eb"},"content":{"rendered":"<p>Mb\u00ebshtet\u00ebset e krah\u00ebve: 1D<br \/>\nRregullimi i k\u00ebndit: Jo<br \/>\nMadh\u00ebsia dhe materiali i rrot\u00ebs: 50 mm, plastik<br \/>\nLart\u00ebsia e sediljes (cm): 42-52<br \/>\nMadh\u00ebsia e sediljes (cm): 46&#215;47<br \/>\nLart\u00ebsia e mb\u00ebshtet\u00ebses s\u00eb shpin\u00ebs (cm): 95-105<br \/>\nNgjyra: Kuqe,Zeze<br \/>\nMateriali i mbules\u00ebs s\u00eb karriges: PU + Shkum\u00eb<br \/>\nMateriali i korniz\u00ebs: Dru<br \/>\nDimensionet (cm): 57x58x95-105<br \/>\nLloji i baz\u00ebs: Mekaniz\u00ebm ngrit\u00ebs me gaz Klasa 2<br \/>\nNgarkesa (kg): 130<\/p>\n","protected":false},"excerpt":{"rendered":"<p>Abalone<\/p>\n","protected":false},"featured_media":9002,"comment_status":"closed","ping_status":"closed","template":"","meta":[],"product_brand":[],"product_cat":[118,116,133],"product_tag":[],"class_list":{"0":"post-9001","1":"product","2":"type-product","3":"status-publish","4":"has-post-thumbnail","6":"product_cat-aksesore","7":"product_cat-gaming","8":"product_cat-karrige-gaming","10":"first","11":"instock","12":"shipping-taxable","13":"purchasable","14":"product-type-simple"},"_links":{"self":[{"href":"https:\/\/www.metron-ks.com\/index.php?rest_route=\/wp\/v2\/product\/9001","targetHints":{"allow":["GET"]}}],"collection":[{"href":"https:\/\/www.metron-ks.com\/index.php?rest_route=\/wp\/v2\/product"}],"about":[{"href":"https:\/\/www.metron-ks.com\/index.php?rest_route=\/wp\/v2\/types\/product"}],"replies":[{"embeddable":true,"href":"https:\/\/www.metron-ks.com\/index.php?rest_route=%2Fwp%2Fv2%2Fcomments&post=9001"}],"wp:featuredmedia":[{"embeddable":true,"href":"https:\/\/www.metron-ks.com\/index.php?rest_route=\/wp\/v2\/media\/9002"}],"wp:attachment":[{"href":"https:\/\/www.metron-ks.com\/index.php?rest_route=%2Fwp%2Fv2%2Fmedia&parent=9001"}],"wp:term":[{"taxonomy":"product_brand","embeddable":true,"href":"https:\/\/www.metron-ks.com\/index.php?rest_route=%2Fwp%2Fv2%2Fproduct_brand&post=9001"},{"taxonomy":"product_cat","embeddable":true,"href":"https:\/\/www.metron-ks.com\/index.php?rest_route=%2Fwp%2Fv2%2Fproduct_cat&post=9001"},{"taxonomy":"product_tag","embeddable":true,"href":"https:\/\/www.metron-ks.com\/index.php?rest_route=%2Fwp%2Fv2%2Fproduct_tag&post=9001"}],"curies":[{"name":"wp","href":"https:\/\/api.w.org\/{rel}","templated":true}]}}