{"id":906,"date":"2023-03-06T22:24:26","date_gmt":"2023-03-06T22:24:26","guid":{"rendered":"https:\/\/www.metron-ks.com\/product\/mbeshtjelles-per-samsung-galaxy-s22\/"},"modified":"2025-01-13T12:26:06","modified_gmt":"2025-01-13T12:26:06","slug":"mbeshtjelles-per-samsung-galaxy-s22","status":"publish","type":"product","link":"https:\/\/www.metron-ks.com\/?product=mbeshtjelles-per-samsung-galaxy-s22","title":{"rendered":"Mb\u00ebshtjell\u00ebs p\u00ebr Samsung Galaxy S22+"},"content":{"rendered":"<p>Shtresa antibakteriale e mbeshtjellesit Smart Clear View e mbron at\u00eb nga rritja e mikrobeve. K\u00ebshtu q\u00eb nuk duhet t\u00eb shqet\u00ebsoheni m\u00eb p\u00ebr mikrobet dhe mund t\u00eb kaloni m\u00eb shum\u00eb koh\u00eb duke b\u00ebr\u00eb at\u00eb q\u00eb \u00ebsht\u00eb v\u00ebrtet e r\u00ebnd\u00ebsishme.<\/p>\n<p>Mbeshtjellesi Smart Clear View e rrethon telefonin, duke e mbrojtur at\u00eb nga t\u00eb gjitha an\u00ebt &#8211; duke p\u00ebrfshir\u00eb pjes\u00ebn e p\u00ebrparme, t\u00eb cil\u00ebn e siguron me nj\u00eb kapak hap\u00ebs. Kutia p\u00ebrshtatet mir\u00eb me pajisjen p\u00ebr t\u00eb mbrojtur pjes\u00ebt e saj t\u00eb jashtme, si kameren\u00a0dhe butonat.<\/p>\n","protected":false},"excerpt":{"rendered":"<p>Mb\u00ebshtjell\u00ebs p\u00ebr Samsung Galaxy S22+.<\/p>\n","protected":false},"featured_media":2062,"comment_status":"closed","ping_status":"closed","template":"","meta":[],"product_brand":[],"product_cat":[113,56],"product_tag":[],"class_list":{"0":"post-906","1":"product","2":"type-product","3":"status-publish","4":"has-post-thumbnail","6":"product_cat-celulartabletnavigim","7":"product_cat-mbeshtjelles","9":"first","10":"instock","11":"shipping-taxable","12":"purchasable","13":"product-type-simple"},"_links":{"self":[{"href":"https:\/\/www.metron-ks.com\/index.php?rest_route=\/wp\/v2\/product\/906","targetHints":{"allow":["GET"]}}],"collection":[{"href":"https:\/\/www.metron-ks.com\/index.php?rest_route=\/wp\/v2\/product"}],"about":[{"href":"https:\/\/www.metron-ks.com\/index.php?rest_route=\/wp\/v2\/types\/product"}],"replies":[{"embeddable":true,"href":"https:\/\/www.metron-ks.com\/index.php?rest_route=%2Fwp%2Fv2%2Fcomments&post=906"}],"wp:featuredmedia":[{"embeddable":true,"href":"https:\/\/www.metron-ks.com\/index.php?rest_route=\/wp\/v2\/media\/2062"}],"wp:attachment":[{"href":"https:\/\/www.metron-ks.com\/index.php?rest_route=%2Fwp%2Fv2%2Fmedia&parent=906"}],"wp:term":[{"taxonomy":"product_brand","embeddable":true,"href":"https:\/\/www.metron-ks.com\/index.php?rest_route=%2Fwp%2Fv2%2Fproduct_brand&post=906"},{"taxonomy":"product_cat","embeddable":true,"href":"https:\/\/www.metron-ks.com\/index.php?rest_route=%2Fwp%2Fv2%2Fproduct_cat&post=906"},{"taxonomy":"product_tag","embeddable":true,"href":"https:\/\/www.metron-ks.com\/index.php?rest_route=%2Fwp%2Fv2%2Fproduct_tag&post=906"}],"curies":[{"name":"wp","href":"https:\/\/api.w.org\/{rel}","templated":true}]}}