{"id":9074,"date":"2026-04-13T12:45:42","date_gmt":"2026-04-13T12:45:42","guid":{"rendered":"https:\/\/www.metron-ks.com\/?post_type=product&#038;p=9074"},"modified":"2026-04-13T14:36:47","modified_gmt":"2026-04-13T14:36:47","slug":"skuter-elektrik-mes-xhe4-i-zi","status":"publish","type":"product","link":"https:\/\/www.metron-ks.com\/?product=skuter-elektrik-mes-xhe4-i-zi","title":{"rendered":"Skuter Elektrik MES XHE4"},"content":{"rendered":"<p>Modeli: XHE4<br \/>\nKontrolluesi: ZT 45A<br \/>\nMotori: JM 1500W (max 3000W)<br \/>\nKorniza: Hekur<br \/>\nBateri: Acid 72V 20A<br \/>\nKoha e karkimit : 8 -10 Or\u00eb<br \/>\nShpejt\u00ebsia 50-60 kmh<br \/>\nDistanca Maksimale: 70-80 km (varesisht nga menyra e ngasjes)<br \/>\nK\u00ebndi i ngjitjes: \u226613\u00ba<br \/>\nKapaciteti i ngarkes\u00ebs: 120 kg<br \/>\nFrena e p\u00ebrparme: 220 mm disk<br \/>\nFrena e pasme: 180 mm<br \/>\nAmortizator\u00eb hidraulik\u00eb t\u00eb p\u00ebrparm\u00eb<br \/>\nGoma e p\u00ebrparme: 90-90-12inch<br \/>\nGoma e pasme: 90-90-12ich<br \/>\nRrota alumini<br \/>\nSet Jast\u00ebk<br \/>\nMat\u00ebsi Ekran me ngjyra instrument + NFC<br \/>\nMadh\u00ebsia e Motocikletes: 190,70,105<\/p>\n","protected":false},"excerpt":{"rendered":"<p>XHE4<\/p>\n","protected":false},"featured_media":9079,"comment_status":"closed","ping_status":"closed","template":"","meta":[],"product_brand":[],"product_cat":[118,185,187],"product_tag":[],"class_list":{"0":"post-9074","1":"product","2":"type-product","3":"status-publish","4":"has-post-thumbnail","6":"product_cat-aksesore","7":"product_cat-bicikletskuter-elektrik","8":"product_cat-skuter-elektrik","10":"first","11":"instock","12":"shipping-taxable","13":"purchasable","14":"product-type-simple"},"_links":{"self":[{"href":"https:\/\/www.metron-ks.com\/index.php?rest_route=\/wp\/v2\/product\/9074","targetHints":{"allow":["GET"]}}],"collection":[{"href":"https:\/\/www.metron-ks.com\/index.php?rest_route=\/wp\/v2\/product"}],"about":[{"href":"https:\/\/www.metron-ks.com\/index.php?rest_route=\/wp\/v2\/types\/product"}],"replies":[{"embeddable":true,"href":"https:\/\/www.metron-ks.com\/index.php?rest_route=%2Fwp%2Fv2%2Fcomments&post=9074"}],"wp:featuredmedia":[{"embeddable":true,"href":"https:\/\/www.metron-ks.com\/index.php?rest_route=\/wp\/v2\/media\/9079"}],"wp:attachment":[{"href":"https:\/\/www.metron-ks.com\/index.php?rest_route=%2Fwp%2Fv2%2Fmedia&parent=9074"}],"wp:term":[{"taxonomy":"product_brand","embeddable":true,"href":"https:\/\/www.metron-ks.com\/index.php?rest_route=%2Fwp%2Fv2%2Fproduct_brand&post=9074"},{"taxonomy":"product_cat","embeddable":true,"href":"https:\/\/www.metron-ks.com\/index.php?rest_route=%2Fwp%2Fv2%2Fproduct_cat&post=9074"},{"taxonomy":"product_tag","embeddable":true,"href":"https:\/\/www.metron-ks.com\/index.php?rest_route=%2Fwp%2Fv2%2Fproduct_tag&post=9074"}],"curies":[{"name":"wp","href":"https:\/\/api.w.org\/{rel}","templated":true}]}}