{"id":911,"date":"2023-03-06T22:24:28","date_gmt":"2023-03-06T22:24:28","guid":{"rendered":"https:\/\/www.metron-ks.com\/product\/mbeshtjelles-per-samsung-galaxy-tab-s8-ultra\/"},"modified":"2025-01-13T12:22:28","modified_gmt":"2025-01-13T12:22:28","slug":"mbeshtjelles-per-samsung-galaxy-tab-s8-ultra","status":"publish","type":"product","link":"https:\/\/www.metron-ks.com\/?product=mbeshtjelles-per-samsung-galaxy-tab-s8-ultra","title":{"rendered":"Mb\u00ebshtjell\u00ebs p\u00ebr Samsung Galaxy Tab S8, Ultra"},"content":{"rendered":"<p>Mb\u00ebshtilleni tabletin tuaj me nj\u00eb k\u00ebll\u00ebf t\u00eb hijshme sa elegant aq edhe t\u00eb p\u00ebrshtatsh\u00ebm.\u00a0Mund t\u00eb siguroheni gjithashtu q\u00eb S Pen t\u00eb q\u00ebndroj\u00eb i\u00a0karikuar, duke e vendosur n\u00eb mbajt\u00ebsen n\u00eb pjes\u00ebn e pasme.<\/p>\n<p>Pavar\u00ebsisht n\u00ebse jeni duke pushuar n\u00eb divan, thjesht\u00eb rregulloni ekranin p\u00ebr t\u00eb par\u00eb t\u00eb gjith\u00eb p\u00ebrmbajtjen tuaj t\u00eb preferuar me rehati t\u00eb shtuar.<\/p>\n<p>I mbushur me nj\u00eb shtres\u00eb antimikrobike n\u00eb sip\u00ebrfaqen e jashtme bllokon rritjen e mikrobeve p\u00ebr t\u00eb ndihmuar n\u00eb mbrojtjen kund\u00ebr 99,9% t\u00eb baktereve. K\u00ebshtu q\u00eb mund t\u00eb shqet\u00ebsoheni m\u00eb pak p\u00ebr mikrobet nd\u00ebrsa punoni ose luani.<\/p>\n<p>Dimensionet\u00a0326.8 x 219.6 x 11.7 mm<\/p>\n<p>Pesha 311g<\/p>\n","protected":false},"excerpt":{"rendered":"<p>Mb\u00ebshtjell\u00ebs p\u00ebr Samsung Galaxy Tab S8 Ultra.<\/p>\n","protected":false},"featured_media":2041,"comment_status":"closed","ping_status":"closed","template":"","meta":[],"product_brand":[],"product_cat":[113,56],"product_tag":[],"class_list":{"0":"post-911","1":"product","2":"type-product","3":"status-publish","4":"has-post-thumbnail","6":"product_cat-celulartabletnavigim","7":"product_cat-mbeshtjelles","9":"first","10":"instock","11":"shipping-taxable","12":"purchasable","13":"product-type-simple"},"_links":{"self":[{"href":"https:\/\/www.metron-ks.com\/index.php?rest_route=\/wp\/v2\/product\/911","targetHints":{"allow":["GET"]}}],"collection":[{"href":"https:\/\/www.metron-ks.com\/index.php?rest_route=\/wp\/v2\/product"}],"about":[{"href":"https:\/\/www.metron-ks.com\/index.php?rest_route=\/wp\/v2\/types\/product"}],"replies":[{"embeddable":true,"href":"https:\/\/www.metron-ks.com\/index.php?rest_route=%2Fwp%2Fv2%2Fcomments&post=911"}],"wp:featuredmedia":[{"embeddable":true,"href":"https:\/\/www.metron-ks.com\/index.php?rest_route=\/wp\/v2\/media\/2041"}],"wp:attachment":[{"href":"https:\/\/www.metron-ks.com\/index.php?rest_route=%2Fwp%2Fv2%2Fmedia&parent=911"}],"wp:term":[{"taxonomy":"product_brand","embeddable":true,"href":"https:\/\/www.metron-ks.com\/index.php?rest_route=%2Fwp%2Fv2%2Fproduct_brand&post=911"},{"taxonomy":"product_cat","embeddable":true,"href":"https:\/\/www.metron-ks.com\/index.php?rest_route=%2Fwp%2Fv2%2Fproduct_cat&post=911"},{"taxonomy":"product_tag","embeddable":true,"href":"https:\/\/www.metron-ks.com\/index.php?rest_route=%2Fwp%2Fv2%2Fproduct_tag&post=911"}],"curies":[{"name":"wp","href":"https:\/\/api.w.org\/{rel}","templated":true}]}}