{"id":9466,"date":"2026-04-20T11:02:44","date_gmt":"2026-04-20T11:02:44","guid":{"rendered":"https:\/\/www.metron-ks.com\/?post_type=product&#038;p=9466"},"modified":"2026-04-20T11:09:48","modified_gmt":"2026-04-20T11:09:48","slug":"helmet-per-motociklete-zeze","status":"publish","type":"product","link":"https:\/\/www.metron-ks.com\/?product=helmet-per-motociklete-zeze","title":{"rendered":"Helmet p\u00ebr moto\u00e7iklet\u00eb, zez\u00eb"},"content":{"rendered":"<p>Helmet\u00eb open-face<br \/>\nVizor i madh transparent (me nuanc\u00eb pak t\u00eb err\u00ebt )<br \/>\nMbrojtje nga era, pluhuri dhe insektet.<br \/>\nNgjyr\u00eb e zez\u00eb<br \/>\nForm\u00eb aerodinamike, e rrumbullak\u00ebt.<br \/>\nMateriali polikarbonat<br \/>\nRrip sigurie me quick-release (klips) p\u00ebr vendosje t\u00eb shpejt\u00eb.<br \/>\nIdeale p\u00ebr skuter \/ motor urban<\/p>\n","protected":false},"excerpt":{"rendered":"<p>Helmet\u00eb open-face Vizor i madh transparent (me nuanc\u00eb pak t\u00eb err\u00ebt ) Mbrojtje nga era, pluhuri dhe insektet. Ngjyr\u00eb e zez\u00eb Form\u00eb aerodinamike, e rrumbullak\u00ebt. Materiali polikarbonat Rrip sigurie me&#8230;<\/p>\n","protected":false},"featured_media":9469,"comment_status":"closed","ping_status":"closed","template":"","meta":[],"product_brand":[],"product_cat":[118,185,222],"product_tag":[],"class_list":{"0":"post-9466","1":"product","2":"type-product","3":"status-publish","4":"has-post-thumbnail","6":"product_cat-aksesore","7":"product_cat-bicikletskuter-elektrik","8":"product_cat-helmeta","10":"first","11":"instock","12":"shipping-taxable","13":"purchasable","14":"product-type-simple"},"_links":{"self":[{"href":"https:\/\/www.metron-ks.com\/index.php?rest_route=\/wp\/v2\/product\/9466","targetHints":{"allow":["GET"]}}],"collection":[{"href":"https:\/\/www.metron-ks.com\/index.php?rest_route=\/wp\/v2\/product"}],"about":[{"href":"https:\/\/www.metron-ks.com\/index.php?rest_route=\/wp\/v2\/types\/product"}],"replies":[{"embeddable":true,"href":"https:\/\/www.metron-ks.com\/index.php?rest_route=%2Fwp%2Fv2%2Fcomments&post=9466"}],"wp:featuredmedia":[{"embeddable":true,"href":"https:\/\/www.metron-ks.com\/index.php?rest_route=\/wp\/v2\/media\/9469"}],"wp:attachment":[{"href":"https:\/\/www.metron-ks.com\/index.php?rest_route=%2Fwp%2Fv2%2Fmedia&parent=9466"}],"wp:term":[{"taxonomy":"product_brand","embeddable":true,"href":"https:\/\/www.metron-ks.com\/index.php?rest_route=%2Fwp%2Fv2%2Fproduct_brand&post=9466"},{"taxonomy":"product_cat","embeddable":true,"href":"https:\/\/www.metron-ks.com\/index.php?rest_route=%2Fwp%2Fv2%2Fproduct_cat&post=9466"},{"taxonomy":"product_tag","embeddable":true,"href":"https:\/\/www.metron-ks.com\/index.php?rest_route=%2Fwp%2Fv2%2Fproduct_tag&post=9466"}],"curies":[{"name":"wp","href":"https:\/\/api.w.org\/{rel}","templated":true}]}}