{"id":957,"date":"2023-03-06T22:24:49","date_gmt":"2023-03-06T22:24:49","guid":{"rendered":"https:\/\/www.metron-ks.com\/product\/ndares-manhattan-207706-4k-compact-4-port-hdmi\/"},"modified":"2025-01-10T08:30:48","modified_gmt":"2025-01-10T08:30:48","slug":"ndares-manhattan-207706-4k-compact-4-port-hdmi","status":"publish","type":"product","link":"https:\/\/www.metron-ks.com\/?product=ndares-manhattan-207706-4k-compact-4-port-hdmi","title":{"rendered":"Ndar\u00ebs Manhattan 207706 4K Compact, 4-Port HDMI"},"content":{"rendered":"<p>Shp\u00ebrndani me leht\u00ebsi nj\u00eb sinjal t\u00eb vet\u00ebm Ultra-High-Definition (UHD) n\u00eb ekrane t\u00eb shumta.<br \/>\nNdar\u00ebsi HDMI 4K\u00a0i Manhattan me p\u00ebrforcues t\u00eb integruar transmeton nj\u00eb sinjal HDMI 4K nga nj\u00eb burim i vet\u00ebm UHD deri n\u00eb kat\u00ebr ekrane UHD.<br \/>\nCil\u00ebsia m\u00eb e mir\u00eb e mundshme e imazhit dhe instalimi i leht\u00eb.<br \/>\nPajtueshm\u00ebria e plot\u00eb me HDMI dhe HDCP 1.4 siguron q\u00eb ndar\u00ebsi HDMI\u00a04K i Manhattan nuk ofron asgj\u00eb m\u00eb pak se performanca dhe besueshm\u00ebria me cil\u00ebsi t\u00eb lart\u00eb. Ai jep rezolucion kinematografik 4K dhe mb\u00ebshtet video 3D, Deep Color, si dhe audio LPCM, DTS dhe Dolby TrueHD.Nuk k\u00ebrkohet konfigurim softueri ose hardueri ose cil\u00ebsime t\u00eb nd\u00ebrlikuara.<\/p>\n<ul>\n<li>Rezolucioni 4K@30Hz, video e plot\u00eb 3D dhe Deep Color;<\/li>\n<li>Mb\u00ebshtet bandwidth t\u00eb videos deri n\u00eb 340 MHz dhe 3,4 Gbps p\u00ebr kanal (10,2 Gbps n\u00eb total) p\u00ebr ekranet 4Kx2K;<\/li>\n<li>Mb\u00ebshtet 36-bit ngjyra t\u00eb thella (12-bit p\u00ebr kanal) dhe hap\u00ebsir\u00ebn e ngjyrave sYCC;<\/li>\n<li>Mb\u00ebshtet audio t\u00eb kompresuar DTS-HD Master, Surround Sound 7.1, Dolby TrueHD dhe audio t\u00eb pakompresuar LPCM me 8 kanale;<\/li>\n<li>N\u00eb p\u00ebrputhje me HDCP;<\/li>\n<li>Ndar\u00ebsit\u00a0e\u00a0shumt\u00eb\u00a0(gjithsej pes\u00eb) mund t\u00eb kaskadohen p\u00ebr t\u00eb mb\u00ebshtetur 16 ekrane 4K;<\/li>\n<li>Punon me sistemet e loj\u00ebrave PlayStation dhe Xbox, lojtar\u00ebt Blu-ray, set-top boxes, marr\u00ebs satelitor dhe m\u00eb shum\u00eb;<\/li>\n<li>Plug and Play;<\/li>\n<li>Konektor\u00a0t\u00eb veshura me ar p\u00ebr lidhje pa korrozion.<\/li>\n<li>Gjatesia nga burimi n\u00eb ndar\u00ebs dhe nga ndar\u00ebsi n\u00eb ekran: deri n\u00eb 15m (49 ft.);<\/li>\n<li>Furnizimi: 5 VDC \/ 1 A; 70cm (2,3 ft.);<\/li>\n<li>Konsumi i energjis\u00eb: 5W;<\/li>\n<\/ul>\n<p>Rezolucionet e mb\u00ebshtetura t\u00eb videove:<\/p>\n<ul>\n<li>DTV\/HDTV: 480i\/480p\/576i\/576p\/720p\/1080i\/1080p\/4K@30Hz<\/li>\n<\/ul>\n<p>Standardet dhe \u00e7ertifikatat:<\/p>\n<ul>\n<li>HDCP 1.4;<\/li>\n<li>CTS 1.4b;<\/li>\n<li>CE;<\/li>\n<li>FCC;<\/li>\n<li>RoHS2.<\/li>\n<\/ul>\n","protected":false},"excerpt":{"rendered":"<p>Ndar\u00ebs Manhattan 207706 4K Compact, 4-Port HDMI<\/p>\n","protected":false},"featured_media":1903,"comment_status":"closed","ping_status":"closed","template":"","meta":[],"product_brand":[],"product_cat":[118,148,138],"product_tag":[],"class_list":{"0":"post-957","1":"product","2":"type-product","3":"status-publish","4":"has-post-thumbnail","6":"product_cat-aksesore","7":"product_cat-splitter","8":"product_cat-tv","10":"first","11":"instock","12":"shipping-taxable","13":"purchasable","14":"product-type-simple"},"_links":{"self":[{"href":"https:\/\/www.metron-ks.com\/index.php?rest_route=\/wp\/v2\/product\/957","targetHints":{"allow":["GET"]}}],"collection":[{"href":"https:\/\/www.metron-ks.com\/index.php?rest_route=\/wp\/v2\/product"}],"about":[{"href":"https:\/\/www.metron-ks.com\/index.php?rest_route=\/wp\/v2\/types\/product"}],"replies":[{"embeddable":true,"href":"https:\/\/www.metron-ks.com\/index.php?rest_route=%2Fwp%2Fv2%2Fcomments&post=957"}],"wp:featuredmedia":[{"embeddable":true,"href":"https:\/\/www.metron-ks.com\/index.php?rest_route=\/wp\/v2\/media\/1903"}],"wp:attachment":[{"href":"https:\/\/www.metron-ks.com\/index.php?rest_route=%2Fwp%2Fv2%2Fmedia&parent=957"}],"wp:term":[{"taxonomy":"product_brand","embeddable":true,"href":"https:\/\/www.metron-ks.com\/index.php?rest_route=%2Fwp%2Fv2%2Fproduct_brand&post=957"},{"taxonomy":"product_cat","embeddable":true,"href":"https:\/\/www.metron-ks.com\/index.php?rest_route=%2Fwp%2Fv2%2Fproduct_cat&post=957"},{"taxonomy":"product_tag","embeddable":true,"href":"https:\/\/www.metron-ks.com\/index.php?rest_route=%2Fwp%2Fv2%2Fproduct_tag&post=957"}],"curies":[{"name":"wp","href":"https:\/\/api.w.org\/{rel}","templated":true}]}}