{"id":9578,"date":"2026-04-21T14:29:18","date_gmt":"2026-04-21T14:29:18","guid":{"rendered":"https:\/\/www.metron-ks.com\/?post_type=product&#038;p=9578"},"modified":"2026-04-21T14:29:19","modified_gmt":"2026-04-21T14:29:19","slug":"kufje-hama-bluetooth-spirit-open","status":"publish","type":"product","link":"https:\/\/www.metron-ks.com\/?product=kufje-hama-bluetooth-spirit-open","title":{"rendered":"Kufje Hama Bluetooth &#8220;Spirit Open&#8221;"},"content":{"rendered":"<p><strong>Rezistent ndaj sp\u00ebrkatjeve sipas IPX4<\/strong><br \/>\nRezistent ndaj sp\u00ebrkatjeve sipas IPX4 p\u00ebr mbrojtje nga lag\u00ebshtia dhe papast\u00ebrtia<\/p>\n<p><strong>Mikrofon i integruar<\/strong><br \/>\nFal\u00eb mikrofonit t\u00eb integruar, mund t\u00eb kaloni leht\u00ebsisht midis muzik\u00ebs dhe thirrjeve. Kjo do t\u00eb thot\u00eb q\u00eb nuk do t\u00eb humbisni kurr\u00eb nj\u00eb thirrje nd\u00ebrsa d\u00ebgjoni muzik\u00eb.<\/p>\n<p><strong>Ndezje dhe \u00e7ift\u00ebzim automatik<\/strong><br \/>\nKur hapni kutin\u00eb e karikimit, t\u00eb dy kufjet aktivizohen automatikisht dhe lidhen me nj\u00ebra-tjetr\u00ebn dhe me telefonin tuaj.<\/p>\n<p><strong>Qasje direkte n\u00eb Siri dhe Google Assistant<\/strong><br \/>\nMb\u00ebshtet asistent\u00ebt ekzistues zanor\u00eb Siri dhe Google Assistant.<\/p>\n<p><strong>Anulimi i Zhurm\u00ebs Mjedisore (ENC)<\/strong><br \/>\nKufjet Bluetooth me anulim zhurmash ENC filtrojn\u00eb zhurm\u00ebn shkat\u00ebrruese t\u00eb ambientit direkt n\u00eb mikrofon &#8211; z\u00ebri juaj vjen kristal i qart\u00eb.<\/p>\n<p><strong>Kontroll Aplikacioni<\/strong><br \/>\nKontroll i p\u00ebrshtatsh\u00ebm aplikacioni n\u00ebp\u00ebrmjet &#8220;Hama Home&#8221;: p.sh., aktivizimi i ekualizuesit, p\u00ebrdorimi i funksionit Find-It, komandat me prekje, ndryshimi i emrit ose kontrollimi i nivelit t\u00eb bateris\u00eb s\u00eb secil\u00ebs kufje n\u00eb p\u00ebrqindje.<\/p>\n<p><strong>Kontroll me prekje<\/strong><br \/>\nSensori me prekje mund\u00ebson funksionim intuitiv pa pasur nevoj\u00eb t\u00eb nxirrni telefonin nga xhepi, p.sh. muzike (play\/pause), p\u00ebrgjigje\/refuzim thirrjesh.<\/p>\n<p><strong>10 modalitete ekualizuesi<\/strong><br \/>\nK\u00ebto kufje pa tel me nj\u00eb total prej 9 modalitetesh ekualizuesi shfaqin n\u00eb m\u00ebnyr\u00eb t\u00eb p\u00ebrsosur tingullin tuaj t\u00eb preferuar, plus 1 profil shtes\u00eb t\u00eb personalizuesh\u00ebm.<\/p>\n<p><strong>Ekran LED me 4 faza<\/strong><br \/>\nNj\u00eb tregues LED me 4 faza n\u00eb kutin\u00eb e karikimit tregon nivelin aktual t\u00eb karikimit &#8211; ndizet shkurtimisht kur hapet dhe mbyllet.<\/p>\n<p><strong>Jet\u00ebgjat\u00ebsi baterie 18 or\u00eb<\/strong><br \/>\nQoft\u00eb muzik\u00eb, podkaste apo biseda &#8211; me 18 or\u00eb jet\u00ebgjat\u00ebsi baterie fal\u00eb kutis\u00eb s\u00eb karikimit mund t&#8217;i d\u00ebgjoni albumet tuaja t\u00eb preferuara vazhdimisht.<\/p>\n<p><strong>Specifikat<\/strong><\/p>\n<p>Versioni Bluetooth: 5.3<br \/>\nShtrirja frekuenc\u00ebs: 2402-2480MHz<br \/>\nShtrirja e frekuenc\u00ebs s\u00eb kufjeve: 80 Hz &#8211; 15 kHz<br \/>\nShtrirja e frekuenc\u00ebs s\u00eb mikrofonit: 20 Hz &#8211; 3 kHz<br \/>\nImpedanca e kufjeve: 16 \u03a9<br \/>\nImpedanca e mikrofonit: 300 \u03a9<br \/>\nDistanca e transmetimit: 10 m<br \/>\nKoha mesatare e karikimit n\u00eb or\u00eb: 2 or\u00eb<br \/>\nPort\u00eb USB-C<br \/>\nDiametri i altoparlantit: 15 mm<br \/>\nPesha: 90 g<br \/>\nNdjeshm\u00ebria e kufjeve: 121 dB<br \/>\nNdjeshm\u00ebria e mikrofonit: -38 dB +\/- 3 dB<br \/>\nKoha maksimale e bised\u00ebs: 18 or\u00eb<br \/>\nKoha maksimale e muzik\u00ebs: 18 or\u00eb<br \/>\nPeriudha maksimale e gatishm\u00ebris\u00eb: 150 or\u00eb<br \/>\nMikrofoni i integruar<br \/>\nMikrofon: Shum\u00ebdrejtim\u00ebsh<br \/>\nProfilet e mb\u00ebshtetura Bluetooth: A2DP, AVRCP ,HFP<br \/>\nFunksione shtes\u00eb: True Wireless<\/p>\n","protected":false},"excerpt":{"rendered":"<p>184091<\/p>\n","protected":false},"featured_media":9589,"comment_status":"closed","ping_status":"closed","template":"","meta":[],"product_brand":[],"product_cat":[118,113,168],"product_tag":[],"class_list":{"0":"post-9578","1":"product","2":"type-product","3":"status-publish","4":"has-post-thumbnail","6":"product_cat-aksesore","7":"product_cat-celulartabletnavigim","8":"product_cat-kufje-celulartabletnavigim","10":"first","11":"instock","12":"shipping-taxable","13":"purchasable","14":"product-type-simple"},"_links":{"self":[{"href":"https:\/\/www.metron-ks.com\/index.php?rest_route=\/wp\/v2\/product\/9578","targetHints":{"allow":["GET"]}}],"collection":[{"href":"https:\/\/www.metron-ks.com\/index.php?rest_route=\/wp\/v2\/product"}],"about":[{"href":"https:\/\/www.metron-ks.com\/index.php?rest_route=\/wp\/v2\/types\/product"}],"replies":[{"embeddable":true,"href":"https:\/\/www.metron-ks.com\/index.php?rest_route=%2Fwp%2Fv2%2Fcomments&post=9578"}],"wp:featuredmedia":[{"embeddable":true,"href":"https:\/\/www.metron-ks.com\/index.php?rest_route=\/wp\/v2\/media\/9589"}],"wp:attachment":[{"href":"https:\/\/www.metron-ks.com\/index.php?rest_route=%2Fwp%2Fv2%2Fmedia&parent=9578"}],"wp:term":[{"taxonomy":"product_brand","embeddable":true,"href":"https:\/\/www.metron-ks.com\/index.php?rest_route=%2Fwp%2Fv2%2Fproduct_brand&post=9578"},{"taxonomy":"product_cat","embeddable":true,"href":"https:\/\/www.metron-ks.com\/index.php?rest_route=%2Fwp%2Fv2%2Fproduct_cat&post=9578"},{"taxonomy":"product_tag","embeddable":true,"href":"https:\/\/www.metron-ks.com\/index.php?rest_route=%2Fwp%2Fv2%2Fproduct_tag&post=9578"}],"curies":[{"name":"wp","href":"https:\/\/api.w.org\/{rel}","templated":true}]}}